{"id":2,"date":"2024-02-27T20:47:12","date_gmt":"2024-02-27T20:47:12","guid":{"rendered":"https:\/\/promociondeeventos.sld.cu\/virologia2024\/?page_id=2"},"modified":"2024-03-15T12:36:32","modified_gmt":"2024-03-15T12:36:32","slug":"pagina-ejemplo","status":"publish","type":"page","link":"https:\/\/promociondeeventos.sld.cu\/virologia2024\/","title":{"rendered":"Convocatoria"},"content":{"rendered":"<p><span style=\"text-decoration: underline;color: #ff0000\"><strong>CIERRE DE INSCRIPCIONES:<\/strong><\/span><\/p>\n<p><span style=\"text-decoration: underline;color: #ff0000\"><strong>VIERNES 15 DE MARZO 2024<\/strong><\/span><\/p>\n<p>&nbsp;<\/p>\n<p>El Taller proporcionar\u00e1 un foro para el intercambio de ideas y discusi\u00f3n de los conocimientos m\u00e1s actualizados sobre las infecciones virales emergentes y re-emergentes, su impacto a escala global, regional y nacional. Estos tres d\u00edas de conferencias reunir\u00e1n a vir\u00f3logos, cl\u00ednicos, epidemi\u00f3logos, bi\u00f3logos moleculares, inmun\u00f3logos y expertos de la industria para tratar temas novedosos, retos actuales y la direcci\u00f3n futura de la investigaci\u00f3n b\u00e1sica y cl\u00ednica sobre enfermedades virales emergentes y re-emergentes de importancia m\u00e9dica. Se har\u00e1 un aparte especial en Covid-19. La discusi\u00f3n oportuna de t\u00f3picos por cient\u00edficos de renombre garantizar\u00e1 que el taller sea informativo e interesante.<\/p>\n","protected":false},"excerpt":{"rendered":"<p>CIERRE DE INSCRIPCIONES: VIERNES 15 DE MARZO 2024 &nbsp; El Taller proporcionar\u00e1 un foro para el intercambio de ideas y discusi\u00f3n de los conocimientos m\u00e1s actualizados sobre las infecciones virales emergentes y re-emergentes, su impacto a escala global, regional y nacional. Estos tres d\u00edas de conferencias reunir\u00e1n a vir\u00f3logos, cl\u00ednicos, epidemi\u00f3logos, bi\u00f3logos moleculares, inmun\u00f3logos y [&hellip;]<\/p>\n","protected":false},"author":3257,"featured_media":0,"parent":0,"menu_order":0,"comment_status":"closed","ping_status":"open","template":"","meta":[],"_links":{"self":[{"href":"https:\/\/promociondeeventos.sld.cu\/virologia2024\/wp-json\/wp\/v2\/pages\/2"}],"collection":[{"href":"https:\/\/promociondeeventos.sld.cu\/virologia2024\/wp-json\/wp\/v2\/pages"}],"about":[{"href":"https:\/\/promociondeeventos.sld.cu\/virologia2024\/wp-json\/wp\/v2\/types\/page"}],"author":[{"embeddable":true,"href":"https:\/\/promociondeeventos.sld.cu\/virologia2024\/wp-json\/wp\/v2\/users\/3257"}],"replies":[{"embeddable":true,"href":"https:\/\/promociondeeventos.sld.cu\/virologia2024\/wp-json\/wp\/v2\/comments?post=2"}],"version-history":[{"count":5,"href":"https:\/\/promociondeeventos.sld.cu\/virologia2024\/wp-json\/wp\/v2\/pages\/2\/revisions"}],"predecessor-version":[{"id":71,"href":"https:\/\/promociondeeventos.sld.cu\/virologia2024\/wp-json\/wp\/v2\/pages\/2\/revisions\/71"}],"wp:attachment":[{"href":"https:\/\/promociondeeventos.sld.cu\/virologia2024\/wp-json\/wp\/v2\/media?parent=2"}],"curies":[{"name":"wp","href":"https:\/\/api.w.org\/{rel}","templated":true}]}}