{"id":13,"date":"2024-02-27T21:01:09","date_gmt":"2024-02-27T21:01:09","guid":{"rendered":"https:\/\/promociondeeventos.sld.cu\/virologia2024\/?page_id=13"},"modified":"2024-02-27T21:01:16","modified_gmt":"2024-02-27T21:01:16","slug":"tematicas","status":"publish","type":"page","link":"https:\/\/promociondeeventos.sld.cu\/virologia2024\/tematicas\/","title":{"rendered":"Tem\u00e1ticas:"},"content":{"rendered":"<ul>\n<li>Principales virosis emergentes y re-emergentes.<\/li>\n<li>Zoonosis con potencial emergente en humanos.<\/li>\n<li>Caracter\u00edsticas cl\u00ednicas y epidemiol\u00f3gicas de las principales enfermedades virales emergentes y re-emergentes.<\/li>\n<li>Tecnolog\u00eda de avanzada en el manejo de enfermedades emergentes.<\/li>\n<li>Covid 19.<\/li>\n<\/ul>\n","protected":false},"excerpt":{"rendered":"<p>Principales virosis emergentes y re-emergentes. Zoonosis con potencial emergente en humanos. Caracter\u00edsticas cl\u00ednicas y epidemiol\u00f3gicas de las principales enfermedades virales emergentes y re-emergentes. Tecnolog\u00eda de avanzada en el manejo de enfermedades emergentes. Covid 19.<\/p>\n","protected":false},"author":4,"featured_media":0,"parent":0,"menu_order":0,"comment_status":"closed","ping_status":"closed","template":"","meta":[],"_links":{"self":[{"href":"https:\/\/promociondeeventos.sld.cu\/virologia2024\/wp-json\/wp\/v2\/pages\/13"}],"collection":[{"href":"https:\/\/promociondeeventos.sld.cu\/virologia2024\/wp-json\/wp\/v2\/pages"}],"about":[{"href":"https:\/\/promociondeeventos.sld.cu\/virologia2024\/wp-json\/wp\/v2\/types\/page"}],"author":[{"embeddable":true,"href":"https:\/\/promociondeeventos.sld.cu\/virologia2024\/wp-json\/wp\/v2\/users\/4"}],"replies":[{"embeddable":true,"href":"https:\/\/promociondeeventos.sld.cu\/virologia2024\/wp-json\/wp\/v2\/comments?post=13"}],"version-history":[{"count":1,"href":"https:\/\/promociondeeventos.sld.cu\/virologia2024\/wp-json\/wp\/v2\/pages\/13\/revisions"}],"predecessor-version":[{"id":14,"href":"https:\/\/promociondeeventos.sld.cu\/virologia2024\/wp-json\/wp\/v2\/pages\/13\/revisions\/14"}],"wp:attachment":[{"href":"https:\/\/promociondeeventos.sld.cu\/virologia2024\/wp-json\/wp\/v2\/media?parent=13"}],"curies":[{"name":"wp","href":"https:\/\/api.w.org\/{rel}","templated":true}]}}