{"id":7,"date":"2024-04-16T16:16:44","date_gmt":"2024-04-16T16:16:44","guid":{"rendered":"https:\/\/promociondeeventos.sld.cu\/vigilanciagenomica\/?page_id=7"},"modified":"2024-04-17T13:23:07","modified_gmt":"2024-04-17T13:23:07","slug":"comite-cientifico","status":"publish","type":"page","link":"https:\/\/promociondeeventos.sld.cu\/vigilanciagenomica\/comite-cientifico\/","title":{"rendered":"Comit\u00e9 cient\u00edfico"},"content":{"rendered":"<p>Presidente:<\/p>\n<p>Prof. Adalberto \u00c1guila S\u00e1nchez MsC, Investigador Auxiliar, Profesor Auxiliar; IPK <a href=\"mailto:adalberto@ipk.sld.cu\" target=\"_blank\" rel=\"noopener\">adalberto@ipk.sld.cu<\/a><\/p>\n<p>Vicepresidente:<\/p>\n<p>Prof. Anabel Fernandez Abreu; Dr Cs., Investigador Auxiliar, Profesor Auxiliar; IPK a<a href=\"mailto:nabel@ipk.sld.cu\" target=\"_blank\" rel=\"noopener\">nabel@ipk.sld.cu<\/a><\/p>\n<p>Miembros:<\/p>\n<p>Prof. Vivian Kour\u00ed; Dr Cs., Investigador Titular, Profesor Titular; IPK <a href=\"mailto:vkouri@ipk.sld.cu\" target=\"_blank\" rel=\"noopener\">vkouri@ipk.sld.cu<\/a><br \/>\nProf. Mar\u00eda Guadalupe Guzm\u00e1n; Dr Cs., Investigador Titular, Profesor Titular; IPK <a href=\"mailto:lupe@ipk.sld.cu\" target=\"_blank\" rel=\"noopener\">lupe@ipk.sld.cu<\/a><\/p>\n","protected":false},"excerpt":{"rendered":"<p>Presidente: Prof. Adalberto \u00c1guila S\u00e1nchez MsC, Investigador Auxiliar, Profesor Auxiliar; IPK adalberto@ipk.sld.cu Vicepresidente: Prof. Anabel Fernandez Abreu; Dr Cs., Investigador Auxiliar, Profesor Auxiliar; IPK anabel@ipk.sld.cu Miembros: Prof. Vivian Kour\u00ed; Dr Cs., Investigador Titular, Profesor Titular; IPK vkouri@ipk.sld.cu Prof. Mar\u00eda Guadalupe Guzm\u00e1n; Dr Cs., Investigador Titular, Profesor Titular; IPK lupe@ipk.sld.cu<\/p>\n","protected":false},"author":3262,"featured_media":0,"parent":0,"menu_order":0,"comment_status":"closed","ping_status":"closed","template":"","meta":[],"_links":{"self":[{"href":"https:\/\/promociondeeventos.sld.cu\/vigilanciagenomica\/wp-json\/wp\/v2\/pages\/7"}],"collection":[{"href":"https:\/\/promociondeeventos.sld.cu\/vigilanciagenomica\/wp-json\/wp\/v2\/pages"}],"about":[{"href":"https:\/\/promociondeeventos.sld.cu\/vigilanciagenomica\/wp-json\/wp\/v2\/types\/page"}],"author":[{"embeddable":true,"href":"https:\/\/promociondeeventos.sld.cu\/vigilanciagenomica\/wp-json\/wp\/v2\/users\/3262"}],"replies":[{"embeddable":true,"href":"https:\/\/promociondeeventos.sld.cu\/vigilanciagenomica\/wp-json\/wp\/v2\/comments?post=7"}],"version-history":[{"count":4,"href":"https:\/\/promociondeeventos.sld.cu\/vigilanciagenomica\/wp-json\/wp\/v2\/pages\/7\/revisions"}],"predecessor-version":[{"id":26,"href":"https:\/\/promociondeeventos.sld.cu\/vigilanciagenomica\/wp-json\/wp\/v2\/pages\/7\/revisions\/26"}],"wp:attachment":[{"href":"https:\/\/promociondeeventos.sld.cu\/vigilanciagenomica\/wp-json\/wp\/v2\/media?parent=7"}],"curies":[{"name":"wp","href":"https:\/\/api.w.org\/{rel}","templated":true}]}}

Comité científico

<p>Presidente:</p>
<p>Prof. Adalberto Águila Sánchez MsC, Investigador Auxiliar, Profesor Auxiliar; IPK <a href="mailto:adalberto@ipk.sld.cu" target="_blank" rel="noopener">adalberto@ipk.sld.cu</a></p>
<p>Vicepresidente:</p>
<p>Prof. Anabel Fernandez Abreu; Dr Cs., Investigador Auxiliar, Profesor Auxiliar; IPK a<a href="mailto:nabel@ipk.sld.cu" target="_blank" rel="noopener">nabel@ipk.sld.cu</a></p>
<p>Miembros:</p>
<p>Prof. Vivian Kourí; Dr Cs., Investigador Titular, Profesor Titular; IPK <a href="mailto:vkouri@ipk.sld.cu" target="_blank" rel="noopener">vkouri@ipk.sld.cu</a><br />
Prof. María Guadalupe Guzmán; Dr Cs., Investigador Titular, Profesor Titular; IPK <a href="mailto:lupe@ipk.sld.cu" target="_blank" rel="noopener">lupe@ipk.sld.cu</a></p>

<p>Presidente: Prof. Adalberto Águila Sánchez MsC, Investigador Auxiliar, Profesor Auxiliar; IPK adalberto@ipk.sld.cu Vicepresidente: Prof. Anabel Fernandez Abreu; Dr Cs., Investigador Auxiliar, Profesor Auxiliar; IPK anabel@ipk.sld.cu Miembros: Prof. Vivian Kourí; Dr Cs., Investigador Titular, Profesor Titular; IPK vkouri@ipk.sld.cu Prof. María Guadalupe Guzmán; Dr Cs., Investigador Titular, Profesor Titular; IPK lupe@ipk.sld.cu</p>
