{"id":40,"date":"2020-01-13T17:57:41","date_gmt":"2020-01-13T17:57:41","guid":{"rendered":"http:\/\/promociondeeventos.sld.cu\/videosalud2008\/?page_id=40"},"modified":"2020-02-20T20:37:00","modified_gmt":"2020-02-20T20:37:00","slug":"personalidades-confirmadas","status":"publish","type":"page","link":"https:\/\/promociondeeventos.sld.cu\/videosalud2008\/personalidades-confirmadas\/","title":{"rendered":"Personalidades confirmadas"},"content":{"rendered":"<div class=\"plain\">\n<p>&#8211;<a href=\"http:\/\/promociondeeventos.sld.cu\/videosalud2008\/files\/2020\/01\/S\u00edntesis-curricular-de-Gerardo-Ojeda-Casta\u00f1eda.docx\">S\u00edntesis curricular de Gerardo Ojeda Casta\u00f1eda<\/a>, Espa\u00f1a<br \/>\n&#8211;<a href=\"http:\/\/promociondeeventos.sld.cu\/videosalud2008\/files\/2020\/01\/Dr-Iv\u00e1n-Barreto.docx\">Dr Iv\u00e1n Barreto<\/a>, Cuba<br \/>\n<a href=\"http:\/\/promociondeeventos.sld.cu\/videosalud2008\/files\/2020\/01\/Pierre-Jamart.docx\">-Pierre Jamart<\/a>, B\u00e9lgica-representante del Prof. Jean de Leval, Departamento de Urolog\u00ed\u00ada, Chu de Liege, B\u00e9lgica<br \/>\n&#8211;<a href=\"http:\/\/promociondeeventos.sld.cu\/videosalud2008\/files\/2020\/01\/Profesor-Alessandro-G.docx\">Profesor Alessandro G<\/a>, Italia<br \/>\n&#8211;<a href=\"http:\/\/promociondeeventos.sld.cu\/videosalud2008\/files\/2020\/01\/Profesor-Jaap-Klein.docx\">Profesor Jaap Klein<\/a>, Holanda<br \/>\n-Julio Takayama, Brasil<br \/>\n&#8211;<a href=\"http:\/\/promociondeeventos.sld.cu\/videosalud2008\/files\/2020\/01\/Irma-Luisa-Attme-de-Ceballos.docx\">Irma Luisa Attme de Ceballos<\/a>, Argentina<\/p>\n<\/div>\n<p><!--more--><\/p>\n","protected":false},"excerpt":{"rendered":"<p>&#8211;S\u00edntesis curricular de Gerardo Ojeda Casta\u00f1eda, Espa\u00f1a &#8211;Dr Iv\u00e1n Barreto, Cuba -Pierre Jamart, B\u00e9lgica-representante del Prof. Jean de Leval, Departamento de Urolog\u00ed\u00ada, Chu de Liege, B\u00e9lgica &#8211;Profesor Alessandro G, Italia &#8211;Profesor Jaap Klein, Holanda -Julio Takayama, Brasil &#8211;Irma Luisa Attme de Ceballos, Argentina<\/p>\n","protected":false},"author":3205,"featured_media":0,"parent":0,"menu_order":0,"comment_status":"closed","ping_status":"open","template":"","meta":[],"_links":{"self":[{"href":"https:\/\/promociondeeventos.sld.cu\/videosalud2008\/wp-json\/wp\/v2\/pages\/40"}],"collection":[{"href":"https:\/\/promociondeeventos.sld.cu\/videosalud2008\/wp-json\/wp\/v2\/pages"}],"about":[{"href":"https:\/\/promociondeeventos.sld.cu\/videosalud2008\/wp-json\/wp\/v2\/types\/page"}],"author":[{"embeddable":true,"href":"https:\/\/promociondeeventos.sld.cu\/videosalud2008\/wp-json\/wp\/v2\/users\/3205"}],"replies":[{"embeddable":true,"href":"https:\/\/promociondeeventos.sld.cu\/videosalud2008\/wp-json\/wp\/v2\/comments?post=40"}],"version-history":[{"count":9,"href":"https:\/\/promociondeeventos.sld.cu\/videosalud2008\/wp-json\/wp\/v2\/pages\/40\/revisions"}],"predecessor-version":[{"id":436,"href":"https:\/\/promociondeeventos.sld.cu\/videosalud2008\/wp-json\/wp\/v2\/pages\/40\/revisions\/436"}],"wp:attachment":[{"href":"https:\/\/promociondeeventos.sld.cu\/videosalud2008\/wp-json\/wp\/v2\/media?parent=40"}],"curies":[{"name":"wp","href":"https:\/\/api.w.org\/{rel}","templated":true}]}}