{"id":21,"date":"2020-01-13T17:35:37","date_gmt":"2020-01-13T17:35:37","guid":{"rendered":"http:\/\/promociondeeventos.sld.cu\/videosalud2008\/?page_id=21"},"modified":"2020-02-20T21:10:30","modified_gmt":"2020-02-20T21:10:30","slug":"programa-cientifico","status":"publish","type":"page","link":"https:\/\/promociondeeventos.sld.cu\/videosalud2008\/programa-cientifico\/","title":{"rendered":"Programa cient\u00edfico"},"content":{"rendered":"<p><a href=\"http:\/\/promociondeeventos.sld.cu\/videosalud2008\/files\/2020\/01\/Programa-cient\u00edfico.docx\">Programa cient\u00edfico<\/a><\/p>\n<p><strong>Acreditaci\u00f3n<\/strong><br \/>\nCentro Cultural Cinematogr\u00e1fico ICAIC, calle 23 No. 1166, entre 10 y 12, Vedado, La Habana<br \/>\n<strong>I<\/strong><strong>nauguraci\u00f3n y clausura<\/strong><br \/>\nCine 23 y 12, Vedado, La Habana<\/p>\n<p><strong>Sedes de las muestras<\/strong><\/p>\n<ul>\n<li>Centro Cultural Cinematogr\u00e1fico ICAIC, calle 23 No. 1166, entre 10 y 12, Vedado, La Habana<\/li>\n<\/ul>\n<ul>\n<li>Sala de video Charlot, calle 23 entre 10 y 12, Vedado, La Habana<\/li>\n<\/ul>\n<p>&nbsp;<\/p>\n<p>&nbsp;<\/p>\n","protected":false},"excerpt":{"rendered":"<p>Programa cient\u00edfico Acreditaci\u00f3n Centro Cultural Cinematogr\u00e1fico ICAIC, calle 23 No. 1166, entre 10 y 12, Vedado, La Habana Inauguraci\u00f3n y clausura Cine 23 y 12, Vedado, La Habana Sedes de las muestras Centro Cultural Cinematogr\u00e1fico ICAIC, calle 23 No. 1166, entre 10 y 12, Vedado, La Habana Sala de video Charlot, calle 23 entre 10 [&hellip;]<\/p>\n","protected":false},"author":3205,"featured_media":0,"parent":0,"menu_order":0,"comment_status":"closed","ping_status":"open","template":"","meta":[],"_links":{"self":[{"href":"https:\/\/promociondeeventos.sld.cu\/videosalud2008\/wp-json\/wp\/v2\/pages\/21"}],"collection":[{"href":"https:\/\/promociondeeventos.sld.cu\/videosalud2008\/wp-json\/wp\/v2\/pages"}],"about":[{"href":"https:\/\/promociondeeventos.sld.cu\/videosalud2008\/wp-json\/wp\/v2\/types\/page"}],"author":[{"embeddable":true,"href":"https:\/\/promociondeeventos.sld.cu\/videosalud2008\/wp-json\/wp\/v2\/users\/3205"}],"replies":[{"embeddable":true,"href":"https:\/\/promociondeeventos.sld.cu\/videosalud2008\/wp-json\/wp\/v2\/comments?post=21"}],"version-history":[{"count":7,"href":"https:\/\/promociondeeventos.sld.cu\/videosalud2008\/wp-json\/wp\/v2\/pages\/21\/revisions"}],"predecessor-version":[{"id":452,"href":"https:\/\/promociondeeventos.sld.cu\/videosalud2008\/wp-json\/wp\/v2\/pages\/21\/revisions\/452"}],"wp:attachment":[{"href":"https:\/\/promociondeeventos.sld.cu\/videosalud2008\/wp-json\/wp\/v2\/media?parent=21"}],"curies":[{"name":"wp","href":"https:\/\/api.w.org\/{rel}","templated":true}]}}