{"id":74,"date":"2025-05-06T12:47:45","date_gmt":"2025-05-06T12:47:45","guid":{"rendered":"https:\/\/promociondeeventos.sld.cu\/vectores2025\/?page_id=74"},"modified":"2025-06-11T13:14:57","modified_gmt":"2025-06-11T13:14:57","slug":"envio-de-resumenes","status":"publish","type":"page","link":"https:\/\/promociondeeventos.sld.cu\/vectores2025\/envio-de-resumenes\/","title":{"rendered":"Env\u00edo de Res\u00famenes"},"content":{"rendered":"<p><a href=\"http:\/\/promociondeeventos.sld.cu\/vectores2025\/files\/2025\/05\/Plantilla-resumenes-VECTORES-2025.docx\" target=\"_blank\" rel=\"noopener\">Descargar Formulario para env\u00edo de Res\u00famenes<\/a><\/p>\n<p>Fuente: Arial Tama\u00f1o: 12 puntos<\/p>\n<p>Interlineado: 1.5 l\u00edneas<\/p>\n<p><strong>Extensi\u00f3n: no m\u00e1s de 250 palabras.<\/strong> Se escribir\u00e1 el contenido del resumen sin repetir el t\u00edtulo del trabajo y ajust\u00e1ndose al siguiente esquema Fecha l\u00edmite para env\u00edo de res\u00famenes: <strong>8 de agosto del 2025.<\/strong><\/p>\n<p>Los res\u00famenes para la presentaci\u00f3n de carteles, deben ser enviados al correo electr\u00f3nico de los coordinadores:\u00a0 <a href=\"mailto:ariamys@ipk.sld.cu\">ariamys@ipk.sld.cu<\/a> y <a href=\"mailto:marquetti@ipk.sld.cu\">marquetti@ipk.sld.cu<\/a>, o presidente del comit\u00e9 cient\u00edfico: <a href=\"mailto:maureen@ipk.sld.cu\">maureen@ipk.sld.cu<\/a>. Pasada la fecha l\u00edmite de recepci\u00f3n de los res\u00famenes no se garantiza la presentaci\u00f3n del mismo en el curso.<\/p>\n<p>Para cualquier duda, pregunta o dificultad en el env\u00edo de resumen contactar a los coordinadores del curso.<\/p>\n<p>El res\u00famen de trabajo debe de estructurarse de acuerdo al orden siguiente:<\/p>\n<ul>\n<li><strong>T\u00edtulo del trabajo: <\/strong>en may\u00fasculas y negritas<\/li>\n<li><strong>Autor(es)<\/strong>: comenzando por el primer apellido, seguido de coma y el nombre. Cuando sea m\u00e1s de un autor, se usar\u00e1 punto y coma para separar los nombres. Debe subrayarse el autor para la presentaci\u00f3n del trabajo.<\/li>\n<li><strong>Afiliaci\u00f3n: <\/strong>Indicar el centro de trabajo de los autores y pa\u00eds. Si son varios, indicar con un n\u00famero super\u00edndice.<\/li>\n<li><strong>Correo electr\u00f3nico de contacto:<\/strong> Escribir una direcci\u00f3n de e-mail para la correspondencia con el autor responsable del trabajo.<\/li>\n<li><strong>Texto:<\/strong> Se escribir\u00e1 en min\u00fasculas, usando el tama\u00f1o 12 de la letra estructurado: Introducci\u00f3n, Material y m\u00e9todos, Resultados, Conclusiones. No se pueden incluir tablas o una figura. Deber\u00e1n evitarse aquellas abreviaturas no explicadas. Respetar las nomenclaturas para nombres cient\u00edficos. Para las cifras deber\u00e1n usarse n\u00fameros, abreviaturas y s\u00edmbolos de uso internacional.<\/li>\n<li><strong>Palabras claves<\/strong>.<\/li>\n<\/ul>\n<p><strong>Aspectos importantes: <\/strong><\/p>\n<p>Todo trabajo sometido a consideraci\u00f3n deber\u00e1 estar relacionado con las tem\u00e1ticas del curso. Posterior a la fecha l\u00edmite de recepci\u00f3n y de manera oportuna, a trav\u00e9s de correo electr\u00f3nico, se har\u00e1 saber al autor \/ presentador del trabajo su respectiva aceptaci\u00f3n. Esta decisi\u00f3n estar\u00e1 a cargo del Comit\u00e9 Cient\u00edfico.<\/p>\n<p>Para que los trabajos aceptados por el Comit\u00e9 Cient\u00edfico sean incluidos definitivamente en el programa, se deber\u00e1 incluir la inscripci\u00f3n al curso de al menos el autor o presentador responsable.<\/p>\n<ul>\n<li>Se contar\u00e1 con la colaboraci\u00f3n de la Sociedad Multidisciplinaria en Ciencias Agron\u00f3micas Aplicadas y Biotecnolog\u00eda SOMUCAAB A.C. de M\u00e9xico para generar el registro ISBN de la memoria del evento<\/li>\n<\/ul>\n","protected":false},"excerpt":{"rendered":"<p>Descargar Formulario para env\u00edo de Res\u00famenes Fuente: Arial Tama\u00f1o: 12 puntos Interlineado: 1.5 l\u00edneas Extensi\u00f3n: no m\u00e1s de 250 palabras. Se escribir\u00e1 el contenido del resumen sin repetir el t\u00edtulo del trabajo y ajust\u00e1ndose al siguiente esquema Fecha l\u00edmite para env\u00edo de res\u00famenes: 8 de agosto del 2025. Los res\u00famenes para la presentaci\u00f3n de carteles, [&hellip;]<\/p>\n","protected":false},"author":3257,"featured_media":0,"parent":0,"menu_order":0,"comment_status":"closed","ping_status":"closed","template":"","meta":[],"_links":{"self":[{"href":"https:\/\/promociondeeventos.sld.cu\/vectores2025\/wp-json\/wp\/v2\/pages\/74"}],"collection":[{"href":"https:\/\/promociondeeventos.sld.cu\/vectores2025\/wp-json\/wp\/v2\/pages"}],"about":[{"href":"https:\/\/promociondeeventos.sld.cu\/vectores2025\/wp-json\/wp\/v2\/types\/page"}],"author":[{"embeddable":true,"href":"https:\/\/promociondeeventos.sld.cu\/vectores2025\/wp-json\/wp\/v2\/users\/3257"}],"replies":[{"embeddable":true,"href":"https:\/\/promociondeeventos.sld.cu\/vectores2025\/wp-json\/wp\/v2\/comments?post=74"}],"version-history":[{"count":6,"href":"https:\/\/promociondeeventos.sld.cu\/vectores2025\/wp-json\/wp\/v2\/pages\/74\/revisions"}],"predecessor-version":[{"id":105,"href":"https:\/\/promociondeeventos.sld.cu\/vectores2025\/wp-json\/wp\/v2\/pages\/74\/revisions\/105"}],"wp:attachment":[{"href":"https:\/\/promociondeeventos.sld.cu\/vectores2025\/wp-json\/wp\/v2\/media?parent=74"}],"curies":[{"name":"wp","href":"https:\/\/api.w.org\/{rel}","templated":true}]}}