{"id":20,"date":"2008-06-10T22:26:22","date_gmt":"2008-06-11T03:26:22","guid":{"rendered":"http:\/\/promociondeeventos.sld.cu\/urologia2009\/"},"modified":"2009-02-13T14:13:30","modified_gmt":"2009-02-13T19:13:30","slug":"feria-comercial","status":"publish","type":"page","link":"https:\/\/promociondeeventos.sld.cu\/urologia2009\/feria-comercial\/","title":{"rendered":"Feria Comercial."},"content":{"rendered":"<p><font color=\"#ff0000\">Como parte de esta reuni\u00f3n regional, contaremos con la participaci\u00f3n de\u00a0empresas de la industria de instrumental m\u00e9dico y farmac\u00e9uticas relacionadas con nuestra especialidad. Muchas de estas compa\u00f1\u00edas estar\u00e1n dando su apoyo a la realizaci\u00f3n de este evento, de ellas han confirmado su presencia:<\/font><\/p>\n<ul>\n<li><font color=\"#ff0000\">Astra Z\u00e9neca.<\/font><\/li>\n<li><font color=\"#ff0000\">Boeringer Ingelheim Promeco.<\/font><\/li>\n<li><font color=\"#ff0000\">Bayer Schering Pharma.<\/font><\/li>\n<li><font color=\"#ff0000\">Karl Storz Gmbh.<\/font><\/li>\n<li><font color=\"#ff0000\">Sanofi Aventis.<\/font><\/li>\n<li><font color=\"#ff0000\">Assut Europe.<\/font><\/li>\n<\/ul>\n<p><font color=\"#ff0000\">Si est\u00e1 interesado en participar y exponer sus productos, financiar simposios y apoyar la celebraci\u00f3n de nuestro congreso, favor cont\u00e1ctenos a trav\u00e9s de <a href=\"mailto:raulg@palco.cu\">raulg@palco.cu<\/a><\/font><\/p>\n","protected":false},"excerpt":{"rendered":"<p>Como parte de esta reuni\u00f3n regional, contaremos con la participaci\u00f3n de\u00a0empresas de la industria de instrumental m\u00e9dico y farmac\u00e9uticas relacionadas con nuestra especialidad. Muchas de estas compa\u00f1\u00edas estar\u00e1n dando su apoyo a la realizaci\u00f3n de este evento, de ellas han confirmado su presencia: Astra Z\u00e9neca. Boeringer Ingelheim Promeco. Bayer Schering Pharma. Karl Storz Gmbh. Sanofi [&hellip;]<\/p>\n","protected":false},"author":16,"featured_media":0,"parent":0,"menu_order":10,"comment_status":"open","ping_status":"open","template":"","meta":[],"_links":{"self":[{"href":"https:\/\/promociondeeventos.sld.cu\/urologia2009\/wp-json\/wp\/v2\/pages\/20"}],"collection":[{"href":"https:\/\/promociondeeventos.sld.cu\/urologia2009\/wp-json\/wp\/v2\/pages"}],"about":[{"href":"https:\/\/promociondeeventos.sld.cu\/urologia2009\/wp-json\/wp\/v2\/types\/page"}],"author":[{"embeddable":true,"href":"https:\/\/promociondeeventos.sld.cu\/urologia2009\/wp-json\/wp\/v2\/users\/16"}],"replies":[{"embeddable":true,"href":"https:\/\/promociondeeventos.sld.cu\/urologia2009\/wp-json\/wp\/v2\/comments?post=20"}],"version-history":[{"count":0,"href":"https:\/\/promociondeeventos.sld.cu\/urologia2009\/wp-json\/wp\/v2\/pages\/20\/revisions"}],"wp:attachment":[{"href":"https:\/\/promociondeeventos.sld.cu\/urologia2009\/wp-json\/wp\/v2\/media?parent=20"}],"curies":[{"name":"wp","href":"https:\/\/api.w.org\/{rel}","templated":true}]}}