{"id":13,"date":"2008-04-21T09:15:57","date_gmt":"2008-04-21T14:15:57","guid":{"rendered":"http:\/\/promociondeeventos.sld.cu\/urologia2009\/envio-de-resumenes-y-trabajos\/"},"modified":"2009-11-19T08:00:19","modified_gmt":"2009-11-19T13:00:19","slug":"envio-de-resumenes-y-trabajos","status":"publish","type":"page","link":"https:\/\/promociondeeventos.sld.cu\/urologia2009\/envio-de-resumenes-y-trabajos\/","title":{"rendered":"Formato de presentaci\u00f3n de trabajos"},"content":{"rendered":"<p><span style=\"color: #ff0000\"><strong>Indicaciones para\u00a0la \u00a0presentaci\u00f3n de los Trabajos.<\/strong> <\/span><\/p>\n<p><span style=\"color: #ff0000\">1. Los p\u00f3sters electr\u00f3nicos contar\u00e1n con el formato Introducci\u00f3n, Material y M\u00e9todos, Resultados y Conclusiones (IMRC). No incluir bibliograf\u00eda. Deber\u00e1n ser expuestos en el tiempo fijado por el Comit\u00e9 Cient\u00edfico de 5 minutos. Se emplear\u00e1\u00a0un formato \u00fanico para su presentaci\u00f3n. <\/span><a href=\"http:\/\/www.sld.cu\/sitios\/urologia\/temas.php?idv=27754\"><span style=\"color: #ff0000\"><strong><span style=\"color: #000080\">(Descargar.)<\/span><\/strong>\u00a0<\/span><\/a><\/p>\n<p><span style=\"color: #ff0000\">2. Los Temas Libres contar\u00e1n con un formato IMRC tambi\u00e9n, pero con un tiempo de exposici\u00f3n de 7 minutos. <\/span><a href=\"http:\/\/www.sld.cu\/sitios\/urologia\/temas.php?idv=27754\"><strong><span style=\"color: #000080\">(Descargar.)<\/span><\/strong><\/a><\/p>\n<p><span style=\"color: #ff0000\">3. Los V\u00eddeos se aceptar\u00e1n en formato digital, DVD, con una duraci\u00f3n de 10 minutos.<\/span><\/p>\n<p><span style=\"color: #ff0000\">Dra. Yolanda Ares Vald\u00e9s.<\/span><\/p>\n<p><span style=\"color: #ff0000\">Presidenta Comit\u00e9 Cient\u00edfico. Urolog\u00eda 2009.<\/span><\/p>\n","protected":false},"excerpt":{"rendered":"<p>Indicaciones para\u00a0la \u00a0presentaci\u00f3n de los Trabajos. 1. Los p\u00f3sters electr\u00f3nicos contar\u00e1n con el formato Introducci\u00f3n, Material y M\u00e9todos, Resultados y Conclusiones (IMRC). No incluir bibliograf\u00eda. Deber\u00e1n ser expuestos en el tiempo fijado por el Comit\u00e9 Cient\u00edfico de 5 minutos. Se emplear\u00e1\u00a0un formato \u00fanico para su presentaci\u00f3n. (Descargar.)\u00a0 2. Los Temas Libres contar\u00e1n con un formato [&hellip;]<\/p>\n","protected":false},"author":16,"featured_media":0,"parent":0,"menu_order":8,"comment_status":"closed","ping_status":"closed","template":"","meta":[],"_links":{"self":[{"href":"https:\/\/promociondeeventos.sld.cu\/urologia2009\/wp-json\/wp\/v2\/pages\/13"}],"collection":[{"href":"https:\/\/promociondeeventos.sld.cu\/urologia2009\/wp-json\/wp\/v2\/pages"}],"about":[{"href":"https:\/\/promociondeeventos.sld.cu\/urologia2009\/wp-json\/wp\/v2\/types\/page"}],"author":[{"embeddable":true,"href":"https:\/\/promociondeeventos.sld.cu\/urologia2009\/wp-json\/wp\/v2\/users\/16"}],"replies":[{"embeddable":true,"href":"https:\/\/promociondeeventos.sld.cu\/urologia2009\/wp-json\/wp\/v2\/comments?post=13"}],"version-history":[{"count":10,"href":"https:\/\/promociondeeventos.sld.cu\/urologia2009\/wp-json\/wp\/v2\/pages\/13\/revisions"}],"predecessor-version":[{"id":41,"href":"https:\/\/promociondeeventos.sld.cu\/urologia2009\/wp-json\/wp\/v2\/pages\/13\/revisions\/41"}],"wp:attachment":[{"href":"https:\/\/promociondeeventos.sld.cu\/urologia2009\/wp-json\/wp\/v2\/media?parent=13"}],"curies":[{"name":"wp","href":"https:\/\/api.w.org\/{rel}","templated":true}]}}