{"id":9,"date":"2024-03-17T20:36:44","date_gmt":"2024-03-17T20:36:44","guid":{"rendered":"https:\/\/promociondeeventos.sld.cu\/tuberculosis2024\/?page_id=9"},"modified":"2024-03-18T14:09:27","modified_gmt":"2024-03-18T14:09:27","slug":"comite-organizador","status":"publish","type":"page","link":"https:\/\/promociondeeventos.sld.cu\/tuberculosis2024\/comite-organizador\/","title":{"rendered":"Comit\u00e9 organizador"},"content":{"rendered":"<ul>\n<li>Presidente:<\/li>\n<\/ul>\n<p>Prof. Alexander Gonz\u00e1lez D\u00edaz; IPK (<a href=\"mailto:alexanderg@ipk.sld.cu\" target=\"_blank\" rel=\"noopener\">alexanderg@ipk.sld.cu<\/a>)<\/p>\n<ul>\n<li>Miembros:<\/li>\n<\/ul>\n<p>Prof. Marta Ana Castro Peraza; IPK (<a href=\"mailto:martac@ipk.sld.cu\" target=\"_blank\" rel=\"noopener\">martac@ipk.sld.cu<\/a>)<br \/>\nJorge Ra\u00fal CampoS D\u00edaz; IPK (<a href=\"mailto:jcampos@ipk.sld.cu\" target=\"_blank\" rel=\"noopener\">jcampos@ipk.sld.cu<\/a>)<br \/>\nDayma Medina Ascencio; IPK (<a href=\"mailto:daymam@ipk.sld.cu\" target=\"_blank\" rel=\"noopener\">daymam@ipk.sld.cu<\/a>)<br \/>\nDelmis Alvarez Gainza; IPK (<a href=\"mailto:delmis@ipk.sld.cu\" target=\"_blank\" rel=\"noopener\">delmis@ipk.sld.cu<\/a>)<\/p>\n","protected":false},"excerpt":{"rendered":"<p>Presidente: Prof. Alexander Gonz\u00e1lez D\u00edaz; IPK (alexanderg@ipk.sld.cu) Miembros: Prof. Marta Ana Castro Peraza; IPK (martac@ipk.sld.cu) Jorge Ra\u00fal CampoS D\u00edaz; IPK (jcampos@ipk.sld.cu) Dayma Medina Ascencio; IPK (daymam@ipk.sld.cu) Delmis Alvarez Gainza; IPK (delmis@ipk.sld.cu)<\/p>\n","protected":false},"author":3262,"featured_media":0,"parent":0,"menu_order":0,"comment_status":"closed","ping_status":"closed","template":"","meta":[],"_links":{"self":[{"href":"https:\/\/promociondeeventos.sld.cu\/tuberculosis2024\/wp-json\/wp\/v2\/pages\/9"}],"collection":[{"href":"https:\/\/promociondeeventos.sld.cu\/tuberculosis2024\/wp-json\/wp\/v2\/pages"}],"about":[{"href":"https:\/\/promociondeeventos.sld.cu\/tuberculosis2024\/wp-json\/wp\/v2\/types\/page"}],"author":[{"embeddable":true,"href":"https:\/\/promociondeeventos.sld.cu\/tuberculosis2024\/wp-json\/wp\/v2\/users\/3262"}],"replies":[{"embeddable":true,"href":"https:\/\/promociondeeventos.sld.cu\/tuberculosis2024\/wp-json\/wp\/v2\/comments?post=9"}],"version-history":[{"count":3,"href":"https:\/\/promociondeeventos.sld.cu\/tuberculosis2024\/wp-json\/wp\/v2\/pages\/9\/revisions"}],"predecessor-version":[{"id":33,"href":"https:\/\/promociondeeventos.sld.cu\/tuberculosis2024\/wp-json\/wp\/v2\/pages\/9\/revisions\/33"}],"wp:attachment":[{"href":"https:\/\/promociondeeventos.sld.cu\/tuberculosis2024\/wp-json\/wp\/v2\/media?parent=9"}],"curies":[{"name":"wp","href":"https:\/\/api.w.org\/{rel}","templated":true}]}}