{"id":5,"date":"2025-03-27T13:05:57","date_gmt":"2025-03-27T13:05:57","guid":{"rendered":"https:\/\/promociondeeventos.sld.cu\/toxo2025\/?page_id=5"},"modified":"2025-03-27T13:26:02","modified_gmt":"2025-03-27T13:26:02","slug":"convocatoria","status":"publish","type":"page","link":"https:\/\/promociondeeventos.sld.cu\/toxo2025\/","title":{"rendered":"Convocatoria"},"content":{"rendered":"<p style=\"text-align: left;\">La condici\u00f3n del hombre como hu\u00e9sped intermediario de toxoplasmosis determina su importancia en el \u00e1mbito de la medicina. Existen limitaciones en el conocimiento adecuado de la entidad y no existe un control para prevenir las secuelas de esta parasitosis, sobre todo durante la gestaci\u00f3n. Aunque la infecci\u00f3n puede cursar asintom\u00e1tica, pueden observarse cuadros adenofebriles, neurotoxoplasmosis en pacientes inmunocomprometidos, toxoplasmosis gestacional y cong\u00e9nita y lesiones oculares que pueden aparecer como expresi\u00f3n de una infecci\u00f3n intrautero o ser adquiridas en el curso de la vida. El diagn\u00f3stico de laboratorio requiere de al menos dos t\u00e9cnicas serol\u00f3gicas y en ocasiones es preciso la confirmaci\u00f3n molecular. Esto requiere calidad en la colecta y env\u00edo de las muestras. En general toxoplasmosis se considera una Enfermedad de Declaraci\u00f3n Obligatoria (EDO), por lo que durante este evento tendremos a bien compartir las propuestas de algoritmos para el diagn\u00f3stico y se mostraran algunos resultados de estudios ya realizados que sugieren mantener la vigilancia de la entidad e implementar nuevas alternativas para el manejo adecuado de los casos.<\/p>\n","protected":false},"excerpt":{"rendered":"<p>La condici\u00f3n del hombre como hu\u00e9sped intermediario de toxoplasmosis determina su importancia en el \u00e1mbito de la medicina. Existen limitaciones en el conocimiento adecuado de la entidad y no existe un control para prevenir las secuelas de esta parasitosis, sobre todo durante la gestaci\u00f3n. Aunque la infecci\u00f3n puede cursar asintom\u00e1tica, pueden observarse cuadros adenofebriles, neurotoxoplasmosis [&hellip;]<\/p>\n","protected":false},"author":3205,"featured_media":0,"parent":0,"menu_order":0,"comment_status":"closed","ping_status":"closed","template":"","meta":[],"_links":{"self":[{"href":"https:\/\/promociondeeventos.sld.cu\/toxo2025\/wp-json\/wp\/v2\/pages\/5"}],"collection":[{"href":"https:\/\/promociondeeventos.sld.cu\/toxo2025\/wp-json\/wp\/v2\/pages"}],"about":[{"href":"https:\/\/promociondeeventos.sld.cu\/toxo2025\/wp-json\/wp\/v2\/types\/page"}],"author":[{"embeddable":true,"href":"https:\/\/promociondeeventos.sld.cu\/toxo2025\/wp-json\/wp\/v2\/users\/3205"}],"replies":[{"embeddable":true,"href":"https:\/\/promociondeeventos.sld.cu\/toxo2025\/wp-json\/wp\/v2\/comments?post=5"}],"version-history":[{"count":3,"href":"https:\/\/promociondeeventos.sld.cu\/toxo2025\/wp-json\/wp\/v2\/pages\/5\/revisions"}],"predecessor-version":[{"id":25,"href":"https:\/\/promociondeeventos.sld.cu\/toxo2025\/wp-json\/wp\/v2\/pages\/5\/revisions\/25"}],"wp:attachment":[{"href":"https:\/\/promociondeeventos.sld.cu\/toxo2025\/wp-json\/wp\/v2\/media?parent=5"}],"curies":[{"name":"wp","href":"https:\/\/api.w.org\/{rel}","templated":true}]}}