{"id":59,"date":"2026-01-12T18:34:26","date_gmt":"2026-01-12T18:34:26","guid":{"rendered":"https:\/\/promociondeeventos.sld.cu\/sofwarer\/?page_id=59"},"modified":"2026-01-12T18:34:26","modified_gmt":"2026-01-12T18:34:26","slug":"que-puedo-hacer-con-r","status":"publish","type":"page","link":"https:\/\/promociondeeventos.sld.cu\/sofwarer\/que-puedo-hacer-con-r\/","title":{"rendered":"\u00bfQu\u00e9 puedo hacer con R?"},"content":{"rendered":"<p><span class=\"BxUVEf ILfuVd\" lang=\"es\"><span class=\"hgKElc pOOWX\"><b>Puedes<\/b>: estudiar correlaciones, ajustar modelos, crear gr\u00e1ficos 3D de alt\u00edsima calidad, aplicar \u00e1rboles de decisi\u00f3n, realizar an\u00e1lisis cl\u00faster, an\u00e1lisis de componentes principales, crear redes neuronales de predicci\u00f3n, etc.<\/span><\/span><\/p>\n","protected":false},"excerpt":{"rendered":"<p>Puedes: estudiar correlaciones, ajustar modelos, crear gr\u00e1ficos 3D de alt\u00edsima calidad, aplicar \u00e1rboles de decisi\u00f3n, realizar an\u00e1lisis cl\u00faster, an\u00e1lisis de componentes principales, crear redes neuronales de predicci\u00f3n, etc.<\/p>\n","protected":false},"author":3257,"featured_media":0,"parent":0,"menu_order":0,"comment_status":"closed","ping_status":"closed","template":"","meta":[],"_links":{"self":[{"href":"https:\/\/promociondeeventos.sld.cu\/sofwarer\/wp-json\/wp\/v2\/pages\/59"}],"collection":[{"href":"https:\/\/promociondeeventos.sld.cu\/sofwarer\/wp-json\/wp\/v2\/pages"}],"about":[{"href":"https:\/\/promociondeeventos.sld.cu\/sofwarer\/wp-json\/wp\/v2\/types\/page"}],"author":[{"embeddable":true,"href":"https:\/\/promociondeeventos.sld.cu\/sofwarer\/wp-json\/wp\/v2\/users\/3257"}],"replies":[{"embeddable":true,"href":"https:\/\/promociondeeventos.sld.cu\/sofwarer\/wp-json\/wp\/v2\/comments?post=59"}],"version-history":[{"count":1,"href":"https:\/\/promociondeeventos.sld.cu\/sofwarer\/wp-json\/wp\/v2\/pages\/59\/revisions"}],"predecessor-version":[{"id":61,"href":"https:\/\/promociondeeventos.sld.cu\/sofwarer\/wp-json\/wp\/v2\/pages\/59\/revisions\/61"}],"wp:attachment":[{"href":"https:\/\/promociondeeventos.sld.cu\/sofwarer\/wp-json\/wp\/v2\/media?parent=59"}],"curies":[{"name":"wp","href":"https:\/\/api.w.org\/{rel}","templated":true}]}}