{"id":6,"date":"2022-03-10T17:47:36","date_gmt":"2022-03-10T17:47:36","guid":{"rendered":"http:\/\/promociondeeventos.sld.cu\/socuenfciego2022\/?page_id=6"},"modified":"2022-03-18T20:25:28","modified_gmt":"2022-03-18T20:25:28","slug":"comite-organizador","status":"publish","type":"page","link":"https:\/\/promociondeeventos.sld.cu\/socuenfciego2022\/comite-organizador\/","title":{"rendered":"Comit\u00e9 organizador"},"content":{"rendered":"<p><strong>Presidente:<\/strong><\/p>\n<ul>\n<li>M. Sc. Nadiova Victoria Zayas Iznaga. Direcci\u00f3n Provincial de Salud. nadiova@infomed.sld.cu<\/li>\n<\/ul>\n<p><strong>Miembros:<\/strong><\/p>\n<ul>\n<li>M. Sc.\u00a0 Aracelys S\u00e1nchez Fern\u00e1ndez. Policl\u00ednico Docente \u201cJuan Olimpo Valc\u00e1rcel. aracelyssf@infomed.sld.cu<\/li>\n<\/ul>\n","protected":false},"excerpt":{"rendered":"<p>Presidente: M. Sc. Nadiova Victoria Zayas Iznaga. Direcci\u00f3n Provincial de Salud. nadiova@infomed.sld.cu Miembros: M. Sc.\u00a0 Aracelys S\u00e1nchez Fern\u00e1ndez. Policl\u00ednico Docente \u201cJuan Olimpo Valc\u00e1rcel. aracelyssf@infomed.sld.cu<\/p>\n","protected":false},"author":3262,"featured_media":0,"parent":0,"menu_order":0,"comment_status":"closed","ping_status":"open","template":"","meta":[],"_links":{"self":[{"href":"https:\/\/promociondeeventos.sld.cu\/socuenfciego2022\/wp-json\/wp\/v2\/pages\/6"}],"collection":[{"href":"https:\/\/promociondeeventos.sld.cu\/socuenfciego2022\/wp-json\/wp\/v2\/pages"}],"about":[{"href":"https:\/\/promociondeeventos.sld.cu\/socuenfciego2022\/wp-json\/wp\/v2\/types\/page"}],"author":[{"embeddable":true,"href":"https:\/\/promociondeeventos.sld.cu\/socuenfciego2022\/wp-json\/wp\/v2\/users\/3262"}],"replies":[{"embeddable":true,"href":"https:\/\/promociondeeventos.sld.cu\/socuenfciego2022\/wp-json\/wp\/v2\/comments?post=6"}],"version-history":[{"count":4,"href":"https:\/\/promociondeeventos.sld.cu\/socuenfciego2022\/wp-json\/wp\/v2\/pages\/6\/revisions"}],"predecessor-version":[{"id":71,"href":"https:\/\/promociondeeventos.sld.cu\/socuenfciego2022\/wp-json\/wp\/v2\/pages\/6\/revisions\/71"}],"wp:attachment":[{"href":"https:\/\/promociondeeventos.sld.cu\/socuenfciego2022\/wp-json\/wp\/v2\/media?parent=6"}],"curies":[{"name":"wp","href":"https:\/\/api.w.org\/{rel}","templated":true}]}}