{"id":29,"date":"2022-03-10T18:03:00","date_gmt":"2022-03-10T18:03:00","guid":{"rendered":"http:\/\/promociondeeventos.sld.cu\/socuenfciego2022\/?page_id=29"},"modified":"2022-06-06T12:58:25","modified_gmt":"2022-06-06T12:58:25","slug":"usuarios-que-han-comentado","status":"publish","type":"page","link":"https:\/\/promociondeeventos.sld.cu\/socuenfciego2022\/usuarios-que-han-comentado\/","title":{"rendered":"Usuarios que han comentado"},"content":{"rendered":"<p>Hasta el 6 de junio 2022<\/p>\n<p>Total: 78<\/p>\n<ol>\n<li>Albert Hern\u00e1ndez N\u00e1poles<\/li>\n<li>Aliagni Aguilar Cruz<\/li>\n<li>Ana Beatriz Rodr\u00edguez<\/li>\n<li>Ana Belkys P\u00e9rez Ben\u00edtez<\/li>\n<li>Anna d\u00edas D\u00edaz<\/li>\n<li>Aracelys S\u00e1nchez Fern\u00e1ndez<\/li>\n<li>Armando Estrada Garc\u00eda<\/li>\n<li>Armin Jes\u00fas L\u00f3pez Batista<\/li>\n<li>B\u00e1rbara Reyes Companioni<\/li>\n<li>Belkis \u00c1lvarez Escobar<\/li>\n<li>Catalina Adelina Serrano D\u00edaz<\/li>\n<li>Cindy Donet Guerra<\/li>\n<li>Daisy Mireya Gonz\u00e1lez Ortega<\/li>\n<li>Dami\u00e1n Valladares Reyes<\/li>\n<li>Danelys Garc\u00eda Due\u00f1as<\/li>\n<li>Dayamary C Acosta Cruz<\/li>\n<li>Daymi Castillo Quintana<\/li>\n<li>Daysi Viera Hern\u00e1ndez<\/li>\n<li>Drialys Beatriz Pe\u00f1a Molina<\/li>\n<li>Elena Arias Megret<\/li>\n<li>Elisa de las Nieves Nari\u00f1o Fern\u00e1ndez<\/li>\n<li>Eroilbia Onate Lobaina<\/li>\n<li>Florentina Mila miranda<\/li>\n<li>Giselle \u00c1lvarez Alonso<\/li>\n<li>Giselle \u00c1lvarez Alonso<\/li>\n<li>Irilma valles Matienzo<\/li>\n<li>Jos\u00e9 Le\u00f3n Alfonso<\/li>\n<li>Juana Garbey Calzado<\/li>\n<li>Leidis Olivares Coello<\/li>\n<li>Lenia Rubio Dom\u00ednguez<\/li>\n<li>Leonel Puentes Ramos<\/li>\n<li>Lilian Elidia Labrada Rosabal<\/li>\n<li>Lucrecia Barbarita Labrada Labrada<\/li>\n<li>Marbelis Cardona P\u00e9rez<\/li>\n<li>Mar\u00eda de Jes\u00fas P\u00e9rez Herrera<\/li>\n<li>Mariela Capote Gonz\u00e1lez<\/li>\n<li>Mariela Hern\u00e1ndez Sainz<\/li>\n<li>Marlen Arias<\/li>\n<li>Marlene Barreras Matos<\/li>\n<li>Marlene Megret Columbi\u00e9<\/li>\n<li>Martha Elisa Reyes Companioni<\/li>\n<li>Mayra Cristina Qui\u00f1ones Rodr\u00edguez<\/li>\n<li>Meyvel<\/li>\n<li>Miralys Rivero Herrada<\/li>\n<li>Mirelys Espinosa Harris<\/li>\n<li>Nadiova Victoria Zayas Iznaga<\/li>\n<li>Nerelis P\u00e9rez Hermida<\/li>\n<li>Nilcia Jimenez<\/li>\n<li>Niovis Ribe Rodr\u00edguez<\/li>\n<li>Oniel<\/li>\n<li>Pedro Herrera Molina<\/li>\n<li>Pedro Rafael Mart\u00ednez Lozada<\/li>\n<li>Reicelys Veranes Gonz\u00e1lez<\/li>\n<li>Roger R\u00edos Escobar<\/li>\n<li>Rolando Rodr\u00edguez Puga<\/li>\n<li>Rosalia Sardi\u00f1as Vinent<\/li>\n<li>Rusanna Maydelis Regalado L\u00f3pez<\/li>\n<li>Sureima Call\u00eds Fern\u00e1ndez<\/li>\n<li>Taimi Nereida Rodr\u00edguez Abrahantes<\/li>\n<li>Taymaris Thaureaux<\/li>\n<li>Taymi Noda Rodr\u00edguez<\/li>\n<li>Violeta Robles Mirabal<\/li>\n<li>Viv\u00edan Rojas<\/li>\n<li>Xiomara casanova Acosta<\/li>\n<li>Xiomara Kenia Zaldivar Bresler<\/li>\n<li>Yamila Borrayo Segundo<\/li>\n<li>Yamila P\u00e9rez prado<\/li>\n<li>Familia Loas D\u00edaz<\/li>\n<li>Yanet Pombo Palau<\/li>\n<li>Yamila Borrayo Segundo<\/li>\n<li>Yaima Orozco Morales<\/li>\n<li>Yannys Cabrera P\u00e9rez<\/li>\n<li>Yarelis Lorenzo P\u00e9rez<\/li>\n<li>Yo\u00e1nderson P\u00e9rez D\u00edaz<\/li>\n<li>Yoandra D\u00edaz Bosch<\/li>\n<li>Yolepsi Lechuga Dom\u00ednguez<\/li>\n<li>Yordanis duran Rimeri<\/li>\n<li>Yunielkys Marrero \u00c1lvarez<\/li>\n<\/ol>\n","protected":false},"excerpt":{"rendered":"<p>Hasta el 6 de junio 2022 Total: 78 Albert Hern\u00e1ndez N\u00e1poles Aliagni Aguilar Cruz Ana Beatriz Rodr\u00edguez Ana Belkys P\u00e9rez Ben\u00edtez Anna d\u00edas D\u00edaz Aracelys S\u00e1nchez Fern\u00e1ndez Armando Estrada Garc\u00eda Armin Jes\u00fas L\u00f3pez Batista B\u00e1rbara Reyes Companioni Belkis \u00c1lvarez Escobar Catalina Adelina Serrano D\u00edaz Cindy Donet Guerra Daisy Mireya Gonz\u00e1lez Ortega Dami\u00e1n Valladares Reyes Danelys [&hellip;]<\/p>\n","protected":false},"author":3262,"featured_media":0,"parent":0,"menu_order":0,"comment_status":"closed","ping_status":"open","template":"","meta":[],"_links":{"self":[{"href":"https:\/\/promociondeeventos.sld.cu\/socuenfciego2022\/wp-json\/wp\/v2\/pages\/29"}],"collection":[{"href":"https:\/\/promociondeeventos.sld.cu\/socuenfciego2022\/wp-json\/wp\/v2\/pages"}],"about":[{"href":"https:\/\/promociondeeventos.sld.cu\/socuenfciego2022\/wp-json\/wp\/v2\/types\/page"}],"author":[{"embeddable":true,"href":"https:\/\/promociondeeventos.sld.cu\/socuenfciego2022\/wp-json\/wp\/v2\/users\/3262"}],"replies":[{"embeddable":true,"href":"https:\/\/promociondeeventos.sld.cu\/socuenfciego2022\/wp-json\/wp\/v2\/comments?post=29"}],"version-history":[{"count":15,"href":"https:\/\/promociondeeventos.sld.cu\/socuenfciego2022\/wp-json\/wp\/v2\/pages\/29\/revisions"}],"predecessor-version":[{"id":552,"href":"https:\/\/promociondeeventos.sld.cu\/socuenfciego2022\/wp-json\/wp\/v2\/pages\/29\/revisions\/552"}],"wp:attachment":[{"href":"https:\/\/promociondeeventos.sld.cu\/socuenfciego2022\/wp-json\/wp\/v2\/media?parent=29"}],"curies":[{"name":"wp","href":"https:\/\/api.w.org\/{rel}","templated":true}]}}