{"id":14,"date":"2022-03-10T17:50:41","date_gmt":"2022-03-10T17:50:41","guid":{"rendered":"http:\/\/promociondeeventos.sld.cu\/socuenfciego2022\/?page_id=14"},"modified":"2022-03-17T14:26:18","modified_gmt":"2022-03-17T14:26:18","slug":"normas-de-presentacion-de-trabajos","status":"publish","type":"page","link":"https:\/\/promociondeeventos.sld.cu\/socuenfciego2022\/normas-de-presentacion-de-trabajos\/","title":{"rendered":"Normas de presentaci\u00f3n de trabajos"},"content":{"rendered":"<p>Los res\u00famenes y los trabajos deben ser enviados en versi\u00f3n electr\u00f3nica con los siguientes requisitos: Procesador de texto: Word Versi\u00f3n 6.0 o superior. Letra fuente: Verdana a 10 puntos. Texto: Justificado. Espacio: 1,5 l\u00edneas. M\u00e1rgenes: 2,5 cm. Hoja: 8 \u00bd x 11 (Carta). T\u00edtulo del trabajo: Verdana a 12 puntos Centrada y Negrita.<\/p>\n<p>ESTRUCTURA DE LOS RES\u00daMENES:\u00a0\u00a0\u00a0 T\u00edtulo (no debe exceder de 15 palabras).\u00a0\u00a0\u00a0 Nombre y apellidos del Autor (es) (no m\u00e1s de 5).\u00a0\u00a0\u00a0 Instituci\u00f3n.\u00a0\u00a0\u00a0 Pa\u00eds.\u00a0\u00a0\u00a0 Forma de contacto (Email y Tel\u00e9fono).\u00a0\u00a0\u00a0 Objetivos.\u00a0\u00a0\u00a0 M\u00e9todos.\u00a0\u00a0\u00a0 Resultados.\u00a0\u00a0\u00a0 Conclusiones.\u00a0\u00a0\u00a0 Modalidades de presentaci\u00f3n propuesta por el autor. Nota: No deber\u00e1 exceder de 250 palabras, y debe ser en idioma espa\u00f1ol.<\/p>\n<p>ESTRUCTURA DE LOS TRABAJOS:\u00a0\u00a0\u00a0 T\u00edtulo (no debe exceder de 15 palabras).\u00a0\u00a0\u00a0 Nombre y apellidos del Autor (es) (no m\u00e1s de 5).\u00a0\u00a0\u00a0 Instituci\u00f3n.\u00a0\u00a0\u00a0 Pa\u00eds.\u00a0\u00a0\u00a0 Instituci\u00f3n.\u00a0\u00a0\u00a0 Forma de contacto (Email y Tel\u00e9fono).\u00a0\u00a0\u00a0 Resumen.\u00a0\u00a0\u00a0 Introducci\u00f3n.\u00a0\u00a0\u00a0 Desarrollo.\u00a0\u00a0\u00a0 Conclusiones.\u00a0\u00a0\u00a0 Recomendaciones.\u00a0\u00a0\u00a0 Bibliograf\u00eda.<\/p>\n<p>Nota: No deber\u00e1 exceder de 15 cuartillas.<\/p>\n","protected":false},"excerpt":{"rendered":"<p>Los res\u00famenes y los trabajos deben ser enviados en versi\u00f3n electr\u00f3nica con los siguientes requisitos: Procesador de texto: Word Versi\u00f3n 6.0 o superior. Letra fuente: Verdana a 10 puntos. Texto: Justificado. Espacio: 1,5 l\u00edneas. M\u00e1rgenes: 2,5 cm. Hoja: 8 \u00bd x 11 (Carta). T\u00edtulo del trabajo: Verdana a 12 puntos Centrada y Negrita. ESTRUCTURA DE [&hellip;]<\/p>\n","protected":false},"author":3262,"featured_media":0,"parent":0,"menu_order":0,"comment_status":"closed","ping_status":"open","template":"","meta":[],"_links":{"self":[{"href":"https:\/\/promociondeeventos.sld.cu\/socuenfciego2022\/wp-json\/wp\/v2\/pages\/14"}],"collection":[{"href":"https:\/\/promociondeeventos.sld.cu\/socuenfciego2022\/wp-json\/wp\/v2\/pages"}],"about":[{"href":"https:\/\/promociondeeventos.sld.cu\/socuenfciego2022\/wp-json\/wp\/v2\/types\/page"}],"author":[{"embeddable":true,"href":"https:\/\/promociondeeventos.sld.cu\/socuenfciego2022\/wp-json\/wp\/v2\/users\/3262"}],"replies":[{"embeddable":true,"href":"https:\/\/promociondeeventos.sld.cu\/socuenfciego2022\/wp-json\/wp\/v2\/comments?post=14"}],"version-history":[{"count":3,"href":"https:\/\/promociondeeventos.sld.cu\/socuenfciego2022\/wp-json\/wp\/v2\/pages\/14\/revisions"}],"predecessor-version":[{"id":60,"href":"https:\/\/promociondeeventos.sld.cu\/socuenfciego2022\/wp-json\/wp\/v2\/pages\/14\/revisions\/60"}],"wp:attachment":[{"href":"https:\/\/promociondeeventos.sld.cu\/socuenfciego2022\/wp-json\/wp\/v2\/media?parent=14"}],"curies":[{"name":"wp","href":"https:\/\/api.w.org\/{rel}","templated":true}]}}