{"id":17,"date":"2021-11-18T16:57:59","date_gmt":"2021-11-18T16:57:59","guid":{"rendered":"http:\/\/promociondeeventos.sld.cu\/socuenfciego2021\/?page_id=17"},"modified":"2021-11-26T18:58:14","modified_gmt":"2021-11-26T18:58:14","slug":"normas-de-presentacion-de-los-trabajos","status":"publish","type":"page","link":"https:\/\/promociondeeventos.sld.cu\/socuenfciego2021\/normas-de-presentacion-de-los-trabajos\/","title":{"rendered":"Normas de presentaci\u00f3n de los trabajos"},"content":{"rendered":"<h3><strong>Presentaci\u00f3n de ponencias en modalidad de tema libre<\/strong><br \/>\nEl Comit\u00e9 Cient\u00edfico convoca a las personas interesadas en presentar el resultado de sus investigaciones, relacionadas con las tem\u00e1ticas del evento, los cuales ser\u00e1n evaluados y ubicadas seg\u00fan las modalidades de presentaci\u00f3n que han sido definidas.<\/h3>\n<h3><strong>Normas y res\u00famenes para trabajos<\/strong><br \/>\n&#8211;<strong>Los res\u00famenes y los trabajos deben ser enviados en versi\u00f3n electr\u00f3nica con los siguientes requisitos<\/strong>: Procesador de texto: Word Versi\u00f3n 6.0 o superior. Letra fuente: Verdana a 10 puntos. Texto: Justificado. Espacio: 1,5 l\u00edneas. M\u00e1rgenes: 2,5 cm. Hoja: 8 \u00bd x 11 (Carta).<br \/>\n&#8211;<strong>T\u00edtulo del trabajo<\/strong>: Verdana a 12 puntos Centrada y Negrita.<br \/>\n&#8211;<strong>Estructura de los trabajos<\/strong>:<br \/>\n1. T\u00edtulo (no debe exceder de 15 palabras).<br \/>\n2.Nombre y apellidos del Autor (es) (no m\u00e1s de 5).<br \/>\n3. Instituci\u00f3n.<br \/>\n4. Pa\u00eds.<br \/>\n5. Instituci\u00f3n.<br \/>\n6. Forma de contacto (Email y Tel\u00e9fono).<br \/>\n7.Resumen.<br \/>\n8.Introducci\u00f3n<br \/>\n.9. Desarrollo.<br \/>\n10. Conclusiones.<br \/>\n11. Recomendaciones.<br \/>\n12. Bibliograf\u00eda.<br \/>\nNota: No deber\u00e1 exceder de 15 cuartillas.<\/h3>\n","protected":false},"excerpt":{"rendered":"<p>Presentaci\u00f3n de ponencias en modalidad de tema libre El Comit\u00e9 Cient\u00edfico convoca a las personas interesadas en presentar el resultado de sus investigaciones, relacionadas con las tem\u00e1ticas del evento, los cuales ser\u00e1n evaluados y ubicadas seg\u00fan las modalidades de presentaci\u00f3n que han sido definidas. Normas y res\u00famenes para trabajos &#8211;Los res\u00famenes y los trabajos deben [&hellip;]<\/p>\n","protected":false},"author":3262,"featured_media":0,"parent":0,"menu_order":0,"comment_status":"closed","ping_status":"open","template":"","meta":[],"_links":{"self":[{"href":"https:\/\/promociondeeventos.sld.cu\/socuenfciego2021\/wp-json\/wp\/v2\/pages\/17"}],"collection":[{"href":"https:\/\/promociondeeventos.sld.cu\/socuenfciego2021\/wp-json\/wp\/v2\/pages"}],"about":[{"href":"https:\/\/promociondeeventos.sld.cu\/socuenfciego2021\/wp-json\/wp\/v2\/types\/page"}],"author":[{"embeddable":true,"href":"https:\/\/promociondeeventos.sld.cu\/socuenfciego2021\/wp-json\/wp\/v2\/users\/3262"}],"replies":[{"embeddable":true,"href":"https:\/\/promociondeeventos.sld.cu\/socuenfciego2021\/wp-json\/wp\/v2\/comments?post=17"}],"version-history":[{"count":2,"href":"https:\/\/promociondeeventos.sld.cu\/socuenfciego2021\/wp-json\/wp\/v2\/pages\/17\/revisions"}],"predecessor-version":[{"id":45,"href":"https:\/\/promociondeeventos.sld.cu\/socuenfciego2021\/wp-json\/wp\/v2\/pages\/17\/revisions\/45"}],"wp:attachment":[{"href":"https:\/\/promociondeeventos.sld.cu\/socuenfciego2021\/wp-json\/wp\/v2\/media?parent=17"}],"curies":[{"name":"wp","href":"https:\/\/api.w.org\/{rel}","templated":true}]}}