{"id":9,"date":"2024-09-18T03:22:24","date_gmt":"2024-09-18T03:22:24","guid":{"rendered":"https:\/\/promociondeeventos.sld.cu\/snip2024\/?page_id=9"},"modified":"2024-09-27T15:32:12","modified_gmt":"2024-09-27T15:32:12","slug":"auspician","status":"publish","type":"page","link":"https:\/\/promociondeeventos.sld.cu\/snip2024\/auspician\/","title":{"rendered":"Auspician"},"content":{"rendered":"<p><strong>AUSPICIAN:<\/strong><\/p>\n<ul>\n<li>Organizaci\u00f3n Panamericana de La Salud (OPS)<\/li>\n<li>Ministerio de Salud P\u00fablica (MINSAP)<\/li>\n<li>Instituto de Medicina Tropical Pedro Kour\u00ed (IPK)<\/li>\n<li>Centro de Investigaci\u00f3n-Diagn\u00f3stico y Referencia (IPK)<\/li>\n<li>Laboratorio Nacional de Referencia de Parasitolog\u00eda (LNRP: Dpto. de Parasitolog\u00eda)<\/li>\n<li>Sociedad Cubana de Microbiolog\u00eda y Parasitolog\u00eda (SCMP)<\/li>\n<\/ul>\n<p><img decoding=\"async\" loading=\"lazy\" class=\"aligncenter\" src=\"http:\/\/promociondeeventos.sld.cu\/snip2024\/files\/2024\/09\/Logos.png\" width=\"240\" height=\"52\" \/><\/p>\n","protected":false},"excerpt":{"rendered":"<p>AUSPICIAN: Organizaci\u00f3n Panamericana de La Salud (OPS) Ministerio de Salud P\u00fablica (MINSAP) Instituto de Medicina Tropical Pedro Kour\u00ed (IPK) Centro de Investigaci\u00f3n-Diagn\u00f3stico y Referencia (IPK) Laboratorio Nacional de Referencia de Parasitolog\u00eda (LNRP: Dpto. de Parasitolog\u00eda) Sociedad Cubana de Microbiolog\u00eda y Parasitolog\u00eda (SCMP)<\/p>\n","protected":false},"author":3262,"featured_media":0,"parent":0,"menu_order":0,"comment_status":"closed","ping_status":"closed","template":"","meta":[],"_links":{"self":[{"href":"https:\/\/promociondeeventos.sld.cu\/snip2024\/wp-json\/wp\/v2\/pages\/9"}],"collection":[{"href":"https:\/\/promociondeeventos.sld.cu\/snip2024\/wp-json\/wp\/v2\/pages"}],"about":[{"href":"https:\/\/promociondeeventos.sld.cu\/snip2024\/wp-json\/wp\/v2\/types\/page"}],"author":[{"embeddable":true,"href":"https:\/\/promociondeeventos.sld.cu\/snip2024\/wp-json\/wp\/v2\/users\/3262"}],"replies":[{"embeddable":true,"href":"https:\/\/promociondeeventos.sld.cu\/snip2024\/wp-json\/wp\/v2\/comments?post=9"}],"version-history":[{"count":5,"href":"https:\/\/promociondeeventos.sld.cu\/snip2024\/wp-json\/wp\/v2\/pages\/9\/revisions"}],"predecessor-version":[{"id":65,"href":"https:\/\/promociondeeventos.sld.cu\/snip2024\/wp-json\/wp\/v2\/pages\/9\/revisions\/65"}],"wp:attachment":[{"href":"https:\/\/promociondeeventos.sld.cu\/snip2024\/wp-json\/wp\/v2\/media?parent=9"}],"curies":[{"name":"wp","href":"https:\/\/api.w.org\/{rel}","templated":true}]}}