{"id":7,"date":"2024-09-18T03:22:12","date_gmt":"2024-09-18T03:22:12","guid":{"rendered":"https:\/\/promociondeeventos.sld.cu\/snip2024\/?page_id=7"},"modified":"2024-09-27T15:28:39","modified_gmt":"2024-09-27T15:28:39","slug":"comite-organizador","status":"publish","type":"page","link":"https:\/\/promociondeeventos.sld.cu\/snip2024\/comite-organizador\/","title":{"rendered":"Comit\u00e9 organizador"},"content":{"rendered":"<p>Zhaily Gonz\u00e1lez Rodr\u00edguez (Presidente); <a href=\"mailto:zhaily@ipk.sld.cu\" target=\"_blank\" rel=\"noopener\">zhaily@ipk.sld.cu<\/a><\/p>\n<p>Prof. Susana Borroto Guti\u00e9rrez (Representante de OPS)<\/p>\n<p>Dora Enma Ginorio Gavito (Vicepresidente); <a href=\"mailto:dginorio@ipk.sld.cu\" target=\"_blank\" rel=\"noopener\">dginorio@ipk.sld.cu<\/a><\/p>\n<p><strong>MIEMBROS:<\/strong><\/p>\n<ul>\n<li>Yusaima Gonz\u00e1lez Arrebato: Ministerio de Salud P\u00fablica. Cuba<\/li>\n<li>Belsy Acosta Herrera: Ministerio de Salud P\u00fablica. Cuba<\/li>\n<li>Marta Castro Peraza: Instituto de Medicina Tropical Pedro Kour\u00ed. Cuba<\/li>\n<li>Jorge Ra\u00fal Campos D\u00edaz: Instituto de Medicina Tropical Pedro Kour\u00ed. Cuba<\/li>\n<li>F\u00e9lix Vald\u00e9s D\u00edaz: Instituto de Medicina Tropical Pedro Kour\u00ed. Cuba<\/li>\n<li>Lianet Monzote Fidalgo: Instituto de Medicina Tropical Pedro Kour\u00ed. Cuba<\/li>\n<li>Hilda Hern\u00e1ndez Alvarez: Instituto de Medicina Tropical Pedro Kour\u00ed. Cuba<\/li>\n<li>Uguardena Gavil\u00e1n Mart\u00ednez: Instituto de Medicina Tropical Pedro Kour\u00ed. Cuba<\/li>\n<\/ul>\n","protected":false},"excerpt":{"rendered":"<p>Zhaily Gonz\u00e1lez Rodr\u00edguez (Presidente); zhaily@ipk.sld.cu Prof. Susana Borroto Guti\u00e9rrez (Representante de OPS) Dora Enma Ginorio Gavito (Vicepresidente); dginorio@ipk.sld.cu MIEMBROS: Yusaima Gonz\u00e1lez Arrebato: Ministerio de Salud P\u00fablica. Cuba Belsy Acosta Herrera: Ministerio de Salud P\u00fablica. Cuba Marta Castro Peraza: Instituto de Medicina Tropical Pedro Kour\u00ed. Cuba Jorge Ra\u00fal Campos D\u00edaz: Instituto de Medicina Tropical Pedro Kour\u00ed. [&hellip;]<\/p>\n","protected":false},"author":3262,"featured_media":0,"parent":0,"menu_order":0,"comment_status":"closed","ping_status":"closed","template":"","meta":[],"_links":{"self":[{"href":"https:\/\/promociondeeventos.sld.cu\/snip2024\/wp-json\/wp\/v2\/pages\/7"}],"collection":[{"href":"https:\/\/promociondeeventos.sld.cu\/snip2024\/wp-json\/wp\/v2\/pages"}],"about":[{"href":"https:\/\/promociondeeventos.sld.cu\/snip2024\/wp-json\/wp\/v2\/types\/page"}],"author":[{"embeddable":true,"href":"https:\/\/promociondeeventos.sld.cu\/snip2024\/wp-json\/wp\/v2\/users\/3262"}],"replies":[{"embeddable":true,"href":"https:\/\/promociondeeventos.sld.cu\/snip2024\/wp-json\/wp\/v2\/comments?post=7"}],"version-history":[{"count":4,"href":"https:\/\/promociondeeventos.sld.cu\/snip2024\/wp-json\/wp\/v2\/pages\/7\/revisions"}],"predecessor-version":[{"id":60,"href":"https:\/\/promociondeeventos.sld.cu\/snip2024\/wp-json\/wp\/v2\/pages\/7\/revisions\/60"}],"wp:attachment":[{"href":"https:\/\/promociondeeventos.sld.cu\/snip2024\/wp-json\/wp\/v2\/media?parent=7"}],"curies":[{"name":"wp","href":"https:\/\/api.w.org\/{rel}","templated":true}]}}