{"id":11,"date":"2026-03-06T19:51:42","date_gmt":"2026-03-06T19:51:42","guid":{"rendered":"https:\/\/promociondeeventos.sld.cu\/sifilis2026\/?page_id=11"},"modified":"2026-03-16T14:46:16","modified_gmt":"2026-03-16T14:46:16","slug":"comite-organizador","status":"publish","type":"page","link":"https:\/\/promociondeeventos.sld.cu\/sifilis2026\/comite-organizador\/","title":{"rendered":"Comit\u00e9 Organizador"},"content":{"rendered":"<p>Orden alfab\u00e9tico:<\/p>\n<ul>\n<li>Dra. Anabel Hern\u00e1ndez Ruiz, Dr. C; Dpto. de Docencia, IPK (<a href=\"mailto:anabel.hernandez@ipk.sld.cu\" target=\"_blank\" rel=\"noopener\">anabel.hernandez@ipk.sld.cu<\/a>)<\/li>\n<li>Lic. Ana Carla Plasencia Guerra; Dpto. de Bacteriolog\u00eda-Micolog\u00eda, Centro de Investigaci\u00f3n, Diagn\u00f3stico y Referencia, IPK.<\/li>\n<li>Lic. Dainet Blanco Sosa; Dpto. Docencia, IPK (<a href=\"mailto:dainet@ipk.sld.cu\" target=\"_blank\" rel=\"noopener\">dainet@ipk.sld.cu<\/a>)<\/li>\n<li>Ing. Delmis Gainza \u00c1lvarez; M. Sc. Dpto. de Docencia, IPK (<a href=\"mailto:delmis@ipk.sld.cu\" target=\"_blank\" rel=\"noopener\">delmis@ipk.sld.cu<\/a>)<\/li>\n<li>T\u00e9c. Erika Serrano Mart\u00ednez; Dpto. de Bacteriolog\u00eda-Micolog\u00eda, Centro de Investigaci\u00f3n, Diagn\u00f3stico y Referencia, IPK.<\/li>\n<li>T\u00e9c. F\u00e9lix Vald\u00e9s D\u00edaz; Dpto. de Docencia, IPK (<a href=\"mailto:felix@ipk.sld.cu\" target=\"_blank\" rel=\"noopener\">felix@ipk.sld.cu<\/a>)<\/li>\n<li>T\u00e9c. Jorge Ra\u00fal Campos D\u00edaz; Dpto. de Docencia, IPK (jcampos@ipk.sld.cu)<\/li>\n<li>Dra. Mar\u00eda Teresa Illnait Zaragoz\u00ed, Dr. C; Dpto. de Bacteriolog\u00eda-Micolog\u00eda, IPK (<a href=\"mailto:mtilnait@ipk.sld.cu\" target=\"_blank\" rel=\"noopener\">mtilnait@ipk.sld.cu<\/a>)<\/li>\n<li>Lic. Melissa Rodr\u00edguez Nu\u00f1ez; Dpto. de Bacteriolog\u00eda-Micolog\u00eda, Centro de Investigaci\u00f3n, Diagn\u00f3stico y Referencia, IPK. (<a href=\"mailto:melissa.perez@ipk.sld.cu\" target=\"_blank\" rel=\"noopener\">melissa.perez@ipk.sld.cu<\/a>)<\/li>\n<li>Ing. Pablo C\u00e1rdena \u00c1lvarez; Dpto. de Docencia, IPK (<a href=\"mailto:pabloc@ipk.sld.cu\" target=\"_blank\" rel=\"noopener\">pabloc@ipk.sld.cu<\/a>)<\/li>\n<\/ul>\n","protected":false},"excerpt":{"rendered":"<p>Orden alfab\u00e9tico: Dra. Anabel Hern\u00e1ndez Ruiz, Dr. C; Dpto. de Docencia, IPK (anabel.hernandez@ipk.sld.cu) Lic. Ana Carla Plasencia Guerra; Dpto. de Bacteriolog\u00eda-Micolog\u00eda, Centro de Investigaci\u00f3n, Diagn\u00f3stico y Referencia, IPK. Lic. Dainet Blanco Sosa; Dpto. Docencia, IPK (dainet@ipk.sld.cu) Ing. Delmis Gainza \u00c1lvarez; M. Sc. Dpto. de Docencia, IPK (delmis@ipk.sld.cu) T\u00e9c. Erika Serrano Mart\u00ednez; Dpto. de Bacteriolog\u00eda-Micolog\u00eda, Centro [&hellip;]<\/p>\n","protected":false},"author":4,"featured_media":0,"parent":0,"menu_order":0,"comment_status":"closed","ping_status":"closed","template":"","meta":[],"_links":{"self":[{"href":"https:\/\/promociondeeventos.sld.cu\/sifilis2026\/wp-json\/wp\/v2\/pages\/11"}],"collection":[{"href":"https:\/\/promociondeeventos.sld.cu\/sifilis2026\/wp-json\/wp\/v2\/pages"}],"about":[{"href":"https:\/\/promociondeeventos.sld.cu\/sifilis2026\/wp-json\/wp\/v2\/types\/page"}],"author":[{"embeddable":true,"href":"https:\/\/promociondeeventos.sld.cu\/sifilis2026\/wp-json\/wp\/v2\/users\/4"}],"replies":[{"embeddable":true,"href":"https:\/\/promociondeeventos.sld.cu\/sifilis2026\/wp-json\/wp\/v2\/comments?post=11"}],"version-history":[{"count":3,"href":"https:\/\/promociondeeventos.sld.cu\/sifilis2026\/wp-json\/wp\/v2\/pages\/11\/revisions"}],"predecessor-version":[{"id":28,"href":"https:\/\/promociondeeventos.sld.cu\/sifilis2026\/wp-json\/wp\/v2\/pages\/11\/revisions\/28"}],"wp:attachment":[{"href":"https:\/\/promociondeeventos.sld.cu\/sifilis2026\/wp-json\/wp\/v2\/media?parent=11"}],"curies":[{"name":"wp","href":"https:\/\/api.w.org\/{rel}","templated":true}]}}