{"id":8,"date":"2023-10-25T16:56:21","date_gmt":"2023-10-25T16:56:21","guid":{"rendered":"https:\/\/promociondeeventos.sld.cu\/saludybienestar2023\/?page_id=8"},"modified":"2023-10-26T18:18:41","modified_gmt":"2023-10-26T18:18:41","slug":"comite-cientifico-2","status":"publish","type":"page","link":"https:\/\/promociondeeventos.sld.cu\/saludybienestar2023\/comite-cientifico-2\/","title":{"rendered":"Comit\u00e9 Organizador"},"content":{"rendered":"<p><strong>Comit\u00e9 Organizador <\/strong><\/p>\n<p>Presidente:<br \/>\nDra. Magdemely Fallat Ramos<\/p>\n<p>Decana FCM Calixto Garc\u00eda<\/p>\n<p>decanocalixto@infomed.sld.cu<\/p>\n<p>Miembros:<br \/>\nDr.C Mar\u00eda de los \u00c1ngeles Hern\u00e1ndez Sosa<\/p>\n<p>Dr.C Yuxini Acosta G\u00f3mez<\/p>\n<p>MSc Odilio Abad\u00eda Dom\u00ednguez<\/p>\n<p>Lic. Igor P\u00e9rez<\/p>\n<p>Dra. Tania Yero Travieso<\/p>\n<p>Dr. Jos\u00e9 \u00c1ngel \u00c1lvarez G\u00f3mez<\/p>\n<p>MSc Ivette Rubio Camisola<\/p>\n<p>MSc Gisela Sanjuan G\u00f3mez<\/p>\n<p>Est Sadam Iv\u00e1n Collado Vinent<\/p>\n<p>Fidel Estrada<\/p>\n<p>&nbsp;<\/p>\n","protected":false},"excerpt":{"rendered":"<p>Comit\u00e9 Organizador Presidente: Dra. Magdemely Fallat Ramos Decana FCM Calixto Garc\u00eda decanocalixto@infomed.sld.cu Miembros: Dr.C Mar\u00eda de los \u00c1ngeles Hern\u00e1ndez Sosa Dr.C Yuxini Acosta G\u00f3mez MSc Odilio Abad\u00eda Dom\u00ednguez Lic. Igor P\u00e9rez Dra. Tania Yero Travieso Dr. Jos\u00e9 \u00c1ngel \u00c1lvarez G\u00f3mez MSc Ivette Rubio Camisola MSc Gisela Sanjuan G\u00f3mez Est Sadam Iv\u00e1n Collado Vinent Fidel Estrada [&hellip;]<\/p>\n","protected":false},"author":4,"featured_media":0,"parent":0,"menu_order":0,"comment_status":"closed","ping_status":"closed","template":"","meta":[],"_links":{"self":[{"href":"https:\/\/promociondeeventos.sld.cu\/saludybienestar2023\/wp-json\/wp\/v2\/pages\/8"}],"collection":[{"href":"https:\/\/promociondeeventos.sld.cu\/saludybienestar2023\/wp-json\/wp\/v2\/pages"}],"about":[{"href":"https:\/\/promociondeeventos.sld.cu\/saludybienestar2023\/wp-json\/wp\/v2\/types\/page"}],"author":[{"embeddable":true,"href":"https:\/\/promociondeeventos.sld.cu\/saludybienestar2023\/wp-json\/wp\/v2\/users\/4"}],"replies":[{"embeddable":true,"href":"https:\/\/promociondeeventos.sld.cu\/saludybienestar2023\/wp-json\/wp\/v2\/comments?post=8"}],"version-history":[{"count":4,"href":"https:\/\/promociondeeventos.sld.cu\/saludybienestar2023\/wp-json\/wp\/v2\/pages\/8\/revisions"}],"predecessor-version":[{"id":59,"href":"https:\/\/promociondeeventos.sld.cu\/saludybienestar2023\/wp-json\/wp\/v2\/pages\/8\/revisions\/59"}],"wp:attachment":[{"href":"https:\/\/promociondeeventos.sld.cu\/saludybienestar2023\/wp-json\/wp\/v2\/media?parent=8"}],"curies":[{"name":"wp","href":"https:\/\/api.w.org\/{rel}","templated":true}]}}