{"id":10,"date":"2023-10-25T16:58:41","date_gmt":"2023-10-25T16:58:41","guid":{"rendered":"https:\/\/promociondeeventos.sld.cu\/saludybienestar2023\/?page_id=10"},"modified":"2023-10-26T18:23:55","modified_gmt":"2023-10-26T18:23:55","slug":"tematicas","status":"publish","type":"page","link":"https:\/\/promociondeeventos.sld.cu\/saludybienestar2023\/tematicas\/","title":{"rendered":"Tem\u00e1ticas:"},"content":{"rendered":"<p><strong>Tem\u00e1ticas:<\/strong><\/p>\n<ul>\n<li>Salud y Medio Ambiente<\/li>\n<li>Epigen\u00e9tica de las enfermedades en Salud P\u00fablica<\/li>\n<li>Envejecimiento poblacional,<\/li>\n<li>Cambio clim\u00e1tico y Una Salud<\/li>\n<li>Programa Materno Infantil y el enfoque Una Salud<\/li>\n<li>Reducci\u00f3n integrada de riesgos de desastres desde el enfoque Una Salud<\/li>\n<li>Vigilancia en Salud integrada al enfoque Una Salud<\/li>\n<li>Enfermedades emergentes y reemergentes en el contexto internacional actual Zoonosis de importancia en Salud P\u00fablica<\/li>\n<li>Inocuidad de alimentos y Salud P\u00fablica<\/li>\n<li>Impacto y mitigaci\u00f3n del cambio clim\u00e1tico desde la perspectiva de Una Salud<\/li>\n<li>Resistencia Antimicrobiana en el contexto<\/li>\n<li>Una Salud Las Ciencias Sociales y el Enfoque<\/li>\n<li>Una Salud Superaci\u00f3n permanente y continuada desde el enfoque Una Salud<\/li>\n<\/ul>\n","protected":false},"excerpt":{"rendered":"<p>Tem\u00e1ticas: Salud y Medio Ambiente Epigen\u00e9tica de las enfermedades en Salud P\u00fablica Envejecimiento poblacional, Cambio clim\u00e1tico y Una Salud Programa Materno Infantil y el enfoque Una Salud Reducci\u00f3n integrada de riesgos de desastres desde el enfoque Una Salud Vigilancia en Salud integrada al enfoque Una Salud Enfermedades emergentes y reemergentes en el contexto internacional actual [&hellip;]<\/p>\n","protected":false},"author":4,"featured_media":0,"parent":0,"menu_order":0,"comment_status":"closed","ping_status":"closed","template":"","meta":[],"_links":{"self":[{"href":"https:\/\/promociondeeventos.sld.cu\/saludybienestar2023\/wp-json\/wp\/v2\/pages\/10"}],"collection":[{"href":"https:\/\/promociondeeventos.sld.cu\/saludybienestar2023\/wp-json\/wp\/v2\/pages"}],"about":[{"href":"https:\/\/promociondeeventos.sld.cu\/saludybienestar2023\/wp-json\/wp\/v2\/types\/page"}],"author":[{"embeddable":true,"href":"https:\/\/promociondeeventos.sld.cu\/saludybienestar2023\/wp-json\/wp\/v2\/users\/4"}],"replies":[{"embeddable":true,"href":"https:\/\/promociondeeventos.sld.cu\/saludybienestar2023\/wp-json\/wp\/v2\/comments?post=10"}],"version-history":[{"count":3,"href":"https:\/\/promociondeeventos.sld.cu\/saludybienestar2023\/wp-json\/wp\/v2\/pages\/10\/revisions"}],"predecessor-version":[{"id":63,"href":"https:\/\/promociondeeventos.sld.cu\/saludybienestar2023\/wp-json\/wp\/v2\/pages\/10\/revisions\/63"}],"wp:attachment":[{"href":"https:\/\/promociondeeventos.sld.cu\/saludybienestar2023\/wp-json\/wp\/v2\/media?parent=10"}],"curies":[{"name":"wp","href":"https:\/\/api.w.org\/{rel}","templated":true}]}}