{"id":10,"date":"2024-04-23T13:23:17","date_gmt":"2024-04-23T13:23:17","guid":{"rendered":"https:\/\/promociondeeventos.sld.cu\/psicosaludhabana2024\/?page_id=10"},"modified":"2024-05-03T21:44:25","modified_gmt":"2024-05-03T21:44:25","slug":"organizan-y-auspician","status":"publish","type":"page","link":"https:\/\/promociondeeventos.sld.cu\/psicosaludhabana2024\/organizan-y-auspician\/","title":{"rendered":"Organizan y auspician:"},"content":{"rendered":"<ul>\n<li><strong>Cap\u00edtulo de La Habana de la Sociedad Cubana de Psicolog\u00eda de la Salud<\/strong><\/li>\n<li><strong> Departamento de Psicolog\u00eda del Hospital Cl\u00ednico Quir\u00fargico Hermanos Ameijeiras<\/strong><\/li>\n<li><strong> Unidad de Desarrollo e Innovaci\u00f3n Centro para el Desarollo Acad\u00e9mico sobre Drogodependencias\/UDI-CEDRO<br \/>\n<\/strong><\/li>\n<li><strong>Departamento de Psicooncolog\u00eda del Instituto Nacional de Oncolog\u00eda y Radiobiolog\u00eda<\/strong><\/li>\n<li><strong>Departamento de Psicolog\u00eda de la Facultad Calixto Garc\u00eda de la Universidad de Ciencias M\u00e9dicas de La Habana<\/strong><\/li>\n<li><strong>Centro Nacional de Informaci\u00f3n de Ciencias M\u00e9dicas\/Cencomed<br \/>\n<\/strong><\/li>\n<\/ul>\n<p>&nbsp;<\/p>\n","protected":false},"excerpt":{"rendered":"<p>Cap\u00edtulo de La Habana de la Sociedad Cubana de Psicolog\u00eda de la Salud Departamento de Psicolog\u00eda del Hospital Cl\u00ednico Quir\u00fargico Hermanos Ameijeiras Unidad de Desarrollo e Innovaci\u00f3n Centro para el Desarollo Acad\u00e9mico sobre Drogodependencias\/UDI-CEDRO Departamento de Psicooncolog\u00eda del Instituto Nacional de Oncolog\u00eda y Radiobiolog\u00eda Departamento de Psicolog\u00eda de la Facultad Calixto Garc\u00eda de la Universidad [&hellip;]<\/p>\n","protected":false},"author":4,"featured_media":0,"parent":0,"menu_order":0,"comment_status":"closed","ping_status":"closed","template":"","meta":[],"_links":{"self":[{"href":"https:\/\/promociondeeventos.sld.cu\/psicosaludhabana2024\/wp-json\/wp\/v2\/pages\/10"}],"collection":[{"href":"https:\/\/promociondeeventos.sld.cu\/psicosaludhabana2024\/wp-json\/wp\/v2\/pages"}],"about":[{"href":"https:\/\/promociondeeventos.sld.cu\/psicosaludhabana2024\/wp-json\/wp\/v2\/types\/page"}],"author":[{"embeddable":true,"href":"https:\/\/promociondeeventos.sld.cu\/psicosaludhabana2024\/wp-json\/wp\/v2\/users\/4"}],"replies":[{"embeddable":true,"href":"https:\/\/promociondeeventos.sld.cu\/psicosaludhabana2024\/wp-json\/wp\/v2\/comments?post=10"}],"version-history":[{"count":3,"href":"https:\/\/promociondeeventos.sld.cu\/psicosaludhabana2024\/wp-json\/wp\/v2\/pages\/10\/revisions"}],"predecessor-version":[{"id":50,"href":"https:\/\/promociondeeventos.sld.cu\/psicosaludhabana2024\/wp-json\/wp\/v2\/pages\/10\/revisions\/50"}],"wp:attachment":[{"href":"https:\/\/promociondeeventos.sld.cu\/psicosaludhabana2024\/wp-json\/wp\/v2\/media?parent=10"}],"curies":[{"name":"wp","href":"https:\/\/api.w.org\/{rel}","templated":true}]}}