{"id":2,"date":"2016-04-18T13:38:11","date_gmt":"2016-04-18T13:38:11","guid":{"rendered":"http:\/\/promociondeeventos.sld.cu\/psicosaludhabana2017\/?page_id=2"},"modified":"2017-01-27T16:00:09","modified_gmt":"2017-01-27T16:00:09","slug":"pagina-ejemplo","status":"publish","type":"page","link":"https:\/\/promociondeeventos.sld.cu\/psicosaludhabana2017\/pagina-ejemplo\/","title":{"rendered":"Env\u00edo de res\u00famenes"},"content":{"rendered":"<p>Solo se recepcionar\u00e1n los res\u00famenes de ponecias de autores que laboren en instituciones de la provincia La Habana y sean enviados al correo electr\u00f3nico <a href=\"mailto:psicojornada2017@infomed.sld.cu\">psicojornada2017@infomed.sld.cu<\/a> hasta el jueves 31 de marzo de 2017 y que cumplan con las normas siguientes:<\/p>\n<p>T\u00edtulo:<\/p>\n<p>Autores:<\/p>\n<p>Instituci\u00f3n:<\/p>\n<p>\u00c1rea tem\u00e1tica de la Psicolog\u00eda de la Salud que fundamentalmente se aborda en la ponencia:<\/p>\n<p>Localizaci\u00f3n (Correo Electr\u00f3nico)<\/p>\n<p>Res\u00famen\u00a0Estructurado hasta 250 palabras:<\/p>\n<p>1-Introducci\u00f3n<\/p>\n<p>2-Objetivo:<\/p>\n<p>3-Metodolog\u00eda:<\/p>\n<p>4-Resultados:<\/p>\n<p>5-Conclusiones:<\/p>\n<p>Las ponencias seleccionadas ser\u00e1n expuestas por\u00a0su autor principal como presentaci\u00f3n oral en el grupo de trabajo al que fue asignada.<\/p>\n","protected":false},"excerpt":{"rendered":"<p>Solo se recepcionar\u00e1n los res\u00famenes de ponecias de autores que laboren en instituciones de la provincia La Habana y sean enviados al correo electr\u00f3nico psicojornada2017@infomed.sld.cu hasta el jueves 31 de marzo de 2017 y que cumplan con las normas siguientes: T\u00edtulo: Autores: Instituci\u00f3n: \u00c1rea tem\u00e1tica de la Psicolog\u00eda de la Salud que fundamentalmente se aborda [&hellip;]<\/p>\n","protected":false},"author":3216,"featured_media":0,"parent":0,"menu_order":6,"comment_status":"closed","ping_status":"closed","template":"","meta":[],"_links":{"self":[{"href":"https:\/\/promociondeeventos.sld.cu\/psicosaludhabana2017\/wp-json\/wp\/v2\/pages\/2"}],"collection":[{"href":"https:\/\/promociondeeventos.sld.cu\/psicosaludhabana2017\/wp-json\/wp\/v2\/pages"}],"about":[{"href":"https:\/\/promociondeeventos.sld.cu\/psicosaludhabana2017\/wp-json\/wp\/v2\/types\/page"}],"author":[{"embeddable":true,"href":"https:\/\/promociondeeventos.sld.cu\/psicosaludhabana2017\/wp-json\/wp\/v2\/users\/3216"}],"replies":[{"embeddable":true,"href":"https:\/\/promociondeeventos.sld.cu\/psicosaludhabana2017\/wp-json\/wp\/v2\/comments?post=2"}],"version-history":[{"count":9,"href":"https:\/\/promociondeeventos.sld.cu\/psicosaludhabana2017\/wp-json\/wp\/v2\/pages\/2\/revisions"}],"predecessor-version":[{"id":68,"href":"https:\/\/promociondeeventos.sld.cu\/psicosaludhabana2017\/wp-json\/wp\/v2\/pages\/2\/revisions\/68"}],"wp:attachment":[{"href":"https:\/\/promociondeeventos.sld.cu\/psicosaludhabana2017\/wp-json\/wp\/v2\/media?parent=2"}],"curies":[{"name":"wp","href":"https:\/\/api.w.org\/{rel}","templated":true}]}}