{"id":5,"date":"2019-11-14T15:57:23","date_gmt":"2019-11-14T15:57:23","guid":{"rendered":"http:\/\/promociondeeventos.sld.cu\/psicosalud2020\/?page_id=5"},"modified":"2022-04-26T13:21:47","modified_gmt":"2022-04-26T13:21:47","slug":"convocatoria","status":"publish","type":"page","link":"https:\/\/promociondeeventos.sld.cu\/psicosalud2020\/","title":{"rendered":"Convocatoria"},"content":{"rendered":"<div class=\"txt-home\">\n<p style=\"text-align: justify\"><a href=\"http:\/\/promociondeeventos.sld.cu\/psicosalud2020\/files\/2019\/11\/SCPS_logo3.jpg\"><img decoding=\"async\" loading=\"lazy\" class=\"alignleft wp-image-119 size-full\" src=\"http:\/\/promociondeeventos.sld.cu\/psicosalud2020\/files\/2019\/11\/SCPS_logo3.jpg\" alt=\"Sociedad Cubana de Psicolog\u00eda de la Salud\" width=\"150\" height=\"197\" \/><\/a>Estimado(a) colega:<\/p>\n<p style=\"text-align: justify\">La Sociedad Cubana de Psicolog\u00eda de la Salud y el Grupo Nacional de Psicolog\u00eda del Ministerio de Salud P\u00fablica de la Rep\u00fablica de Cuba, convocan a la IX CONFERENCIA INTERNACIONAL DE PSICOLOG\u00cdA DE LA SALUD, PSICOSALUD 2020, que se celebrar\u00e1 del 19 al 23 de octubre de 2020, en el Palacio de Convenciones de La Habana, Cuba.<\/p>\n<p style=\"text-align: justify\">La intenci\u00f3n de este importante encuentro es que los asistentes al mismo puedan desarrollar un fluido y amplio intercambio de ideas sobre aspectos metodol\u00f3gicos, te\u00f3ricos y pr\u00e1cticos de la Psicolog\u00eda de la Salud, como disciplina espec\u00edfica, y su v\u00ednculo con otras especializaciones y campos del conocimiento que tengan a la salud humana como objeto de estudio.<\/p>\n<p style=\"text-align: justify\">La presencia de pluralidad de enfoques y del trabajo multi e interdisciplinar, como en otras ediciones, garantizar\u00e1 el conocer las v\u00e1lidas aportaciones que internacionalmente se vienen haciendo en cuanto a\u00a0destacar el creciente papel de la psiquis \u2013y su igual reconocimiento\u2013 en la\u00a0promoci\u00f3n, prevenci\u00f3n, tratamiento, rehabilitaci\u00f3n y determinaci\u00f3n de la\u00a0salud.<\/p>\n<p style=\"text-align: justify\">Destacadas y reconocidas figuras, procedentes de todos los continentes, se dar\u00e1n cita en La Habana, ciudad que con cinco siglos de historia se convertir\u00e1 en el recinto del saber y quehacer\u00a0psicol\u00f3gico, con una \u00fanica distinci\u00f3n compartida: <strong>Trabajar por la\u00a0salud del ser humano.<\/strong><\/p>\n<p style=\"text-align: justify\">Conscientes de la alta responsabilidad que significa trabajar por el desarrollo de la ciencia psicol\u00f3gica, las psic\u00f3logas y los psic\u00f3logos cubanos, junto a colegas de otras latitudes, trabajaremos por celebrar un evento de alta calidad cient\u00edfica y acad\u00e9mica.<\/p>\n<p style=\"text-align: justify\">M\u00e1s de 50 a\u00f1os de pr\u00e1ctica profesional constituyen un aval inobjetable que sabremos compartir con humildad, con todos aquellos que decidan acompa\u00f1arnos, para tambi\u00e9n mostrarnos sus experiencias y, por ende, aprender de ellos, como premisa indispensable que se deriva de una din\u00e1mica de intercambio cient\u00edfico y humano. Ello nos motiva tambi\u00e9n a\u00a0invitarlos a todos a compartir ciencia, cultura, arte e historia y a llenar esta hermosa ciudad de la alegre presencia de quienes por esos d\u00edas, la har\u00e1n m\u00e1s universal y m\u00e1s plena. Le aseguramos que la proverbial hospitalidad del cubano reinar\u00e1, para tambi\u00e9n asegurar el \u00e9xito de nuestra fiesta cient\u00edfica.<\/p>\n<p style=\"text-align: justify\">Le esperamos,<strong>\u00a0<\/strong><\/p>\n<p><strong>\u00a0<a href=\"http:\/\/promociondeeventos.sld.cu\/psicosalud2020\/files\/2019\/11\/Cobian_FIRMA.jpg\"><img decoding=\"async\" loading=\"lazy\" class=\"aligncenter wp-image-124 \" src=\"http:\/\/promociondeeventos.sld.cu\/psicosalud2020\/files\/2019\/11\/Cobian_FIRMA.jpg\" alt=\"Firma\" width=\"193\" height=\"151\" \/><\/a><\/strong><\/p>\n<p style=\"text-align: center\"><strong>Dr. Alberto E. Cobi\u00e1n Mena<\/strong><\/p>\n<p style=\"text-align: center\"><strong>Presidente del Comit\u00e9 Organizador<\/strong><\/p>\n<p style=\"text-align: center\"><strong>Presidente de la SCPS<\/strong><\/p>\n<\/div>\n","protected":false},"excerpt":{"rendered":"<p>Estimado(a) colega: La Sociedad Cubana de Psicolog\u00eda de la Salud y el Grupo Nacional de Psicolog\u00eda del Ministerio de Salud P\u00fablica de la Rep\u00fablica de Cuba, convocan a la IX CONFERENCIA INTERNACIONAL DE PSICOLOG\u00cdA DE LA SALUD, PSICOSALUD 2020, que se celebrar\u00e1 del 19 al 23 de octubre de 2020, en el Palacio de Convenciones [&hellip;]<\/p>\n","protected":false},"author":3262,"featured_media":0,"parent":0,"menu_order":0,"comment_status":"closed","ping_status":"open","template":"","meta":[],"_links":{"self":[{"href":"https:\/\/promociondeeventos.sld.cu\/psicosalud2020\/wp-json\/wp\/v2\/pages\/5"}],"collection":[{"href":"https:\/\/promociondeeventos.sld.cu\/psicosalud2020\/wp-json\/wp\/v2\/pages"}],"about":[{"href":"https:\/\/promociondeeventos.sld.cu\/psicosalud2020\/wp-json\/wp\/v2\/types\/page"}],"author":[{"embeddable":true,"href":"https:\/\/promociondeeventos.sld.cu\/psicosalud2020\/wp-json\/wp\/v2\/users\/3262"}],"replies":[{"embeddable":true,"href":"https:\/\/promociondeeventos.sld.cu\/psicosalud2020\/wp-json\/wp\/v2\/comments?post=5"}],"version-history":[{"count":9,"href":"https:\/\/promociondeeventos.sld.cu\/psicosalud2020\/wp-json\/wp\/v2\/pages\/5\/revisions"}],"predecessor-version":[{"id":224,"href":"https:\/\/promociondeeventos.sld.cu\/psicosalud2020\/wp-json\/wp\/v2\/pages\/5\/revisions\/224"}],"wp:attachment":[{"href":"https:\/\/promociondeeventos.sld.cu\/psicosalud2020\/wp-json\/wp\/v2\/media?parent=5"}],"curies":[{"name":"wp","href":"https:\/\/api.w.org\/{rel}","templated":true}]}}