{"id":15,"date":"2019-11-14T15:58:13","date_gmt":"2019-11-14T15:58:13","guid":{"rendered":"http:\/\/promociondeeventos.sld.cu\/psicosalud2020\/?page_id=15"},"modified":"2022-04-26T16:50:38","modified_gmt":"2022-04-26T16:50:38","slug":"contactos","status":"publish","type":"page","link":"https:\/\/promociondeeventos.sld.cu\/psicosalud2020\/contactos\/","title":{"rendered":"Contactos"},"content":{"rendered":"<p><strong>Comit\u00e9 Organizador<\/strong><\/p>\n<ul>\n<li><em>Dr. Alberto E. Cobi\u00e1n Mena, p<\/em>residente Comit\u00e9 Organizador<\/li>\n<\/ul>\n<p>E-mail: alberto.cobian@infomed.sld.cu<\/p>\n<p>Web: www.psicosaludcuba.com<\/p>\n<p><strong>Programa Cient\u00edfico<\/strong><\/p>\n<ul>\n<li><em>Dr. Justo Reinaldo Fabelo Roche<br \/>\n<\/em><\/li>\n<\/ul>\n<p>E-mail: ccpsicosalud2020@infomed.sld.cu<\/p>\n<p><strong>Atenci\u00f3n a delegados e invitados extranjeros<\/strong><\/p>\n<ul>\n<li>Prof. Crist\u00f3bal Eustasio Mesa Simpson<\/li>\n<\/ul>\n<p>E-mail: psicosalud2020@infomed.sld.cu<\/p>\n<p>cristobalmesa.mtz@infomed.sld.cu<\/p>\n<p><strong>Palacio de Convenciones de La Habana, Cuba<\/strong><\/p>\n<ul>\n<li><em>Lic. Alicia Garc\u00eda Gonz\u00e1lez, o<\/em>rganizadora profesional de congresos<\/li>\n<\/ul>\n<p>Tel\u00e9fono: (53) 7208 5199<\/p>\n<p>E-mail: aliciagarcia@palco.cu<\/p>\n<p>Web: www.eventospalco.com<\/p>\n<p><strong>Havanatur<\/strong><\/p>\n<ul>\n<li>Alexander Socorro, especialista<\/li>\n<\/ul>\n<p>Tel\u00e9fono: (53) 7201 9861<\/p>\n<p>E-mail: <a href=\"https:\/\/webmail.sld.cu\/imp\/message.php?mailbox=INBOX&amp;index=55029#\">esp3.eventos@havanatur.cu<\/a><\/p>\n<p>&nbsp;<\/p>\n","protected":false},"excerpt":{"rendered":"<p>Comit\u00e9 Organizador Dr. Alberto E. Cobi\u00e1n Mena, presidente Comit\u00e9 Organizador E-mail: alberto.cobian@infomed.sld.cu Web: www.psicosaludcuba.com Programa Cient\u00edfico Dr. Justo Reinaldo Fabelo Roche E-mail: ccpsicosalud2020@infomed.sld.cu Atenci\u00f3n a delegados e invitados extranjeros Prof. Crist\u00f3bal Eustasio Mesa Simpson E-mail: psicosalud2020@infomed.sld.cu cristobalmesa.mtz@infomed.sld.cu Palacio de Convenciones de La Habana, Cuba Lic. Alicia Garc\u00eda Gonz\u00e1lez, organizadora profesional de congresos Tel\u00e9fono: (53) 7208 [&hellip;]<\/p>\n","protected":false},"author":3262,"featured_media":0,"parent":0,"menu_order":0,"comment_status":"closed","ping_status":"open","template":"","meta":[],"_links":{"self":[{"href":"https:\/\/promociondeeventos.sld.cu\/psicosalud2020\/wp-json\/wp\/v2\/pages\/15"}],"collection":[{"href":"https:\/\/promociondeeventos.sld.cu\/psicosalud2020\/wp-json\/wp\/v2\/pages"}],"about":[{"href":"https:\/\/promociondeeventos.sld.cu\/psicosalud2020\/wp-json\/wp\/v2\/types\/page"}],"author":[{"embeddable":true,"href":"https:\/\/promociondeeventos.sld.cu\/psicosalud2020\/wp-json\/wp\/v2\/users\/3262"}],"replies":[{"embeddable":true,"href":"https:\/\/promociondeeventos.sld.cu\/psicosalud2020\/wp-json\/wp\/v2\/comments?post=15"}],"version-history":[{"count":6,"href":"https:\/\/promociondeeventos.sld.cu\/psicosalud2020\/wp-json\/wp\/v2\/pages\/15\/revisions"}],"predecessor-version":[{"id":226,"href":"https:\/\/promociondeeventos.sld.cu\/psicosalud2020\/wp-json\/wp\/v2\/pages\/15\/revisions\/226"}],"wp:attachment":[{"href":"https:\/\/promociondeeventos.sld.cu\/psicosalud2020\/wp-json\/wp\/v2\/media?parent=15"}],"curies":[{"name":"wp","href":"https:\/\/api.w.org\/{rel}","templated":true}]}}