{"id":33,"date":"2009-01-13T16:10:28","date_gmt":"2009-01-13T16:10:28","guid":{"rendered":"http:\/\/promociondeeventos.sld.cu\/psicohabana2010\/sede-del-evento\/"},"modified":"2010-04-30T18:38:14","modified_gmt":"2010-04-30T16:38:14","slug":"sede-del-evento","status":"publish","type":"page","link":"https:\/\/promociondeeventos.sld.cu\/psicohabana2010\/sede-del-evento\/","title":{"rendered":"Sede del evento"},"content":{"rendered":"<h2 style=\"text-align: center\"><span style=\"color: #000000\">PALACIO DE LAS CONVENCIONES<\/span><\/h2>\n<h2 style=\"text-align: center\"><span style=\"color: #000000\">DE<\/span><\/h2>\n<h2 style=\"text-align: center\"><span style=\"color: #000000\">CIUDAD DE LA HABANA<\/span><\/h2>\n<p style=\"text-align: justify\">Fundado en 1979, el Palacio de Convenciones de la Habana, es la instituci\u00f3n especializada en eventos y congresos de indiscutible prestigio en Cuba. Ubicado en uno de los barrios residenciales m\u00e1s hermosos de la ciudad, ocupa una superficie de 60 000 metros cuadrados. El Palacio organiza, promueve y realiza convenciones, congresos, simposios, conferencias, reuniones nacionales e internacionales, ferias y exposiciones. Adem\u00e1s, mediante una amplia red de agencias oficiales en Am\u00e9rica Latina, Am\u00e9rica del Norte y Europa, sin car\u00e1cter exclusivo y de com\u00fan acuerdo con asociaciones o empresas interesadas en estos servicios, promociona y comercializa el plan previsto para cada uno de los eventos y ferias internacionales que se programen en el \u00e1rea que ocupan las diferentes salas, adem\u00e1s de cinco snack-bars, se encuentran el bar principal, la cafeter\u00eda y restaurante. Brinda servicios de organizaci\u00f3n profesional de congresos, conferencias, oficiales de sala, secretar\u00eda t\u00e9cnica, distribuci\u00f3n de documentos, referencias, traducci\u00f3n, interpretaci\u00f3n simult\u00e1nea, mecanograf\u00eda, impresi\u00f3n, audio, acreditaci\u00f3n, adem\u00e1s de organizaci\u00f3n profesional de ferias, montaje de exposiciones, gastronom\u00eda, servicios m\u00e9dicos y facilidades generales. En Cuba, es el Palacio de Convenciones el lugar por excelencia para su evento o congreso.<\/p>\n<h2 style=\"text-align: justify\">Para m\u00e1s informaci\u00f3n visite nuestra p\u00e1gina\u00a0\u00a0<span style=\"color: #00ccff\"><span style=\"font-size: x-small;font-family: Lucida Calligraphy\"><a class=\"aligncenter\" href=\"http:\/\/www.cpalco.com\/\" target=\"_self\">www.cpalco.com<\/a><\/span><\/span><\/h2>\n","protected":false},"excerpt":{"rendered":"<p>PALACIO DE LAS CONVENCIONES DE CIUDAD DE LA HABANA Fundado en 1979, el Palacio de Convenciones de la Habana, es la instituci\u00f3n especializada en eventos y congresos de indiscutible prestigio en Cuba. Ubicado en uno de los barrios residenciales m\u00e1s hermosos de la ciudad, ocupa una superficie de 60 000 metros cuadrados. El Palacio organiza, [&hellip;]<\/p>\n","protected":false},"author":31,"featured_media":0,"parent":0,"menu_order":3,"comment_status":"open","ping_status":"open","template":"","meta":[],"_links":{"self":[{"href":"https:\/\/promociondeeventos.sld.cu\/psicohabana2010\/wp-json\/wp\/v2\/pages\/33"}],"collection":[{"href":"https:\/\/promociondeeventos.sld.cu\/psicohabana2010\/wp-json\/wp\/v2\/pages"}],"about":[{"href":"https:\/\/promociondeeventos.sld.cu\/psicohabana2010\/wp-json\/wp\/v2\/types\/page"}],"author":[{"embeddable":true,"href":"https:\/\/promociondeeventos.sld.cu\/psicohabana2010\/wp-json\/wp\/v2\/users\/31"}],"replies":[{"embeddable":true,"href":"https:\/\/promociondeeventos.sld.cu\/psicohabana2010\/wp-json\/wp\/v2\/comments?post=33"}],"version-history":[{"count":10,"href":"https:\/\/promociondeeventos.sld.cu\/psicohabana2010\/wp-json\/wp\/v2\/pages\/33\/revisions"}],"predecessor-version":[{"id":51,"href":"https:\/\/promociondeeventos.sld.cu\/psicohabana2010\/wp-json\/wp\/v2\/pages\/33\/revisions\/51"}],"wp:attachment":[{"href":"https:\/\/promociondeeventos.sld.cu\/psicohabana2010\/wp-json\/wp\/v2\/media?parent=33"}],"curies":[{"name":"wp","href":"https:\/\/api.w.org\/{rel}","templated":true}]}}

<h2 style="text-align: center"><span style="color: #000000">PALACIO DE LAS CONVENCIONES</span></h2>
<h2 style="text-align: center"><span style="color: #000000">DE</span></h2>
<h2 style="text-align: center"><span style="color: #000000">CIUDAD DE LA HABANA</span></h2>
<p style="text-align: justify">Fundado en 1979, el Palacio de Convenciones de la Habana, es la institución especializada en eventos y congresos de indiscutible prestigio en Cuba. Ubicado en uno de los barrios residenciales más hermosos de la ciudad, ocupa una superficie de 60 000 metros cuadrados. El Palacio organiza, promueve y realiza convenciones, congresos, simposios, conferencias, reuniones nacionales e internacionales, ferias y exposiciones. Además, mediante una amplia red de agencias oficiales en América Latina, América del Norte y Europa, sin carácter exclusivo y de común acuerdo con asociaciones o empresas interesadas en estos servicios, promociona y comercializa el plan previsto para cada uno de los eventos y ferias internacionales que se programen en el área que ocupan las diferentes salas, además de cinco snack-bars, se encuentran el bar principal, la cafetería y restaurante. Brinda servicios de organización profesional de congresos, conferencias, oficiales de sala, secretaría técnica, distribución de documentos, referencias, traducción, interpretación simultánea, mecanografía, impresión, audio, acreditación, además de organización profesional de ferias, montaje de exposiciones, gastronomía, servicios médicos y facilidades generales. En Cuba, es el Palacio de Convenciones el lugar por excelencia para su evento o congreso.</p>
<h2 style="text-align: justify">Para más información visite nuestra página  <span style="color: #00ccff"><span style="font-size: x-small;font-family: Lucida Calligraphy"><a class="aligncenter" href="http://www.cpalco.com/" target="_self">www.cpalco.com</a></span></span></h2>

<p>PALACIO DE LAS CONVENCIONES DE CIUDAD DE LA HABANA Fundado en 1979, el Palacio de Convenciones de la Habana, es la institución especializada en eventos y congresos de indiscutible prestigio en Cuba. Ubicado en uno de los barrios residenciales más hermosos de la ciudad, ocupa una superficie de 60 000 metros cuadrados. El Palacio organiza, [&hellip;]</p>
