{"id":3,"date":"2009-01-09T16:15:27","date_gmt":"2009-01-09T16:15:27","guid":{"rendered":"http:\/\/promociondeeventos.sld.cu\/psicohabana2010\/convocatoria\/"},"modified":"2010-12-09T19:04:20","modified_gmt":"2010-12-09T18:04:20","slug":"convocatoria","status":"publish","type":"page","link":"https:\/\/promociondeeventos.sld.cu\/psicohabana2010\/","title":{"rendered":"Convocatoria"},"content":{"rendered":"<p style=\"text-align: center\"><strong>\u00a0<\/strong><\/p>\n<p style=\"text-align: center\"><strong>V CONFERENCIA INTERNACIONAL <\/strong><\/p>\n<p style=\"text-align: center\"><strong>DEL <\/strong><\/p>\n<p style=\"text-align: center\"><strong>HOSPITAL PSIQUI\u00c1TRICO DE LA HABANA<\/strong><\/p>\n<h1 style=\"text-align: center\">\u00a0\u00a8Salud mental y calidad de vida\u00a8<\/h1>\n<p style=\"text-align: center\"><strong>\u00a0<\/strong><\/p>\n<div style=\"text-align: center\"><strong>\u00a0<\/strong><\/div>\n<p><strong>\u00a0<\/p>\n<p><\/strong><\/p>\n<pre style=\"text-align: center\"><strong>REUNI\u00d3N REGIONAL DE LA SECCI\u00d3N DE CLASIFICACI\u00d3N DE LA ASOCIACI\u00d3N PSIQUI\u00c1TRICA MUNDIAL<\/strong><\/pre>\n<pre style=\"text-align: center\"><strong>IV COLOQUIO INTERNACIONAL DE PSIQUIATR\u00c3\u008dA FORENSE<\/strong><\/pre>\n<pre style=\"text-align: center\"><strong><em> IX SIMPOSIO INTERNACIONAL <\/em><\/strong><strong>ASPECTOS BIOL\u00d3GICOS Y FARMACOTERAP\u00c3\u2030UTICOS DE LOS TRASTORNOS MENTALES<\/strong><\/pre>\n<pre style=\"text-align: center\"><strong>II SIMPOSIO\u00a0 FRANCO-CUBANO DE SALUD MENTAL<\/strong><\/pre>\n<pre style=\"text-align: center\"><strong>SIMPOSIO \"PRESENTE Y FUTURO DE LOS CUIDADOS ENFERMEROS <\/strong><strong>EN SALUD MENTAL EN CUBA\".<\/strong><\/pre>\n<pre style=\"text-align: center\"><strong>V COLOQUIO DE ARTE Y SALUD MENTAL PARA LATINOAMERICA Y EL CARIBE<\/strong><\/pre>\n<p style=\"text-align: center\"><strong>del 7 al 11 de\u00a0\u00a0marzo del 2011<\/strong><\/p>\n<div style=\"text-align: center\"><strong><a href=\"http:\/\/promociondeeventos.sld.cu\/psicohabana2010\/files\/2009\/01\/hph1.JPG\"><img decoding=\"async\" loading=\"lazy\" class=\"size-full wp-image-150 aligncenter\" src=\"http:\/\/promociondeeventos.sld.cu\/psicohabana2010\/files\/2009\/01\/hph1.JPG\" alt=\"hph\" width=\"110\" height=\"74\" \/><\/a><img decoding=\"async\" loading=\"lazy\" class=\"size-full wp-image-152 alignnone\" src=\"http:\/\/promociondeeventos.sld.cu\/psicohabana2010\/files\/2009\/01\/WPA3.JPG\" alt=\"WPA\" width=\"91\" height=\"81\" \/><a href=\"http:\/\/promociondeeventos.sld.cu\/psicohabana2010\/files\/2009\/01\/LOGO-WPAR1.JPG\"><img decoding=\"async\" loading=\"lazy\" class=\"size-full wp-image-155 aligncenter\" src=\"http:\/\/promociondeeventos.sld.cu\/psicohabana2010\/files\/2009\/01\/LOGO-WPAR1.JPG\" alt=\"LOGO WPAR\" width=\"95\" height=\"71\" \/><\/a>\u00a0<a href=\"http:\/\/promociondeeventos.sld.cu\/psicohabana2010\/files\/2009\/01\/franco-cubana3.jpg\"><img decoding=\"async\" loading=\"lazy\" class=\"alignright size-full wp-image-186\" src=\"http:\/\/promociondeeventos.sld.cu\/psicohabana2010\/files\/2009\/01\/franco-cubana3.jpg\" alt=\"franco cubana\" width=\"116\" height=\"95\" \/><\/a><a href=\"http:\/\/promociondeeventos.sld.cu\/psicohabana2010\/files\/2009\/01\/neuro-logo1.JPG\"><img decoding=\"async\" loading=\"lazy\" class=\"size-medium wp-image-154 aligncenter\" src=\"http:\/\/promociondeeventos.sld.cu\/psicohabana2010\/files\/2009\/01\/neuro-logo1-300x238.jpg\" alt=\"neuro logo\" width=\"109\" height=\"75\" \/><\/a><\/strong><\/div>\n<p style=\"text-align: center\">\n<div><strong>\u00a0<\/strong><\/div>\n<div><strong>\u00a0<\/strong><\/div>\n<div><strong>\u00a0<\/strong><\/div>\n<p><strong>\u00a0<\/p>\n<p><\/strong><\/p>\n<p style=\"text-align: center\"><a title=\"flag-en.gif\" href=\"http:\/\/promociondeeventos.sld.cu\/psicohavana2010\"><img decoding=\"async\" loading=\"lazy\" src=\"http:\/\/promociondeeventos.sld.cu\/psicohabana2010\/files\/2009\/02\/flag-en.thumbnail.gif\" border=\"0\" alt=\"flag-en.gif\" width=\"18\" height=\"16\" align=\"right\" \/><\/a><\/p>\n<p style=\"text-align: center\">\n<p style=\"text-align: justify\"><em>Estimados colegas:<\/em><\/p>\n<p style=\"text-align: justify\"><em>El Hospital Psiqui\u00e1trico de la Habana (HPH) efectuar\u00e1 su V Conferencia Internacional PSICOHABANA 2011 y la Reuni\u00f3n Regional de la Secci\u00f3n de Clasificaci\u00f3n de la Asociaci\u00f3n Mundial de Psiquiatr\u00eda entre los d\u00edas 7 y 11 de marzo del 2011 en el Palacio de las Convenciones de La Habana, \u00a0Cuba.<\/em><\/p>\n<p style=\"text-align: justify\"><em>Este Congreso ser\u00e1 una magnifica oportunidad para el intercambio y actualizaci\u00f3n de conocimientos de especialistas, profesores e investigadores de la Salud Mental y otras especialidades afines.<\/em><\/p>\n<p style=\"text-align: justify\"><em>Las tem\u00e1ticas abarcar\u00e1n la Psiquiatr\u00eda y psicolog\u00eda cl\u00ednica; diagn\u00f3stico \u00e2\u20ac\u201c clasificaci\u00f3n e investigaci\u00f3n psiqui\u00e1trica; la psiquiatr\u00eda y la psicolog\u00eda forense; drogodependencias; farmacoterap\u00e9utica de los trastornos mentales; rehabilitaci\u00f3n del paciente psiqui\u00e1trico; enfermer\u00eda y psicoballet.<\/em><\/p>\n<p style=\"text-align: justify\"><em>Adem\u00e1s, de la cita cient\u00edfica tendr\u00e1n la oportunidad de disfrutar de la hospitalidad de nuestro pueblo y conocer\u00e1n La Habana cargada de costumbres y tradiciones.<\/em><\/p>\n<p style=\"text-align: justify\"><em>\u00a0<\/em><\/p>\n<p style=\"text-align: justify\"><em>Esperamos contar con su participaci\u00f3n.<\/em><\/p>\n<p style=\"text-align: justify\"><em>Fraternalmente,<\/em><\/p>\n<p style=\"text-align: justify\"><strong><em>\u00a0<\/em><\/strong><\/p>\n<p style=\"text-align: justify\"><strong><em>Dr. Dalsys Torres \u00c1vila<\/em><\/strong><\/p>\n<p style=\"text-align: justify\"><strong><em>\u00a0<\/em><em>Presidente de Congreso<\/em><\/strong><em> <\/em><\/p>\n","protected":false},"excerpt":{"rendered":"<p>\u00a0 V CONFERENCIA INTERNACIONAL DEL HOSPITAL PSIQUI\u00c1TRICO DE LA HABANA \u00a0\u00a8Salud mental y calidad de vida\u00a8 \u00a0 \u00a0 \u00a0 REUNI\u00d3N REGIONAL DE LA SECCI\u00d3N DE CLASIFICACI\u00d3N DE LA ASOCIACI\u00d3N PSIQUI\u00c1TRICA MUNDIAL IV COLOQUIO INTERNACIONAL DE PSIQUIATR\u00c3\u008dA FORENSE IX SIMPOSIO INTERNACIONAL ASPECTOS BIOL\u00d3GICOS Y FARMACOTERAP\u00c3\u2030UTICOS DE LOS TRASTORNOS MENTALES II SIMPOSIO\u00a0 FRANCO-CUBANO DE SALUD MENTAL SIMPOSIO [&hellip;]<\/p>\n","protected":false},"author":31,"featured_media":0,"parent":0,"menu_order":1,"comment_status":"closed","ping_status":"closed","template":"","meta":[],"_links":{"self":[{"href":"https:\/\/promociondeeventos.sld.cu\/psicohabana2010\/wp-json\/wp\/v2\/pages\/3"}],"collection":[{"href":"https:\/\/promociondeeventos.sld.cu\/psicohabana2010\/wp-json\/wp\/v2\/pages"}],"about":[{"href":"https:\/\/promociondeeventos.sld.cu\/psicohabana2010\/wp-json\/wp\/v2\/types\/page"}],"author":[{"embeddable":true,"href":"https:\/\/promociondeeventos.sld.cu\/psicohabana2010\/wp-json\/wp\/v2\/users\/31"}],"replies":[{"embeddable":true,"href":"https:\/\/promociondeeventos.sld.cu\/psicohabana2010\/wp-json\/wp\/v2\/comments?post=3"}],"version-history":[{"count":31,"href":"https:\/\/promociondeeventos.sld.cu\/psicohabana2010\/wp-json\/wp\/v2\/pages\/3\/revisions"}],"predecessor-version":[{"id":40,"href":"https:\/\/promociondeeventos.sld.cu\/psicohabana2010\/wp-json\/wp\/v2\/pages\/3\/revisions\/40"}],"wp:attachment":[{"href":"https:\/\/promociondeeventos.sld.cu\/psicohabana2010\/wp-json\/wp\/v2\/media?parent=3"}],"curies":[{"name":"wp","href":"https:\/\/api.w.org\/{rel}","templated":true}]}}