{"id":20,"date":"2009-01-12T20:18:07","date_gmt":"2009-01-12T20:18:07","guid":{"rendered":"http:\/\/promociondeeventos.sld.cu\/psicohabana2010\/"},"modified":"2009-12-23T16:45:05","modified_gmt":"2009-12-23T15:45:05","slug":"cuotas-de-inscripcion","status":"publish","type":"page","link":"https:\/\/promociondeeventos.sld.cu\/psicohabana2010\/cuotas-de-inscripcion\/","title":{"rendered":"Cuotas de inscripci\u00f3n"},"content":{"rendered":"<p><strong>Delegados Extranjeros<\/strong><\/p>\n<table border=\"1\" cellspacing=\"0\" cellpadding=\"0\">\n<tbody>\n<tr>\n<td width=\"187\" valign=\"top\">\u00a0<\/td>\n<td width=\"101\" valign=\"top\"><span style=\"font-size: small\"><span style=\"font-family: Times New Roman\">Delegados<\/span><\/span><\/td>\n<td width=\"144\" valign=\"top\"><span style=\"font-size: small\"><span style=\"font-family: Times New Roman\">Estudiantes<\/span><\/span><\/td>\n<td width=\"144\" valign=\"top\"><span style=\"font-size: small\"><span style=\"font-family: Times New Roman\">Acompa\u00f1antes <\/span><\/span><\/td>\n<\/tr>\n<tr>\n<td width=\"187\" valign=\"top\"><span style=\"font-size: small\"><span style=\"font-family: Times New Roman\">Hasta 24 de febrero<\/span><\/span><\/td>\n<td width=\"101\" valign=\"top\"><span style=\"font-size: small\"><span style=\"font-family: Times New Roman\">230.00 CUC<\/span><\/span><\/td>\n<td width=\"144\" valign=\"top\"><span style=\"font-size: small;font-family: Times New Roman\">\u00a0<\/span><\/td>\n<td width=\"144\" valign=\"top\"><span style=\"font-size: small\"><span style=\"font-family: Times New Roman\">80.00 CUC<\/span><\/span><\/td>\n<\/tr>\n<tr>\n<td width=\"187\" valign=\"top\"><span style=\"font-size: small\"><span style=\"font-family: Times New Roman\">A partir del 25 de febrero<\/span><\/span><\/td>\n<td width=\"101\" valign=\"top\"><span style=\"font-size: small\"><span style=\"font-family: Times New Roman\">250.00 CUC<\/span><\/span><\/td>\n<td width=\"144\" valign=\"top\"><span style=\"font-size: small\"><span style=\"font-family: Times New Roman\">120.00 CUC *<\/span><\/span><\/td>\n<td width=\"144\" valign=\"top\"><span style=\"font-size: small\"><span style=\"font-family: Times New Roman\">80.00 CUC<\/span><\/span><\/td>\n<\/tr>\n<\/tbody>\n<\/table>\n<p>* Para estudiantes, previa presentaci\u00f3n de una carta que lo acredite, debidamente firmada y con el sello de la direcci\u00f3n de su centro de estudios<\/p>\n<p>Las cuotas de inscripci\u00f3n incluyen:<\/p>\n<p><strong><em>Delegados y Estudiantes<\/em><\/strong>:<br \/>\nCredencial con acceso a todas las sesiones de trabajo de la Conferencia, documentaci\u00f3n (incluye el libro de programa &#8211; res\u00famenes y el CD con las memorias), participaci\u00f3n en las actividades sociales, certificados de participante y autor, este \u00faltimo en caso de presentar trabajos.<\/p>\n<p><strong><em>Acompa\u00f1ante<\/em><\/strong>:<br \/>\nCredencial, souvenirs, participaci\u00f3n en las actividades sociales, actos de apertura y clausura de la Conferencia. No tendr\u00e1n acceso a las sesiones de trabajo.<\/p>\n<p><strong><em>Carta de Participaci\u00f3n<\/em><\/strong><\/p>\n<p>Los participantes que requieran una Carta de Invitaci\u00f3n para participar en la Conferencia, a fin de realizar los tr\u00e1mites de viaje correspondientes, podr\u00e1n solicitarla al Comit\u00e9 Organizador al e-mail: psicohabana2010@infomed.sld.cu.<\/p>\n<p><strong><em>Formas de pago<br \/>\n<\/em><\/strong>Las personas interesadas puden inscribirse y pagar la cuota de inscripci\u00f3n online atrav\u00e9s del Sitio Web: www.psicohabana.com El pago de la inscripci\u00f3n se podr\u00e1 realizar tambi\u00e9n directamente en el Centro de Registro y Acreditacionesm del Palacio de Convenciones de La Habana, Sedes del Evento, en el momento de la acreditaci\u00f3n, mediante:<\/p>\n<p>Efectivo CUC (Pesos Cubanos Convertibles)<br \/>\nTarjetas de Cr\u00e9ditos<br \/>\nEl Peso Cubano Convertible (CUC) es la moneda de circulaci\u00f3n oficial en el pa\u00eds. La misma se puede obtener a la llegada a Cuba en aeropuertos, hoteles, centro de convenciones, agencias bancarias y casas de cambio. El canje a esta moneda puede efectuarlo con euros, d\u00f3lares estadounidenses y canadienses, libras esterlinas, francos suizos, pesos mexicanos, a la tasa de cambio y comisiones vigentes en el momento.<br \/>\nEn Cuba se aceptan las siguientes tarjetas de cr\u00e9dito: Visa y Master Card, siempre y cuando la casa matriz no sea un banco norteamericano.<br \/>\nEl pago de los cursos preconferencia se realizar\u00e1 en efectivo en la propia sede donde se impartir\u00e1n.<br \/>\nPara mayor informaci\u00f3n sobre la conversi\u00f3n de la moneda CUC visite el sitio web del Banco Metropolitano: http:\/\/www.banco-metropolitano.com\/<\/p>\n<p><strong>Delegados Cubanos<\/strong><\/p>\n<table border=\"1\" cellspacing=\"0\" cellpadding=\"0\">\n<tbody>\n<tr>\n<td width=\"187\" valign=\"top\">\u00a0<\/td>\n<td width=\"101\" valign=\"top\"><span style=\"font-size: small\"><span style=\"font-family: Times New Roman\">Delegados<\/span><\/span><\/td>\n<td width=\"144\" valign=\"top\"><span style=\"font-size: small\"><span style=\"font-family: Times New Roman\">Estudiantes *<\/span><\/span><\/td>\n<td width=\"144\" valign=\"top\"><span style=\"font-size: small\"><span style=\"font-family: Times New Roman\">Acompa\u00f1antes <\/span><\/span><\/td>\n<\/tr>\n<tr>\n<td width=\"187\" valign=\"top\"><span style=\"font-size: small\"><span style=\"font-family: Times New Roman\">Hasta 24 de febrero<\/span><\/span><\/td>\n<td width=\"101\" valign=\"top\"><span style=\"font-size: small\"><span style=\"font-family: Times New Roman\">230.00 CUP<\/span><\/span><\/td>\n<td width=\"144\" valign=\"top\"><span style=\"font-size: small\"><span style=\"font-family: Times New Roman\">100.00 CUP <\/span><\/span><\/td>\n<td width=\"144\" valign=\"top\"><span style=\"font-size: small\"><span style=\"font-family: Times New Roman\">80.00 CUP<\/span><\/span><\/td>\n<\/tr>\n<tr>\n<td width=\"187\" valign=\"top\"><span style=\"font-size: small\"><span style=\"font-family: Times New Roman\">Apartir del 25 de febrero<\/span><\/span><\/td>\n<td width=\"101\" valign=\"top\"><span style=\"font-size: small\"><span style=\"font-family: Times New Roman\">250.00 CUP<\/span><\/span><\/td>\n<td width=\"144\" valign=\"top\"><span style=\"font-size: small\"><span style=\"font-family: Times New Roman\">120.00 CUP <\/span><\/span><\/td>\n<td width=\"144\" valign=\"top\"><span style=\"font-size: small\"><span style=\"font-family: Times New Roman\">80.00 CUP<\/span><\/span><\/td>\n<\/tr>\n<\/tbody>\n<\/table>\n<p><strong><em>Delegados y Estudiantes<\/em><\/strong>:<br \/>\nCredencial con acceso a todas las sesiones de trabajo de la Conferencia, documentaci\u00f3n (incluye el libro de programa &#8211; res\u00famenes y el CD con las memorias), participaci\u00f3n en las actividades sociales, certificados de participante y autor, este \u00faltimo en caso de presentar trabajos.<\/p>\n<p><strong>* Para estudiantes, previa presentaci\u00f3n de una carta que lo acredite, debidamente firmada y con el sello de la direcci\u00f3n de su centro de estudios<\/p>\n<p>Las cuotas de inscripci\u00f3n incluyen:<\/p>\n<p>\u00a0<\/p>\n<p><strong><em>Carta de Participaci\u00f3n<\/em><\/strong><\/p>\n<p>Los participantes que requieran una Carta de Invitaci\u00f3n para participar en la Conferencia, podr\u00e1n solicitarla al Comit\u00e9 Organizador al e-mail: psicohabana2010@infomed.sld.cu.<\/p>\n<p><strong><em>Formas de pago<br \/>\n<\/em><\/strong>Se abonara la Cuota de inscripci\u00f3n del evento y la de los cursos Precongresos en grupo Eventos del MINSAP que radica en 15 y 2 en el Vedado.<\/p>\n<p>El pago de la inscripci\u00f3n se podr\u00e1 realizar tambi\u00e9n directamente en el Centro de Registro y Acreditaciones del Palacio de Convenciones de La Habana, sede del evento, en el momento de la acreditaci\u00f3n.<br \/>\nEl pago de los cursos precongreso tambi\u00e9n podr\u00e1 realizarse en efectivo en la propia sede donde se impartir\u00e1n.<\/p>\n<p><\/strong><\/p>\n","protected":false},"excerpt":{"rendered":"<p>Delegados Extranjeros \u00a0 Delegados Estudiantes Acompa\u00f1antes Hasta 24 de febrero 230.00 CUC \u00a0 80.00 CUC A partir del 25 de febrero 250.00 CUC 120.00 CUC * 80.00 CUC * Para estudiantes, previa presentaci\u00f3n de una carta que lo acredite, debidamente firmada y con el sello de la direcci\u00f3n de su centro de estudios Las cuotas [&hellip;]<\/p>\n","protected":false},"author":31,"featured_media":0,"parent":0,"menu_order":9,"comment_status":"open","ping_status":"open","template":"","meta":[],"_links":{"self":[{"href":"https:\/\/promociondeeventos.sld.cu\/psicohabana2010\/wp-json\/wp\/v2\/pages\/20"}],"collection":[{"href":"https:\/\/promociondeeventos.sld.cu\/psicohabana2010\/wp-json\/wp\/v2\/pages"}],"about":[{"href":"https:\/\/promociondeeventos.sld.cu\/psicohabana2010\/wp-json\/wp\/v2\/types\/page"}],"author":[{"embeddable":true,"href":"https:\/\/promociondeeventos.sld.cu\/psicohabana2010\/wp-json\/wp\/v2\/users\/31"}],"replies":[{"embeddable":true,"href":"https:\/\/promociondeeventos.sld.cu\/psicohabana2010\/wp-json\/wp\/v2\/comments?post=20"}],"version-history":[{"count":2,"href":"https:\/\/promociondeeventos.sld.cu\/psicohabana2010\/wp-json\/wp\/v2\/pages\/20\/revisions"}],"predecessor-version":[{"id":87,"href":"https:\/\/promociondeeventos.sld.cu\/psicohabana2010\/wp-json\/wp\/v2\/pages\/20\/revisions\/87"}],"wp:attachment":[{"href":"https:\/\/promociondeeventos.sld.cu\/psicohabana2010\/wp-json\/wp\/v2\/media?parent=20"}],"curies":[{"name":"wp","href":"https:\/\/api.w.org\/{rel}","templated":true}]}}