{"id":15,"date":"2009-01-12T18:42:33","date_gmt":"2009-01-12T18:42:33","guid":{"rendered":"http:\/\/promociondeeventos.sld.cu\/psicohabana2010\/"},"modified":"2011-03-06T00:22:49","modified_gmt":"2011-03-05T23:22:49","slug":"comite-organizador","status":"publish","type":"page","link":"https:\/\/promociondeeventos.sld.cu\/psicohabana2010\/comite-organizador\/","title":{"rendered":"Comite Organizador"},"content":{"rendered":"<address><strong>PRESIDENTES DE HONOR<\/strong><\/address>\n<p style=\"text-align: center\"><strong>Roberto Tomas Morales<\/strong><\/p>\n<p style=\"text-align: center\">MINISTRO DE SALUD DE CUBA<\/p>\n<p style=\"text-align: center\"><strong>Jos\u00e9 Ram\u00f3n Balaguer<\/strong><\/p>\n<p style=\"text-align: center\">EX MINISTRO DE SALUD DE CUBA<\/p>\n<p style=\"text-align: center\"><span><strong>Pedro Ruiz<\/strong><br \/>\n<\/span><span>PRESIDENTE ELECTO WPA<\/span><\/p>\n<p style=\"text-align: center\"><span><span><strong>Michael Madianos<\/strong><br \/>\nPRESIDENTE SECCI\u00d3N DE\u00a0REHABILITACION DE LA WPA<\/span><\/span><\/p>\n<h4 style=\"text-align: center\">PRESIDENTES DEL CONGRESO<\/h4>\n<p align=\"center\"><span><strong>Dalsys Torres<\/strong><br \/>\n<\/span><span>DIRECTOR DEL HOSPITAL PSIQUI\u00c1TRICO DE LA HABANA<\/span><\/p>\n<p align=\"center\"><span><strong>Miguel Valdes <\/strong><br \/>\n<\/span><span>PRESIDENTE SOCIEDAD CUBANA DE PSIQUIATR\u00c3\u008dA<\/span><\/p>\n<p style=\"text-align: center\"><strong>Ihsan Salloum<br \/>\n<\/strong>PRESIDENTE SECCI\u00d3N DE CLASIFICACI\u00d3N DE LA WPA<\/p>\n<p style=\"text-align: center\"><strong>Ricardo Gonz\u00e1lez<br \/>\n<\/strong><\/p>\n<p style=\"text-align: center\">PAST PRESIDENTE SOCIEDAD CUBANA DE PSIQUIATRIA<\/p>\n<h4 style=\"text-align: center\">COMIT\u00c3\u2030 ORGANIZADOR<\/h4>\n<p style=\"text-align: center\"><strong>Presidente:<\/strong>Carlos Rubalcaba<\/p>\n<p style=\"text-align: center\"><strong>Secretaria General:<\/strong> Margarita Martin<\/p>\n<p style=\"text-align: center\"><strong>Miembros<\/strong><\/p>\n<p style=\"text-align: center\">\u00a0<\/p>\n<p style=\"text-align: center\">Lourdes Dom\u00ednguez<\/p>\n<p style=\"text-align: center\">Alejandro Saavedra<\/p>\n<p style=\"text-align: center\">Jes\u00fas Amador<\/p>\n<p style=\"text-align: center\">Raul Rodriguez<\/p>\n<p style=\"text-align: center\">Elizabeth Cruz<\/p>\n<p style=\"text-align: center\">Lazara P\u00e9rez<\/p>\n<p style=\"text-align: center\">Ra\u00fal Gil<\/p>\n<p style=\"text-align: center\">\u00c1ngel Otero<\/p>\n<p style=\"text-align: center\">Jovita Paez<\/p>\n<p style=\"text-align: center\">Ana Sarracent<\/p>\n<p style=\"text-align: center\">Reina Rodr\u00edguez<\/p>\n<p style=\"text-align: center\">Ernesto P\u00e9rez<\/p>\n<h4 style=\"text-align: center\">COMIT\u00c3\u2030 CIENT\u00c3\u008dFICO<\/h4>\n<p style=\"text-align: center\"><strong>Presidente:<\/strong> Jos\u00e9 F. P\u00e9rez<\/p>\n<p style=\"text-align: center\"><strong>Secretaria:<\/strong> Gina M. Galan<\/p>\n<p style=\"text-align: center\"><strong>Miembros<\/strong><\/p>\n<p style=\"text-align: center\">Salvador Gonz\u00e1lez<\/p>\n<p style=\"text-align: center\">Luis Calzadilla<\/p>\n<p style=\"text-align: center\">Minervina Roman<\/p>\n<p style=\"text-align: center\">Luis Manuel Ulloa<\/p>\n<table border=\"0\" cellspacing=\"0\" cellpadding=\"0\">\n<tbody>\n<tr>\n<td width=\"428\"><em>\u00a0<\/em><\/td>\n<\/tr>\n<tr>\n<td width=\"428\"><em>\u00a0<\/em><em>\u00a0<\/em><\/td>\n<\/tr>\n<\/tbody>\n<\/table>\n","protected":false},"excerpt":{"rendered":"<p>PRESIDENTES DE HONOR Roberto Tomas Morales MINISTRO DE SALUD DE CUBA Jos\u00e9 Ram\u00f3n Balaguer EX MINISTRO DE SALUD DE CUBA Pedro Ruiz PRESIDENTE ELECTO WPA Michael Madianos PRESIDENTE SECCI\u00d3N DE\u00a0REHABILITACION DE LA WPA PRESIDENTES DEL CONGRESO Dalsys Torres DIRECTOR DEL HOSPITAL PSIQUI\u00c1TRICO DE LA HABANA Miguel Valdes PRESIDENTE SOCIEDAD CUBANA DE PSIQUIATR\u00c3\u008dA Ihsan Salloum PRESIDENTE [&hellip;]<\/p>\n","protected":false},"author":31,"featured_media":0,"parent":0,"menu_order":5,"comment_status":"closed","ping_status":"closed","template":"","meta":[],"_links":{"self":[{"href":"https:\/\/promociondeeventos.sld.cu\/psicohabana2010\/wp-json\/wp\/v2\/pages\/15"}],"collection":[{"href":"https:\/\/promociondeeventos.sld.cu\/psicohabana2010\/wp-json\/wp\/v2\/pages"}],"about":[{"href":"https:\/\/promociondeeventos.sld.cu\/psicohabana2010\/wp-json\/wp\/v2\/types\/page"}],"author":[{"embeddable":true,"href":"https:\/\/promociondeeventos.sld.cu\/psicohabana2010\/wp-json\/wp\/v2\/users\/31"}],"replies":[{"embeddable":true,"href":"https:\/\/promociondeeventos.sld.cu\/psicohabana2010\/wp-json\/wp\/v2\/comments?post=15"}],"version-history":[{"count":22,"href":"https:\/\/promociondeeventos.sld.cu\/psicohabana2010\/wp-json\/wp\/v2\/pages\/15\/revisions"}],"predecessor-version":[{"id":45,"href":"https:\/\/promociondeeventos.sld.cu\/psicohabana2010\/wp-json\/wp\/v2\/pages\/15\/revisions\/45"}],"wp:attachment":[{"href":"https:\/\/promociondeeventos.sld.cu\/psicohabana2010\/wp-json\/wp\/v2\/media?parent=15"}],"curies":[{"name":"wp","href":"https:\/\/api.w.org\/{rel}","templated":true}]}}