{"id":89,"date":"2020-12-14T19:59:24","date_gmt":"2020-12-14T19:59:24","guid":{"rendered":"http:\/\/promociondeeventos.sld.cu\/profesoranduxinmemorian\/?page_id=89"},"modified":"2021-01-02T05:05:11","modified_gmt":"2021-01-02T05:05:11","slug":"6-desarrollo-del-gusto-estetico-por-la-cultura-universal-y-cubana-con-la-perspectiva-de-la-formacion-de-un-profesional-mas-integral","status":"publish","type":"page","link":"https:\/\/promociondeeventos.sld.cu\/profesoranduxinmemorian\/trabajos-por-tematica\/6-desarrollo-del-gusto-estetico-por-la-cultura-universal-y-cubana-con-la-perspectiva-de-la-formacion-de-un-profesional-mas-integral\/","title":{"rendered":"Desarrollo del gusto est\u00e9tico por la cultura universal y cubana con la perspectiva de la formaci\u00f3n de un profesional m\u00e1s integral"},"content":{"rendered":"","protected":false},"excerpt":{"rendered":"","protected":false},"author":3262,"featured_media":0,"parent":66,"menu_order":0,"comment_status":"closed","ping_status":"closed","template":"sidebar-content.php","meta":[],"_links":{"self":[{"href":"https:\/\/promociondeeventos.sld.cu\/profesoranduxinmemorian\/wp-json\/wp\/v2\/pages\/89"}],"collection":[{"href":"https:\/\/promociondeeventos.sld.cu\/profesoranduxinmemorian\/wp-json\/wp\/v2\/pages"}],"about":[{"href":"https:\/\/promociondeeventos.sld.cu\/profesoranduxinmemorian\/wp-json\/wp\/v2\/types\/page"}],"author":[{"embeddable":true,"href":"https:\/\/promociondeeventos.sld.cu\/profesoranduxinmemorian\/wp-json\/wp\/v2\/users\/3262"}],"replies":[{"embeddable":true,"href":"https:\/\/promociondeeventos.sld.cu\/profesoranduxinmemorian\/wp-json\/wp\/v2\/comments?post=89"}],"version-history":[{"count":2,"href":"https:\/\/promociondeeventos.sld.cu\/profesoranduxinmemorian\/wp-json\/wp\/v2\/pages\/89\/revisions"}],"predecessor-version":[{"id":379,"href":"https:\/\/promociondeeventos.sld.cu\/profesoranduxinmemorian\/wp-json\/wp\/v2\/pages\/89\/revisions\/379"}],"up":[{"embeddable":true,"href":"https:\/\/promociondeeventos.sld.cu\/profesoranduxinmemorian\/wp-json\/wp\/v2\/pages\/66"}],"wp:attachment":[{"href":"https:\/\/promociondeeventos.sld.cu\/profesoranduxinmemorian\/wp-json\/wp\/v2\/media?parent=89"}],"curies":[{"name":"wp","href":"https:\/\/api.w.org\/{rel}","templated":true}]}}

Desarrollo del gusto estético por la cultura universal y cubana con la perspectiva de la formación de un profesional más integral
