{"id":82,"date":"2020-12-14T19:37:30","date_gmt":"2020-12-14T19:37:30","guid":{"rendered":"http:\/\/promociondeeventos.sld.cu\/profesoranduxinmemorian\/?page_id=82"},"modified":"2020-12-28T15:29:14","modified_gmt":"2020-12-28T15:29:14","slug":"4-la-ciencia-tecnologica-y-cultural-en-la-educacion-superior-en-cuba-y-su-influencia-en-el-desarrollo-cientifico-politico-y-cultural-del-pais","status":"publish","type":"page","link":"https:\/\/promociondeeventos.sld.cu\/profesoranduxinmemorian\/trabajos-por-tematica\/4-la-ciencia-tecnologica-y-cultural-en-la-educacion-superior-en-cuba-y-su-influencia-en-el-desarrollo-cientifico-politico-y-cultural-del-pais\/","title":{"rendered":"La Ciencia Tecnol\u00f3gica y Cultural en la Educaci\u00f3n Superior en Cuba y su influencia en el desarrollo cient\u00edfico, pol\u00edtico y cultural del pa\u00eds"},"content":{"rendered":"","protected":false},"excerpt":{"rendered":"","protected":false},"author":3262,"featured_media":0,"parent":66,"menu_order":0,"comment_status":"closed","ping_status":"closed","template":"sidebar-content.php","meta":[],"_links":{"self":[{"href":"https:\/\/promociondeeventos.sld.cu\/profesoranduxinmemorian\/wp-json\/wp\/v2\/pages\/82"}],"collection":[{"href":"https:\/\/promociondeeventos.sld.cu\/profesoranduxinmemorian\/wp-json\/wp\/v2\/pages"}],"about":[{"href":"https:\/\/promociondeeventos.sld.cu\/profesoranduxinmemorian\/wp-json\/wp\/v2\/types\/page"}],"author":[{"embeddable":true,"href":"https:\/\/promociondeeventos.sld.cu\/profesoranduxinmemorian\/wp-json\/wp\/v2\/users\/3262"}],"replies":[{"embeddable":true,"href":"https:\/\/promociondeeventos.sld.cu\/profesoranduxinmemorian\/wp-json\/wp\/v2\/comments?post=82"}],"version-history":[{"count":2,"href":"https:\/\/promociondeeventos.sld.cu\/profesoranduxinmemorian\/wp-json\/wp\/v2\/pages\/82\/revisions"}],"predecessor-version":[{"id":378,"href":"https:\/\/promociondeeventos.sld.cu\/profesoranduxinmemorian\/wp-json\/wp\/v2\/pages\/82\/revisions\/378"}],"up":[{"embeddable":true,"href":"https:\/\/promociondeeventos.sld.cu\/profesoranduxinmemorian\/wp-json\/wp\/v2\/pages\/66"}],"wp:attachment":[{"href":"https:\/\/promociondeeventos.sld.cu\/profesoranduxinmemorian\/wp-json\/wp\/v2\/media?parent=82"}],"curies":[{"name":"wp","href":"https:\/\/api.w.org\/{rel}","templated":true}]}}

La Ciencia Tecnológica y Cultural en la Educación Superior en Cuba y su influencia en el desarrollo científico, político y cultural del país
