{"id":81,"date":"2020-12-14T19:31:53","date_gmt":"2020-12-14T19:31:53","guid":{"rendered":"http:\/\/promociondeeventos.sld.cu\/profesoranduxinmemorian\/?page_id=81"},"modified":"2020-12-28T15:29:26","modified_gmt":"2020-12-28T15:29:26","slug":"3-perspectivas-de-las-tecnologias-de-la-salud-desde-la-educacion-cientifico-tecnica-cultural-como-proceso-formativo-de-la-educacion-medica","status":"publish","type":"page","link":"https:\/\/promociondeeventos.sld.cu\/profesoranduxinmemorian\/trabajos-por-tematica\/3-perspectivas-de-las-tecnologias-de-la-salud-desde-la-educacion-cientifico-tecnica-cultural-como-proceso-formativo-de-la-educacion-medica\/","title":{"rendered":"Perspectivas de las tecnolog\u00edas de la salud, desde la educaci\u00f3n cient\u00edfico t\u00e9cnica cultural como proceso formativo de la educaci\u00f3n m\u00e9dica"},"content":{"rendered":"","protected":false},"excerpt":{"rendered":"","protected":false},"author":3262,"featured_media":0,"parent":66,"menu_order":0,"comment_status":"closed","ping_status":"closed","template":"sidebar-content.php","meta":[],"_links":{"self":[{"href":"https:\/\/promociondeeventos.sld.cu\/profesoranduxinmemorian\/wp-json\/wp\/v2\/pages\/81"}],"collection":[{"href":"https:\/\/promociondeeventos.sld.cu\/profesoranduxinmemorian\/wp-json\/wp\/v2\/pages"}],"about":[{"href":"https:\/\/promociondeeventos.sld.cu\/profesoranduxinmemorian\/wp-json\/wp\/v2\/types\/page"}],"author":[{"embeddable":true,"href":"https:\/\/promociondeeventos.sld.cu\/profesoranduxinmemorian\/wp-json\/wp\/v2\/users\/3262"}],"replies":[{"embeddable":true,"href":"https:\/\/promociondeeventos.sld.cu\/profesoranduxinmemorian\/wp-json\/wp\/v2\/comments?post=81"}],"version-history":[{"count":2,"href":"https:\/\/promociondeeventos.sld.cu\/profesoranduxinmemorian\/wp-json\/wp\/v2\/pages\/81\/revisions"}],"predecessor-version":[{"id":382,"href":"https:\/\/promociondeeventos.sld.cu\/profesoranduxinmemorian\/wp-json\/wp\/v2\/pages\/81\/revisions\/382"}],"up":[{"embeddable":true,"href":"https:\/\/promociondeeventos.sld.cu\/profesoranduxinmemorian\/wp-json\/wp\/v2\/pages\/66"}],"wp:attachment":[{"href":"https:\/\/promociondeeventos.sld.cu\/profesoranduxinmemorian\/wp-json\/wp\/v2\/media?parent=81"}],"curies":[{"name":"wp","href":"https:\/\/api.w.org\/{rel}","templated":true}]}}

Perspectivas de las tecnologías de la salud, desde la educación científico técnica cultural como proceso formativo de la educación médica
