{"id":80,"date":"2020-12-14T19:28:37","date_gmt":"2020-12-14T19:28:37","guid":{"rendered":"http:\/\/promociondeeventos.sld.cu\/profesoranduxinmemorian\/?page_id=80"},"modified":"2020-12-28T17:21:07","modified_gmt":"2020-12-28T17:21:07","slug":"2-presente-y-futuro-en-el-desarrollo-de-la-sociedad-humana-impacto-de-las-ciencias-tecnologicas-en-el-desarrollo-de-la-sociedad-humana","status":"publish","type":"page","link":"https:\/\/promociondeeventos.sld.cu\/profesoranduxinmemorian\/trabajos-por-tematica\/2-presente-y-futuro-en-el-desarrollo-de-la-sociedad-humana-impacto-de-las-ciencias-tecnologicas-en-el-desarrollo-de-la-sociedad-humana\/","title":{"rendered":"Presente y Futuro en el desarrollo de la sociedad humana. Impacto de las Ciencias Tecnol\u00f3gicas en el desarrollo de la sociedad humana"},"content":{"rendered":"<ul>\n<li><a href=\"http:\/\/promociondeeventos.sld.cu\/profesoranduxinmemorian\/files\/2020\/12\/Consideraciones-sobre-la-preparaci\u00f3n-de-las-familias-en-la-participaci\u00f3n-del-proceso-de-promocion-y-prevenci\u00f3n-de-enfermedades.pdf\">Consideraciones sobre la preparaci\u00f3n de las familias en la participaci\u00f3n del proceso de promoci\u00f3n y prevenci\u00f3n de enfermedades<\/a><\/li>\n<li><a href=\"http:\/\/promociondeeventos.sld.cu\/profesoranduxinmemorian\/files\/2020\/12\/Acciones-educativas-en-Etica-m\u00e9dica-y-Bio\u00e9tica.pdf\">Acciones educativas en Etica m\u00e9dica y Bio\u00e9tica<\/a><\/li>\n<li><a href=\"http:\/\/promociondeeventos.sld.cu\/profesoranduxinmemorian\/files\/2020\/12\/Temas-para-el-perfeccionamiento-de-la-formaci\u00f3n-\u00e9tica-profesional-.pdf\">Temas para el perfeccionamiento de la formaci\u00f3n \u00e9tica profesional<\/a><\/li>\n<\/ul>\n","protected":false},"excerpt":{"rendered":"<p>Consideraciones sobre la preparaci\u00f3n de las familias en la participaci\u00f3n del proceso de promoci\u00f3n y prevenci\u00f3n de enfermedades Acciones educativas en Etica m\u00e9dica y Bio\u00e9tica Temas para el perfeccionamiento de la formaci\u00f3n \u00e9tica profesional<\/p>\n","protected":false},"author":3262,"featured_media":0,"parent":66,"menu_order":0,"comment_status":"open","ping_status":"closed","template":"sidebar-content.php","meta":[],"_links":{"self":[{"href":"https:\/\/promociondeeventos.sld.cu\/profesoranduxinmemorian\/wp-json\/wp\/v2\/pages\/80"}],"collection":[{"href":"https:\/\/promociondeeventos.sld.cu\/profesoranduxinmemorian\/wp-json\/wp\/v2\/pages"}],"about":[{"href":"https:\/\/promociondeeventos.sld.cu\/profesoranduxinmemorian\/wp-json\/wp\/v2\/types\/page"}],"author":[{"embeddable":true,"href":"https:\/\/promociondeeventos.sld.cu\/profesoranduxinmemorian\/wp-json\/wp\/v2\/users\/3262"}],"replies":[{"embeddable":true,"href":"https:\/\/promociondeeventos.sld.cu\/profesoranduxinmemorian\/wp-json\/wp\/v2\/comments?post=80"}],"version-history":[{"count":8,"href":"https:\/\/promociondeeventos.sld.cu\/profesoranduxinmemorian\/wp-json\/wp\/v2\/pages\/80\/revisions"}],"predecessor-version":[{"id":390,"href":"https:\/\/promociondeeventos.sld.cu\/profesoranduxinmemorian\/wp-json\/wp\/v2\/pages\/80\/revisions\/390"}],"up":[{"embeddable":true,"href":"https:\/\/promociondeeventos.sld.cu\/profesoranduxinmemorian\/wp-json\/wp\/v2\/pages\/66"}],"wp:attachment":[{"href":"https:\/\/promociondeeventos.sld.cu\/profesoranduxinmemorian\/wp-json\/wp\/v2\/media?parent=80"}],"curies":[{"name":"wp","href":"https:\/\/api.w.org\/{rel}","templated":true}]}}

Presente y Futuro en el desarrollo de la sociedad humana. Impacto de las Ciencias Tecnológicas en el desarrollo de la sociedad humana

<ul>
<li><a href="http://promociondeeventos.sld.cu/profesoranduxinmemorian/files/2020/12/Consideraciones-sobre-la-preparación-de-las-familias-en-la-participación-del-proceso-de-promocion-y-prevención-de-enfermedades.pdf">Consideraciones sobre la preparación de las familias en la participación del proceso de promoción y prevención de enfermedades</a></li>
<li><a href="http://promociondeeventos.sld.cu/profesoranduxinmemorian/files/2020/12/Acciones-educativas-en-Etica-médica-y-Bioética.pdf">Acciones educativas en Etica médica y Bioética</a></li>
<li><a href="http://promociondeeventos.sld.cu/profesoranduxinmemorian/files/2020/12/Temas-para-el-perfeccionamiento-de-la-formación-ética-profesional-.pdf">Temas para el perfeccionamiento de la formación ética profesional</a></li>
</ul>

<p>Consideraciones sobre la preparación de las familias en la participación del proceso de promoción y prevención de enfermedades Acciones educativas en Etica médica y Bioética Temas para el perfeccionamiento de la formación ética profesional</p>
