{"id":126,"date":"2020-12-14T23:05:29","date_gmt":"2020-12-14T23:05:29","guid":{"rendered":"http:\/\/promociondeeventos.sld.cu\/profesoranduxinmemorian\/?page_id=126"},"modified":"2021-01-02T05:27:42","modified_gmt":"2021-01-02T05:27:42","slug":"12-tecnologias-de-la-informacion-y-la-comunicacion-tic","status":"publish","type":"page","link":"https:\/\/promociondeeventos.sld.cu\/profesoranduxinmemorian\/trabajos-por-tematica\/12-tecnologias-de-la-informacion-y-la-comunicacion-tic\/","title":{"rendered":"Tecnolog\u00edas de la informaci\u00f3n y la comunicaci\u00f3n (TIC)."},"content":{"rendered":"<ul>\n<li><a href=\"http:\/\/promociondeeventos.sld.cu\/profesoranduxinmemorian\/files\/2020\/12\/Implementaci\u00f3n-de-las-TIC-en-la-asignatura-de-Medicina-Interna.pdf\">Implementaci\u00f3n de las TIC en la asignatura de Medicina Interna<\/a><\/li>\n<\/ul>\n","protected":false},"excerpt":{"rendered":"<p>Implementaci\u00f3n de las TIC en la asignatura de Medicina Interna<\/p>\n","protected":false},"author":3262,"featured_media":0,"parent":66,"menu_order":0,"comment_status":"closed","ping_status":"closed","template":"sidebar-content.php","meta":[],"_links":{"self":[{"href":"https:\/\/promociondeeventos.sld.cu\/profesoranduxinmemorian\/wp-json\/wp\/v2\/pages\/126"}],"collection":[{"href":"https:\/\/promociondeeventos.sld.cu\/profesoranduxinmemorian\/wp-json\/wp\/v2\/pages"}],"about":[{"href":"https:\/\/promociondeeventos.sld.cu\/profesoranduxinmemorian\/wp-json\/wp\/v2\/types\/page"}],"author":[{"embeddable":true,"href":"https:\/\/promociondeeventos.sld.cu\/profesoranduxinmemorian\/wp-json\/wp\/v2\/users\/3262"}],"replies":[{"embeddable":true,"href":"https:\/\/promociondeeventos.sld.cu\/profesoranduxinmemorian\/wp-json\/wp\/v2\/comments?post=126"}],"version-history":[{"count":5,"href":"https:\/\/promociondeeventos.sld.cu\/profesoranduxinmemorian\/wp-json\/wp\/v2\/pages\/126\/revisions"}],"predecessor-version":[{"id":364,"href":"https:\/\/promociondeeventos.sld.cu\/profesoranduxinmemorian\/wp-json\/wp\/v2\/pages\/126\/revisions\/364"}],"up":[{"embeddable":true,"href":"https:\/\/promociondeeventos.sld.cu\/profesoranduxinmemorian\/wp-json\/wp\/v2\/pages\/66"}],"wp:attachment":[{"href":"https:\/\/promociondeeventos.sld.cu\/profesoranduxinmemorian\/wp-json\/wp\/v2\/media?parent=126"}],"curies":[{"name":"wp","href":"https:\/\/api.w.org\/{rel}","templated":true}]}}

Tecnologías de la información y la comunicación (TIC).

<ul>
<li><a href="http://promociondeeventos.sld.cu/profesoranduxinmemorian/files/2020/12/Implementación-de-las-TIC-en-la-asignatura-de-Medicina-Interna.pdf">Implementación de las TIC en la asignatura de Medicina Interna</a></li>
</ul>

<p>Implementación de las TIC en la asignatura de Medicina Interna</p>
