{"id":100,"date":"2020-12-14T21:23:17","date_gmt":"2020-12-14T21:23:17","guid":{"rendered":"http:\/\/promociondeeventos.sld.cu\/profesoranduxinmemorian\/?page_id=100"},"modified":"2021-01-02T05:27:52","modified_gmt":"2021-01-02T05:27:52","slug":"7-la-investigacion-cientifico-tecnico-cultural-con-la-visualidad-de-un-resultado-elevado-en-la-calidad-de-los-servicios-de-salud","status":"publish","type":"page","link":"https:\/\/promociondeeventos.sld.cu\/profesoranduxinmemorian\/trabajos-por-tematica\/7-la-investigacion-cientifico-tecnico-cultural-con-la-visualidad-de-un-resultado-elevado-en-la-calidad-de-los-servicios-de-salud\/","title":{"rendered":"La Investigaci\u00f3n Cient\u00edfico T\u00e9cnico Cultural con la visualidad de un resultado elevado en la calidad de los servicios de Salud"},"content":{"rendered":"","protected":false},"excerpt":{"rendered":"","protected":false},"author":3262,"featured_media":0,"parent":66,"menu_order":0,"comment_status":"closed","ping_status":"closed","template":"sidebar-content.php","meta":[],"_links":{"self":[{"href":"https:\/\/promociondeeventos.sld.cu\/profesoranduxinmemorian\/wp-json\/wp\/v2\/pages\/100"}],"collection":[{"href":"https:\/\/promociondeeventos.sld.cu\/profesoranduxinmemorian\/wp-json\/wp\/v2\/pages"}],"about":[{"href":"https:\/\/promociondeeventos.sld.cu\/profesoranduxinmemorian\/wp-json\/wp\/v2\/types\/page"}],"author":[{"embeddable":true,"href":"https:\/\/promociondeeventos.sld.cu\/profesoranduxinmemorian\/wp-json\/wp\/v2\/users\/3262"}],"replies":[{"embeddable":true,"href":"https:\/\/promociondeeventos.sld.cu\/profesoranduxinmemorian\/wp-json\/wp\/v2\/comments?post=100"}],"version-history":[{"count":2,"href":"https:\/\/promociondeeventos.sld.cu\/profesoranduxinmemorian\/wp-json\/wp\/v2\/pages\/100\/revisions"}],"predecessor-version":[{"id":370,"href":"https:\/\/promociondeeventos.sld.cu\/profesoranduxinmemorian\/wp-json\/wp\/v2\/pages\/100\/revisions\/370"}],"up":[{"embeddable":true,"href":"https:\/\/promociondeeventos.sld.cu\/profesoranduxinmemorian\/wp-json\/wp\/v2\/pages\/66"}],"wp:attachment":[{"href":"https:\/\/promociondeeventos.sld.cu\/profesoranduxinmemorian\/wp-json\/wp\/v2\/media?parent=100"}],"curies":[{"name":"wp","href":"https:\/\/api.w.org\/{rel}","templated":true}]}}

La Investigación Científico Técnico Cultural con la visualidad de un resultado elevado en la calidad de los servicios de Salud
