{"id":51,"date":"2024-11-01T12:29:43","date_gmt":"2024-11-01T12:29:43","guid":{"rendered":"https:\/\/promociondeeventos.sld.cu\/prep2024\/?page_id=51"},"modified":"2024-11-20T13:59:58","modified_gmt":"2024-11-20T13:59:58","slug":"quienes-pueden-usarla","status":"publish","type":"page","link":"https:\/\/promociondeeventos.sld.cu\/prep2024\/quienes-pueden-usarla\/","title":{"rendered":"\u00bfQui\u00e9nes pueden usarla?"},"content":{"rendered":"<p>Pueden usar la PrEP aquellas personas que se encuentran en un per\u00edodo de su vida en el que tienen un alto riesgo de adquirir la infecci\u00f3n por VIH.<\/p>\n<p>Existen muchas razones por las cuales deber\u00eda pensar en la posibilidad de usar la PrEP. Por ejemplo: si no utiliza condones todo el tiempo con todas las parejas sexuales, si su pareja es VIH positivo o si usted o su pareja tienen relaciones sexuales desprotegidas con m\u00faltiples parejas sexuales.<\/p>\n","protected":false},"excerpt":{"rendered":"<p>Pueden usar la PrEP aquellas personas que se encuentran en un per\u00edodo de su vida en el que tienen un alto riesgo de adquirir la infecci\u00f3n por VIH. Existen muchas razones por las cuales deber\u00eda pensar en la posibilidad de usar la PrEP. Por ejemplo: si no utiliza condones todo el tiempo con todas las [&hellip;]<\/p>\n","protected":false},"author":3257,"featured_media":0,"parent":0,"menu_order":0,"comment_status":"closed","ping_status":"closed","template":"","meta":[],"_links":{"self":[{"href":"https:\/\/promociondeeventos.sld.cu\/prep2024\/wp-json\/wp\/v2\/pages\/51"}],"collection":[{"href":"https:\/\/promociondeeventos.sld.cu\/prep2024\/wp-json\/wp\/v2\/pages"}],"about":[{"href":"https:\/\/promociondeeventos.sld.cu\/prep2024\/wp-json\/wp\/v2\/types\/page"}],"author":[{"embeddable":true,"href":"https:\/\/promociondeeventos.sld.cu\/prep2024\/wp-json\/wp\/v2\/users\/3257"}],"replies":[{"embeddable":true,"href":"https:\/\/promociondeeventos.sld.cu\/prep2024\/wp-json\/wp\/v2\/comments?post=51"}],"version-history":[{"count":2,"href":"https:\/\/promociondeeventos.sld.cu\/prep2024\/wp-json\/wp\/v2\/pages\/51\/revisions"}],"predecessor-version":[{"id":88,"href":"https:\/\/promociondeeventos.sld.cu\/prep2024\/wp-json\/wp\/v2\/pages\/51\/revisions\/88"}],"wp:attachment":[{"href":"https:\/\/promociondeeventos.sld.cu\/prep2024\/wp-json\/wp\/v2\/media?parent=51"}],"curies":[{"name":"wp","href":"https:\/\/api.w.org\/{rel}","templated":true}]}}