{"id":9,"date":"2025-02-09T04:09:27","date_gmt":"2025-02-09T04:09:27","guid":{"rendered":"https:\/\/promociondeeventos.sld.cu\/parasitosishumanas2025\/?page_id=9"},"modified":"2025-02-09T04:17:42","modified_gmt":"2025-02-09T04:17:42","slug":"organizan-y-auspician","status":"publish","type":"page","link":"https:\/\/promociondeeventos.sld.cu\/parasitosishumanas2025\/organizan-y-auspician\/","title":{"rendered":"Organizan y auspician"},"content":{"rendered":"<p><strong>Organiza<\/strong>:<br \/>\n-Sociedad Cubana de Microbiolog\u00eda y Parasitolog\u00eda (SCMP)<br \/>\n<strong>Auspician<\/strong>:<br \/>\n&#8211; Instituto de Medicina Tropical \u201cPedro Kour\u00ed\u201d (IPK)<br \/>\n&#8211; Ministerio de Salud P\u00fablica de Cuba (Minsap)<br \/>\n-Instituto Cubano de Oftalmolog\u00eda (ICO)<br \/>\n&#8211; Cap\u00edtulo de Microbiolog\u00eda y Parasitolog\u00eda de Villa Clara, Cuba<br \/>\n&#8211; Organizaci\u00f3n Panamericana de la Salud (OPS)<\/p>\n","protected":false},"excerpt":{"rendered":"<p>Organiza: -Sociedad Cubana de Microbiolog\u00eda y Parasitolog\u00eda (SCMP) Auspician: &#8211; Instituto de Medicina Tropical \u201cPedro Kour\u00ed\u201d (IPK) &#8211; Ministerio de Salud P\u00fablica de Cuba (Minsap) -Instituto Cubano de Oftalmolog\u00eda (ICO) &#8211; Cap\u00edtulo de Microbiolog\u00eda y Parasitolog\u00eda de Villa Clara, Cuba &#8211; Organizaci\u00f3n Panamericana de la Salud (OPS)<\/p>\n","protected":false},"author":3262,"featured_media":0,"parent":0,"menu_order":0,"comment_status":"closed","ping_status":"closed","template":"","meta":[],"_links":{"self":[{"href":"https:\/\/promociondeeventos.sld.cu\/parasitosishumanas2025\/wp-json\/wp\/v2\/pages\/9"}],"collection":[{"href":"https:\/\/promociondeeventos.sld.cu\/parasitosishumanas2025\/wp-json\/wp\/v2\/pages"}],"about":[{"href":"https:\/\/promociondeeventos.sld.cu\/parasitosishumanas2025\/wp-json\/wp\/v2\/types\/page"}],"author":[{"embeddable":true,"href":"https:\/\/promociondeeventos.sld.cu\/parasitosishumanas2025\/wp-json\/wp\/v2\/users\/3262"}],"replies":[{"embeddable":true,"href":"https:\/\/promociondeeventos.sld.cu\/parasitosishumanas2025\/wp-json\/wp\/v2\/comments?post=9"}],"version-history":[{"count":1,"href":"https:\/\/promociondeeventos.sld.cu\/parasitosishumanas2025\/wp-json\/wp\/v2\/pages\/9\/revisions"}],"predecessor-version":[{"id":10,"href":"https:\/\/promociondeeventos.sld.cu\/parasitosishumanas2025\/wp-json\/wp\/v2\/pages\/9\/revisions\/10"}],"wp:attachment":[{"href":"https:\/\/promociondeeventos.sld.cu\/parasitosishumanas2025\/wp-json\/wp\/v2\/media?parent=9"}],"curies":[{"name":"wp","href":"https:\/\/api.w.org\/{rel}","templated":true}]}}