{"id":58,"date":"2025-03-26T21:55:44","date_gmt":"2025-03-26T21:55:44","guid":{"rendered":"https:\/\/promociondeeventos.sld.cu\/parasitosishumanas2025\/?page_id=58"},"modified":"2025-04-14T18:24:01","modified_gmt":"2025-04-14T18:24:01","slug":"resumenes","status":"publish","type":"page","link":"https:\/\/promociondeeventos.sld.cu\/parasitosishumanas2025\/resumenes\/","title":{"rendered":"Res\u00famenes"},"content":{"rendered":"<p><strong>Res\u00famenes<\/strong><\/p>\n<p>Los res\u00famenes deben ser enviados del 14 al 30 de abril, v\u00eda correo electr\u00f3nico (<a href=\"mailto:parasitosishumana@gmail.com\" target=\"_blank\" rel=\"noopener\">parasitosishumana@gmail.com<\/a>). Para ello, se utilizar\u00e1 el formato que aparece al final de la convocatoria con los siguientes datos:<\/p>\n<ul>\n<li>Nombre y Apellidos<\/li>\n<li>Centro de trabajo\/estudio, pa\u00eds<\/li>\n<li>Correo electr\u00f3nico<\/li>\n<li>N\u00famero de WhatsApp<\/li>\n<\/ul>\n<p><strong>RESUMEN<\/strong><\/p>\n<p><strong>T\u00edtulo.<\/strong> Deber\u00e1 ser breve y claro que refleje el contenido del trabajo. No exceder de 20 palabras, escrito en espa\u00f1ol y en rengl\u00f3n aparte, la versi\u00f3n del t\u00edtulo en ingl\u00e9s.<\/p>\n<p><strong>\u00a0<\/strong><strong>Nombre(s) del\/los Autor(es).<\/strong> Presentar en primer orden el nombre completo del autor principal y posteriormente los dem\u00e1s autores (sin grado acad\u00e9mico), agregando al pie de p\u00e1gina para cada uno su adscripci\u00f3n (departamento, dependencia e Instituci\u00f3n) y correo electr\u00f3nico y ID ORCID.<\/p>\n<p><strong>Resumen<\/strong>. Deber\u00e1 ser un s\u00f3lo p\u00e1rrafo estructurado (Introducci\u00f3n, Objetivo, Materiales y M\u00e9todos, Resultados y Conclusiones) que sintetice el prop\u00f3sito del trabajo y re\u00fana las principales aportaciones Insertar resumen estructurado como se indica en Letra Arial 12 puntos, normal, justificado. Esta secci\u00f3n se iniciar\u00e1 con la palabra \u00abRESUMEN\u00bb al margen izquierdo, con letras negritas y sin punto. No exceder las 150 palabras. No incluir referencias.<\/p>\n<p><strong>\u00a0<\/strong><strong>Palabras claves:<\/strong> Incluir seis palabras clave relacionadas con el contenido del trabajo, en min\u00fasculas y separadas por coma.<\/p>\n<p><strong>PUBLICACI\u00d3N DE LOS RES\u00daMENES<\/strong><\/p>\n<p>Los res\u00famenes ser\u00e1n publicados en la Revista \u00abUO Medical Affairs\u00bb (ORCID: 0000-0001-7373-3879) de la Universidad de Olmeca, M\u00e9xico (<a href=\"https:\/\/uomedicalaffairs.olmeca.edu.mx\">https:\/\/uomedicalaffairs.olmeca.edu.mx<\/a>), libre de costo. Para esto, debe enviar adem\u00e1s del resumen en espa\u00f1ol la versi\u00f3n traducida del resumen y las palabras claves en ingl\u00e9s (\u00abSUMARY\u00bb y \u00abKeywords\u00bb) y portugu\u00e9s (\u00abRESUMO\u00bb y \u00abPalavras-chave\u00bb).<\/p>\n","protected":false},"excerpt":{"rendered":"<p>Res\u00famenes Los res\u00famenes deben ser enviados del 14 al 30 de abril, v\u00eda correo electr\u00f3nico (parasitosishumana@gmail.com). Para ello, se utilizar\u00e1 el formato que aparece al final de la convocatoria con los siguientes datos: Nombre y Apellidos Centro de trabajo\/estudio, pa\u00eds Correo electr\u00f3nico N\u00famero de WhatsApp RESUMEN T\u00edtulo. Deber\u00e1 ser breve y claro que refleje el [&hellip;]<\/p>\n","protected":false},"author":3257,"featured_media":0,"parent":0,"menu_order":0,"comment_status":"closed","ping_status":"closed","template":"","meta":[],"_links":{"self":[{"href":"https:\/\/promociondeeventos.sld.cu\/parasitosishumanas2025\/wp-json\/wp\/v2\/pages\/58"}],"collection":[{"href":"https:\/\/promociondeeventos.sld.cu\/parasitosishumanas2025\/wp-json\/wp\/v2\/pages"}],"about":[{"href":"https:\/\/promociondeeventos.sld.cu\/parasitosishumanas2025\/wp-json\/wp\/v2\/types\/page"}],"author":[{"embeddable":true,"href":"https:\/\/promociondeeventos.sld.cu\/parasitosishumanas2025\/wp-json\/wp\/v2\/users\/3257"}],"replies":[{"embeddable":true,"href":"https:\/\/promociondeeventos.sld.cu\/parasitosishumanas2025\/wp-json\/wp\/v2\/comments?post=58"}],"version-history":[{"count":4,"href":"https:\/\/promociondeeventos.sld.cu\/parasitosishumanas2025\/wp-json\/wp\/v2\/pages\/58\/revisions"}],"predecessor-version":[{"id":80,"href":"https:\/\/promociondeeventos.sld.cu\/parasitosishumanas2025\/wp-json\/wp\/v2\/pages\/58\/revisions\/80"}],"wp:attachment":[{"href":"https:\/\/promociondeeventos.sld.cu\/parasitosishumanas2025\/wp-json\/wp\/v2\/media?parent=58"}],"curies":[{"name":"wp","href":"https:\/\/api.w.org\/{rel}","templated":true}]}}