{"id":66,"date":"2021-06-15T20:25:55","date_gmt":"2021-06-15T20:25:55","guid":{"rendered":"http:\/\/promociondeeventos.sld.cu\/pruebaivette2019\/?page_id=66"},"modified":"2021-06-15T20:25:55","modified_gmt":"2021-06-15T20:25:55","slug":"tematicas","status":"publish","type":"page","link":"https:\/\/promociondeeventos.sld.cu\/pamihabana2021\/tematicas\/","title":{"rendered":"Tem\u00e1ticas:"},"content":{"rendered":"<ul>\n<li>Bajo peso al nacer.<\/li>\n<li>Mortalidad materno infantil.<\/li>\n<li>Tamizaje Neonatal y Detecci\u00f3n de alteraciones cong\u00e9nitas al nacimiento.<\/li>\n<li>Afecciones del embarazo, parto y puerperio.<\/li>\n<li>Riesgo reproductivo preconcepcional.<\/li>\n<li>Lactancia Materna Exclusiva: Retos y Desaf\u00edos.<\/li>\n<li>Ces\u00e1rea: complicaciones y causas.<\/li>\n<li>Salud sexual y reproductiva.<\/li>\n<li>Atenci\u00f3n prenatal.<\/li>\n<li>Planificaci\u00f3n familiar.<\/li>\n<li>C\u00e1ncer de mama y cervicouterino.<\/li>\n<li>Nutrici\u00f3n materno infantil.<\/li>\n<li>Atenci\u00f3n a la materna grave<\/li>\n<li>La salud materno infantil ante los retos que impone la emergencia sanitaria de la COVID-19<\/li>\n<\/ul>\n<p>&nbsp;<\/p>\n","protected":false},"excerpt":{"rendered":"<p>Bajo peso al nacer. Mortalidad materno infantil. Tamizaje Neonatal y Detecci\u00f3n de alteraciones cong\u00e9nitas al nacimiento. Afecciones del embarazo, parto y puerperio. Riesgo reproductivo preconcepcional. Lactancia Materna Exclusiva: Retos y Desaf\u00edos. Ces\u00e1rea: complicaciones y causas. Salud sexual y reproductiva. Atenci\u00f3n prenatal. Planificaci\u00f3n familiar. C\u00e1ncer de mama y cervicouterino. Nutrici\u00f3n materno infantil. Atenci\u00f3n a la materna [&hellip;]<\/p>\n","protected":false},"author":3262,"featured_media":0,"parent":0,"menu_order":0,"comment_status":"closed","ping_status":"open","template":"","meta":[],"_links":{"self":[{"href":"https:\/\/promociondeeventos.sld.cu\/pamihabana2021\/wp-json\/wp\/v2\/pages\/66"}],"collection":[{"href":"https:\/\/promociondeeventos.sld.cu\/pamihabana2021\/wp-json\/wp\/v2\/pages"}],"about":[{"href":"https:\/\/promociondeeventos.sld.cu\/pamihabana2021\/wp-json\/wp\/v2\/types\/page"}],"author":[{"embeddable":true,"href":"https:\/\/promociondeeventos.sld.cu\/pamihabana2021\/wp-json\/wp\/v2\/users\/3262"}],"replies":[{"embeddable":true,"href":"https:\/\/promociondeeventos.sld.cu\/pamihabana2021\/wp-json\/wp\/v2\/comments?post=66"}],"version-history":[{"count":1,"href":"https:\/\/promociondeeventos.sld.cu\/pamihabana2021\/wp-json\/wp\/v2\/pages\/66\/revisions"}],"predecessor-version":[{"id":68,"href":"https:\/\/promociondeeventos.sld.cu\/pamihabana2021\/wp-json\/wp\/v2\/pages\/66\/revisions\/68"}],"wp:attachment":[{"href":"https:\/\/promociondeeventos.sld.cu\/pamihabana2021\/wp-json\/wp\/v2\/media?parent=66"}],"curies":[{"name":"wp","href":"https:\/\/api.w.org\/{rel}","templated":true}]}}