{"id":53,"date":"2021-06-15T20:18:13","date_gmt":"2021-06-15T20:18:13","guid":{"rendered":"http:\/\/promociondeeventos.sld.cu\/pruebaivette2019\/?page_id=53"},"modified":"2021-06-15T20:20:12","modified_gmt":"2021-06-15T20:20:12","slug":"comite-cientifico","status":"publish","type":"page","link":"https:\/\/promociondeeventos.sld.cu\/pamihabana2021\/comite-cientifico\/","title":{"rendered":"Comit\u00e9 Cient\u00edfico"},"content":{"rendered":"<p><strong>Presidente:<\/strong><\/p>\n<p>AdrianSaborit Rodr\u00edguez,<br \/>\nUniversidad de Ciencias M\u00e9dicas de La Habana,<br \/>\ncorreo electr\u00f3nico: <a href=\"mailto:adriansaborit121098@gmail.com\">adriansaborit121098@gmail.com<\/a><\/p>\n<p><strong>Miembros:<\/strong><\/p>\n<p>Omar Luis Hern\u00e1ndez Garc\u00eda,<br \/>\nUniversidad de Ciencias M\u00e9dicas de La Habana,<br \/>\nFacultad Finlay y Albarr\u00e1n.<br \/>\ncorreo electr\u00f3nico: <a href=\"mailto:omarluishg98@gmail.com\">omarluishg98@gmail.com<\/a><\/p>\n","protected":false},"excerpt":{"rendered":"<p>Presidente: AdrianSaborit Rodr\u00edguez, Universidad de Ciencias M\u00e9dicas de La Habana, correo electr\u00f3nico: adriansaborit121098@gmail.com Miembros: Omar Luis Hern\u00e1ndez Garc\u00eda, Universidad de Ciencias M\u00e9dicas de La Habana, Facultad Finlay y Albarr\u00e1n. correo electr\u00f3nico: omarluishg98@gmail.com<\/p>\n","protected":false},"author":3262,"featured_media":0,"parent":0,"menu_order":0,"comment_status":"closed","ping_status":"open","template":"","meta":[],"_links":{"self":[{"href":"https:\/\/promociondeeventos.sld.cu\/pamihabana2021\/wp-json\/wp\/v2\/pages\/53"}],"collection":[{"href":"https:\/\/promociondeeventos.sld.cu\/pamihabana2021\/wp-json\/wp\/v2\/pages"}],"about":[{"href":"https:\/\/promociondeeventos.sld.cu\/pamihabana2021\/wp-json\/wp\/v2\/types\/page"}],"author":[{"embeddable":true,"href":"https:\/\/promociondeeventos.sld.cu\/pamihabana2021\/wp-json\/wp\/v2\/users\/3262"}],"replies":[{"embeddable":true,"href":"https:\/\/promociondeeventos.sld.cu\/pamihabana2021\/wp-json\/wp\/v2\/comments?post=53"}],"version-history":[{"count":3,"href":"https:\/\/promociondeeventos.sld.cu\/pamihabana2021\/wp-json\/wp\/v2\/pages\/53\/revisions"}],"predecessor-version":[{"id":58,"href":"https:\/\/promociondeeventos.sld.cu\/pamihabana2021\/wp-json\/wp\/v2\/pages\/53\/revisions\/58"}],"wp:attachment":[{"href":"https:\/\/promociondeeventos.sld.cu\/pamihabana2021\/wp-json\/wp\/v2\/media?parent=53"}],"curies":[{"name":"wp","href":"https:\/\/api.w.org\/{rel}","templated":true}]}}