{"id":78,"date":"2019-05-17T16:02:17","date_gmt":"2019-05-17T16:02:17","guid":{"rendered":"http:\/\/promociondeeventos.sld.cu\/ortopedia2019\/?page_id=78"},"modified":"2019-09-26T21:43:24","modified_gmt":"2019-09-26T21:43:24","slug":"programa","status":"publish","type":"page","link":"https:\/\/promociondeeventos.sld.cu\/ortopedia2019\/programa\/","title":{"rendered":"Programa"},"content":{"rendered":"<p><img decoding=\"async\" loading=\"lazy\" class=\"alignright wp-image-32\" src=\"http:\/\/promociondeeventos.sld.cu\/ortopedia2019\/files\/2019\/05\/habana-lo-mas-grande-e1558104752821.jpg\" alt=\"habana-lo-mas-grande\" width=\"150\" height=\"348\" srcset=\"https:\/\/promociondeeventos.sld.cu\/ortopedia2019\/files\/2019\/05\/habana-lo-mas-grande-e1558104752821.jpg 169w, https:\/\/promociondeeventos.sld.cu\/ortopedia2019\/files\/2019\/05\/habana-lo-mas-grande-e1558104752821-65x150.jpg 65w, https:\/\/promociondeeventos.sld.cu\/ortopedia2019\/files\/2019\/05\/habana-lo-mas-grande-e1558104752821-129x300.jpg 129w\" sizes=\"(max-width: 150px) 100vw, 150px\" \/><\/p>\n<h3><strong>Lunes 30 de septiembre<\/strong><\/h3>\n<p style=\"padding-left: 30px\">Llegada de delegados<\/p>\n<h3><strong>Martes 1\u00a0de octubre<\/strong><\/h3>\n<p style=\"padding-left: 30px\"><strong>8:00 a.m. &#8211; 2:00 p.m.<\/strong> Cursos Pre-Congresos<\/p>\n<p style=\"padding-left: 60px\"><strong>Fracturas y osteoporosis<\/strong>. Lugar: Casco Hist\u00f3rico de la Habana<br \/>\n<strong>Trauma complejo<\/strong>. Lugar: Casco Hist\u00f3rico de la Habana<br \/>\n<strong>Cirug\u00eda artrosc\u00f3pica<\/strong>. Lugar: Hospital Ortop\u00e9dico Docente \u00abFructuoso Rodr\u00edguez\u00bb<br \/>\n<strong>Artroplastia de cadera<\/strong>. Lugar: Hospital Cl\u00ednico Quir\u00fargico \u00abDr. Manuel Fajardo\u00bb<\/p>\n<h3><strong>Mi\u00e9rcoles 2 de octubre<\/strong><\/h3>\n<p style=\"padding-left: 30px\"><strong>7:30 p.m. <\/strong>Inaguraci\u00f3n oficial \u00abOrtopedia en los 500\u00bb.\u00a0 XXVIII Congreso Cubano de Ortopedia y Traumatolog\u00eda y IV encuentro binacional Cuba-M\u00e9xico 2019<\/p>\n<h3><strong>Jueves 3 de octubre<\/strong><\/h3>\n<p style=\"padding-left: 30px\"><strong>8:30 a.m. &#8211; 2:30 p.m.<\/strong> Sesiones cient\u00edficas en salones del casco Hist\u00f3rico de la Habana<\/p>\n<h3><strong>Viernes 4 de octubre<\/strong><\/h3>\n<p style=\"padding-left: 30px\"><strong>8:30 a.m &#8211; 2:30 p.m.<\/strong> Sesiones cient\u00edficas en salones del casco Hist\u00f3rico de la Habana<\/p>\n<h3><strong>S\u00e1bado 5 de octubre<\/strong><\/h3>\n<p style=\"padding-left: 30px\"><strong>\u00a09:00 a.m.<\/strong> Conferencias Magistrales. Lugar: Convento de San Francisco de Asis<br \/>\nActividad de Clausura<\/p>\n<h3 style=\"text-align: center\"><a href=\"http:\/\/files.sld.cu\/ortopedia\/files\/2019\/09\/Programa-Congreso-11-de-sept-2019-comprimido1.pdf\" target=\"_blank\">Programa completo. Descargue aqu\u00ed<\/a><\/h3>\n<p style=\"text-align: center\">\n","protected":false},"excerpt":{"rendered":"<p>Lunes 30 de septiembre Llegada de delegados Martes 1\u00a0de octubre 8:00 a.m. &#8211; 2:00 p.m. Cursos Pre-Congresos Fracturas y osteoporosis. Lugar: Casco Hist\u00f3rico de la Habana Trauma complejo. Lugar: Casco Hist\u00f3rico de la Habana Cirug\u00eda artrosc\u00f3pica. Lugar: Hospital Ortop\u00e9dico Docente \u00abFructuoso Rodr\u00edguez\u00bb Artroplastia de cadera. Lugar: Hospital Cl\u00ednico Quir\u00fargico \u00abDr. Manuel Fajardo\u00bb Mi\u00e9rcoles 2 de [&hellip;]<\/p>\n","protected":false},"author":3258,"featured_media":0,"parent":0,"menu_order":0,"comment_status":"closed","ping_status":"closed","template":"monocolumn.php","meta":[],"_links":{"self":[{"href":"https:\/\/promociondeeventos.sld.cu\/ortopedia2019\/wp-json\/wp\/v2\/pages\/78"}],"collection":[{"href":"https:\/\/promociondeeventos.sld.cu\/ortopedia2019\/wp-json\/wp\/v2\/pages"}],"about":[{"href":"https:\/\/promociondeeventos.sld.cu\/ortopedia2019\/wp-json\/wp\/v2\/types\/page"}],"author":[{"embeddable":true,"href":"https:\/\/promociondeeventos.sld.cu\/ortopedia2019\/wp-json\/wp\/v2\/users\/3258"}],"replies":[{"embeddable":true,"href":"https:\/\/promociondeeventos.sld.cu\/ortopedia2019\/wp-json\/wp\/v2\/comments?post=78"}],"version-history":[{"count":20,"href":"https:\/\/promociondeeventos.sld.cu\/ortopedia2019\/wp-json\/wp\/v2\/pages\/78\/revisions"}],"predecessor-version":[{"id":232,"href":"https:\/\/promociondeeventos.sld.cu\/ortopedia2019\/wp-json\/wp\/v2\/pages\/78\/revisions\/232"}],"wp:attachment":[{"href":"https:\/\/promociondeeventos.sld.cu\/ortopedia2019\/wp-json\/wp\/v2\/media?parent=78"}],"curies":[{"name":"wp","href":"https:\/\/api.w.org\/{rel}","templated":true}]}}

<p><img decoding="async" loading="lazy" class="alignright wp-image-32" src="http://promociondeeventos.sld.cu/ortopedia2019/files/2019/05/habana-lo-mas-grande-e1558104752821.jpg" alt="habana-lo-mas-grande" width="150" height="348" srcset="https://promociondeeventos.sld.cu/ortopedia2019/files/2019/05/habana-lo-mas-grande-e1558104752821.jpg 169w, https://promociondeeventos.sld.cu/ortopedia2019/files/2019/05/habana-lo-mas-grande-e1558104752821-65x150.jpg 65w, https://promociondeeventos.sld.cu/ortopedia2019/files/2019/05/habana-lo-mas-grande-e1558104752821-129x300.jpg 129w" sizes="(max-width: 150px) 100vw, 150px" /></p>
<h3><strong>Lunes 30 de septiembre</strong></h3>
<p style="padding-left: 30px">Llegada de delegados</p>
<h3><strong>Martes 1 de octubre</strong></h3>
<p style="padding-left: 30px"><strong>8:00 a.m. &#8211; 2:00 p.m.</strong> Cursos Pre-Congresos</p>
<p style="padding-left: 60px"><strong>Fracturas y osteoporosis</strong>. Lugar: Casco Histórico de la Habana<br />
<strong>Trauma complejo</strong>. Lugar: Casco Histórico de la Habana<br />
<strong>Cirugía artroscópica</strong>. Lugar: Hospital Ortopédico Docente «Fructuoso Rodríguez»<br />
<strong>Artroplastia de cadera</strong>. Lugar: Hospital Clínico Quirúrgico «Dr. Manuel Fajardo»</p>
<h3><strong>Miércoles 2 de octubre</strong></h3>
<p style="padding-left: 30px"><strong>7:30 p.m. </strong>Inaguración oficial «Ortopedia en los 500».  XXVIII Congreso Cubano de Ortopedia y Traumatología y IV encuentro binacional Cuba-México 2019</p>
<h3><strong>Jueves 3 de octubre</strong></h3>
<p style="padding-left: 30px"><strong>8:30 a.m. &#8211; 2:30 p.m.</strong> Sesiones científicas en salones del casco Histórico de la Habana</p>
<h3><strong>Viernes 4 de octubre</strong></h3>
<p style="padding-left: 30px"><strong>8:30 a.m &#8211; 2:30 p.m.</strong> Sesiones científicas en salones del casco Histórico de la Habana</p>
<h3><strong>Sábado 5 de octubre</strong></h3>
<p style="padding-left: 30px"><strong> 9:00 a.m.</strong> Conferencias Magistrales. Lugar: Convento de San Francisco de Asis<br />
Actividad de Clausura</p>
<h3 style="text-align: center"><a href="http://files.sld.cu/ortopedia/files/2019/09/Programa-Congreso-11-de-sept-2019-comprimido1.pdf" target="_blank">Programa completo. Descargue aquí</a></h3>
<p style="text-align: center">

<p>Lunes 30 de septiembre Llegada de delegados Martes 1 de octubre 8:00 a.m. &#8211; 2:00 p.m. Cursos Pre-Congresos Fracturas y osteoporosis. Lugar: Casco Histórico de la Habana Trauma complejo. Lugar: Casco Histórico de la Habana Cirugía artroscópica. Lugar: Hospital Ortopédico Docente «Fructuoso Rodríguez» Artroplastia de cadera. Lugar: Hospital Clínico Quirúrgico «Dr. Manuel Fajardo» Miércoles 2 de [&hellip;]</p>
