{"id":71,"date":"2019-05-17T15:57:57","date_gmt":"2019-05-17T15:57:57","guid":{"rendered":"http:\/\/promociondeeventos.sld.cu\/ortopedia2019\/?page_id=71"},"modified":"2019-07-03T15:39:00","modified_gmt":"2019-07-03T15:39:00","slug":"envio-de-trabajos","status":"publish","type":"page","link":"https:\/\/promociondeeventos.sld.cu\/ortopedia2019\/envio-de-trabajos\/","title":{"rendered":"Env\u00edo de trabajos"},"content":{"rendered":"<p><img decoding=\"async\" loading=\"lazy\" class=\"alignright wp-image-32\" src=\"http:\/\/promociondeeventos.sld.cu\/ortopedia2019\/files\/2019\/05\/habana-lo-mas-grande-e1558104752821.jpg\" alt=\"habana-lo-mas-grande\" width=\"150\" height=\"348\" srcset=\"https:\/\/promociondeeventos.sld.cu\/ortopedia2019\/files\/2019\/05\/habana-lo-mas-grande-e1558104752821.jpg 169w, https:\/\/promociondeeventos.sld.cu\/ortopedia2019\/files\/2019\/05\/habana-lo-mas-grande-e1558104752821-65x150.jpg 65w, https:\/\/promociondeeventos.sld.cu\/ortopedia2019\/files\/2019\/05\/habana-lo-mas-grande-e1558104752821-129x300.jpg 129w\" sizes=\"(max-width: 150px) 100vw, 150px\" \/>Los interesados en participar y presentar trabajos en nuestro Congreso, deben enviar los res\u00famenes antes del\u00a0<strong>1\u00ba de julio de 2019<\/strong> a los siguientes correos:<\/p>\n<p style=\"padding-left: 30px\"><a href=\"mailto:scot@infomed.sld.cu\" target=\"_blank\">scot@infomed.sld.cu<br \/>\n<\/a><a href=\"mailto:ortopediatrauma@infomed.sld.cu\" target=\"_blank\">ortopediatrauma@infomed.sld.cu<\/a><\/p>\n<p>La participaci\u00f3n de delegados cubanos estar\u00e1 acorde con la presentaci\u00f3n de trabajos.<\/p>\n","protected":false},"excerpt":{"rendered":"<p>Los interesados en participar y presentar trabajos en nuestro Congreso, deben enviar los res\u00famenes antes del\u00a01\u00ba de julio de 2019 a los siguientes correos: scot@infomed.sld.cu ortopediatrauma@infomed.sld.cu La participaci\u00f3n de delegados cubanos estar\u00e1 acorde con la presentaci\u00f3n de trabajos.<\/p>\n","protected":false},"author":3258,"featured_media":0,"parent":0,"menu_order":0,"comment_status":"closed","ping_status":"closed","template":"","meta":[],"_links":{"self":[{"href":"https:\/\/promociondeeventos.sld.cu\/ortopedia2019\/wp-json\/wp\/v2\/pages\/71"}],"collection":[{"href":"https:\/\/promociondeeventos.sld.cu\/ortopedia2019\/wp-json\/wp\/v2\/pages"}],"about":[{"href":"https:\/\/promociondeeventos.sld.cu\/ortopedia2019\/wp-json\/wp\/v2\/types\/page"}],"author":[{"embeddable":true,"href":"https:\/\/promociondeeventos.sld.cu\/ortopedia2019\/wp-json\/wp\/v2\/users\/3258"}],"replies":[{"embeddable":true,"href":"https:\/\/promociondeeventos.sld.cu\/ortopedia2019\/wp-json\/wp\/v2\/comments?post=71"}],"version-history":[{"count":5,"href":"https:\/\/promociondeeventos.sld.cu\/ortopedia2019\/wp-json\/wp\/v2\/pages\/71\/revisions"}],"predecessor-version":[{"id":124,"href":"https:\/\/promociondeeventos.sld.cu\/ortopedia2019\/wp-json\/wp\/v2\/pages\/71\/revisions\/124"}],"wp:attachment":[{"href":"https:\/\/promociondeeventos.sld.cu\/ortopedia2019\/wp-json\/wp\/v2\/media?parent=71"}],"curies":[{"name":"wp","href":"https:\/\/api.w.org\/{rel}","templated":true}]}}