{"id":4,"date":"2025-10-02T21:00:20","date_gmt":"2025-10-02T21:00:20","guid":{"rendered":"https:\/\/promociondeeventos.sld.cu\/nanomedicna2025\/?page_id=4"},"modified":"2025-10-03T13:45:09","modified_gmt":"2025-10-03T13:45:09","slug":"convocatoria","status":"publish","type":"page","link":"https:\/\/promociondeeventos.sld.cu\/nanomedicna2025\/","title":{"rendered":"Convocatoria"},"content":{"rendered":"<p><strong>C O N V O C A T O R I A<\/strong><\/p>\n<p><span class=\"BxUVEf ILfuVd\" lang=\"es\"><span class=\"hgKElc\">La nanomedicina es un campo emergente y en r\u00e1pida evoluci\u00f3n que incluye el uso de nanopart\u00edculas para el diagn\u00f3stico y el tratamiento de diversas enfermedades, as\u00ed como en la medicina regenerativa. Los avances en nanociencia en casi todos los campos de la ciencia y la nanotecnolog\u00eda facilitan la vida.<\/span><\/span><\/p>\n<p>El Instituto de Medicina Tropical Pedro Kour\u00ed (IPK) en conjunto con la Sociedad Cubana de Microbiolog\u00eda y Parasitolog\u00eda (SCMP), el Centro de Estudios Avanzados (CEA) los invitan a participar en el <strong>I Taller de Nanomedicina 2025: Futuro para el combate de enfermedades infecciosas <\/strong>a realizarse de forma presencial y virtual los d\u00edas 5 y 6 de noviembre de 2025<\/p>\n<p><a href=\"https:\/\/promociondeeventos.sld.cu\/nanomedicina2025\" target=\"_blank\" rel=\"noopener\">https:\/\/promociondeeventos.sld.cu\/nanomedicina2025<\/a><\/p>\n<p><strong>Todos los participantes recibir\u00e1n su diploma digital de participaci\u00f3n en la semana siguiente del evento.<\/strong><\/p>\n<p><strong>LE EXPRESAMOS ANTICIPADAMENTE NUESTRO AGRADECIMIENTO, ESPERANDO SU PARTICIPACI\u00d3N CON PROFESIONALIDAD E INTEGRACI\u00d3N<\/strong><strong>. <\/strong><\/p>\n<p><strong>\u00a1LOS \u00a0\u00a0\u00a0ESPERAMOS!<\/strong><\/p>\n","protected":false},"excerpt":{"rendered":"<p>C O N V O C A T O R I A La nanomedicina es un campo emergente y en r\u00e1pida evoluci\u00f3n que incluye el uso de nanopart\u00edculas para el diagn\u00f3stico y el tratamiento de diversas enfermedades, as\u00ed como en la medicina regenerativa. Los avances en nanociencia en casi todos los campos de la ciencia [&hellip;]<\/p>\n","protected":false},"author":3262,"featured_media":0,"parent":0,"menu_order":0,"comment_status":"closed","ping_status":"closed","template":"","meta":[],"_links":{"self":[{"href":"https:\/\/promociondeeventos.sld.cu\/nanomedicna2025\/wp-json\/wp\/v2\/pages\/4"}],"collection":[{"href":"https:\/\/promociondeeventos.sld.cu\/nanomedicna2025\/wp-json\/wp\/v2\/pages"}],"about":[{"href":"https:\/\/promociondeeventos.sld.cu\/nanomedicna2025\/wp-json\/wp\/v2\/types\/page"}],"author":[{"embeddable":true,"href":"https:\/\/promociondeeventos.sld.cu\/nanomedicna2025\/wp-json\/wp\/v2\/users\/3262"}],"replies":[{"embeddable":true,"href":"https:\/\/promociondeeventos.sld.cu\/nanomedicna2025\/wp-json\/wp\/v2\/comments?post=4"}],"version-history":[{"count":4,"href":"https:\/\/promociondeeventos.sld.cu\/nanomedicna2025\/wp-json\/wp\/v2\/pages\/4\/revisions"}],"predecessor-version":[{"id":60,"href":"https:\/\/promociondeeventos.sld.cu\/nanomedicna2025\/wp-json\/wp\/v2\/pages\/4\/revisions\/60"}],"wp:attachment":[{"href":"https:\/\/promociondeeventos.sld.cu\/nanomedicna2025\/wp-json\/wp\/v2\/media?parent=4"}],"curies":[{"name":"wp","href":"https:\/\/api.w.org\/{rel}","templated":true}]}}