{"id":14,"date":"2023-02-17T17:04:18","date_gmt":"2023-02-17T17:04:18","guid":{"rendered":"https:\/\/promociondeeventos.sld.cu\/micoplasmas2023\/?page_id=14"},"modified":"2023-02-17T17:04:29","modified_gmt":"2023-02-17T17:04:29","slug":"tematicas","status":"publish","type":"page","link":"https:\/\/promociondeeventos.sld.cu\/micoplasmas2023\/tematicas\/","title":{"rendered":"Tem\u00e1ticas"},"content":{"rendered":"<p>1-Infecciones de transmisi\u00f3n sexual y respiratorias causadas por micoplasmas. Implicaciones actuales para su diagn\u00f3stico, tratamiento y control en la era de la resistencia antimicrobiana.<br \/>\n2-Nuevos m\u00e9todos de diagn\u00f3stico molecular y de avanzada de micoplasmas. Impactos y retos en su introducci\u00f3n en los laboratorios de Microbiolog\u00eda de la red nacional de salud p\u00fablica.<br \/>\n3-Nanotecnolog\u00edas y su impacto en el estudio de los mecanismos de patogenia y el tratamiento de las infecciones causadas por los micoplasmas de origen humano.<br \/>\n4-Tratamiento de las infecciones causadas por micoplasmas. Nuevos retos en la era post-COVID-19.<br \/>\n5-Emergencia de Resistencia antimicrobiana en micoplasmas de origen humano. M\u00e9todos de detecci\u00f3n de mecanismos de Resistencia.<br \/>\n6-Experiencia en varias provincias de Cuba en el diagn\u00f3stico, tratamiento y control de las infecciones por micoplasmas.<\/p>\n","protected":false},"excerpt":{"rendered":"<p>1-Infecciones de transmisi\u00f3n sexual y respiratorias causadas por micoplasmas. Implicaciones actuales para su diagn\u00f3stico, tratamiento y control en la era de la resistencia antimicrobiana. 2-Nuevos m\u00e9todos de diagn\u00f3stico molecular y de avanzada de micoplasmas. Impactos y retos en su introducci\u00f3n en los laboratorios de Microbiolog\u00eda de la red nacional de salud p\u00fablica. 3-Nanotecnolog\u00edas y su [&hellip;]<\/p>\n","protected":false},"author":3262,"featured_media":0,"parent":0,"menu_order":0,"comment_status":"closed","ping_status":"closed","template":"","meta":[],"_links":{"self":[{"href":"https:\/\/promociondeeventos.sld.cu\/micoplasmas2023\/wp-json\/wp\/v2\/pages\/14"}],"collection":[{"href":"https:\/\/promociondeeventos.sld.cu\/micoplasmas2023\/wp-json\/wp\/v2\/pages"}],"about":[{"href":"https:\/\/promociondeeventos.sld.cu\/micoplasmas2023\/wp-json\/wp\/v2\/types\/page"}],"author":[{"embeddable":true,"href":"https:\/\/promociondeeventos.sld.cu\/micoplasmas2023\/wp-json\/wp\/v2\/users\/3262"}],"replies":[{"embeddable":true,"href":"https:\/\/promociondeeventos.sld.cu\/micoplasmas2023\/wp-json\/wp\/v2\/comments?post=14"}],"version-history":[{"count":1,"href":"https:\/\/promociondeeventos.sld.cu\/micoplasmas2023\/wp-json\/wp\/v2\/pages\/14\/revisions"}],"predecessor-version":[{"id":15,"href":"https:\/\/promociondeeventos.sld.cu\/micoplasmas2023\/wp-json\/wp\/v2\/pages\/14\/revisions\/15"}],"wp:attachment":[{"href":"https:\/\/promociondeeventos.sld.cu\/micoplasmas2023\/wp-json\/wp\/v2\/media?parent=14"}],"curies":[{"name":"wp","href":"https:\/\/api.w.org\/{rel}","templated":true}]}}