{"id":8,"date":"2022-01-27T14:44:48","date_gmt":"2022-01-27T14:44:48","guid":{"rendered":"http:\/\/promociondeeventos.sld.cu\/micoplasmas2022\/?page_id=8"},"modified":"2022-02-03T19:16:10","modified_gmt":"2022-02-03T19:16:10","slug":"tematicas","status":"publish","type":"page","link":"https:\/\/promociondeeventos.sld.cu\/micoplasmas2022\/tematicas\/","title":{"rendered":"Tem\u00e1ticas"},"content":{"rendered":"<ol>\n<li style=\"text-align: justify;\">Infecciones de transmisi\u00f3n sexual y respiratorias causadas por micoplasmas. Implicaciones actuales para su diagn\u00f3stico, tratamiento y control en la era de la resistencia antimicrobiana.<\/li>\n<li style=\"text-align: justify;\">Nuevos m\u00e9todos de diagn\u00f3stico molecular y de avanzada de micoplasmas. Impactos y retos en su introducci\u00f3n en los laboratorios de Microbiolog\u00eda de la red nacional de salud p\u00fablica.<\/li>\n<li style=\"text-align: justify;\">Nanotecnolog\u00edas y su impacto en el estudio de los mecanismos de patogenia y el tratamiento de las infecciones causadas por los micoplasmas de origen humano.<\/li>\n<li style=\"text-align: justify;\">Tratamiento de las infecciones causadas por micoplasmas. Nuevos retos en la era post-COVID-19.<\/li>\n<li style=\"text-align: justify;\">Emergencia de Resistencia antimicrobiana en micoplasmas de origen humano. M\u00e9todos de detecci\u00f3n de mecanismos de Resistencia.<\/li>\n<li style=\"text-align: justify;\">Experiencia en varias provincias de Cuba en el diagn\u00f3stico, tratamiento y control de las infecciones por micoplasmas.<\/li>\n<\/ol>\n","protected":false},"excerpt":{"rendered":"<p>Infecciones de transmisi\u00f3n sexual y respiratorias causadas por micoplasmas. Implicaciones actuales para su diagn\u00f3stico, tratamiento y control en la era de la resistencia antimicrobiana. Nuevos m\u00e9todos de diagn\u00f3stico molecular y de avanzada de micoplasmas. Impactos y retos en su introducci\u00f3n en los laboratorios de Microbiolog\u00eda de la red nacional de salud p\u00fablica. Nanotecnolog\u00edas y su [&hellip;]<\/p>\n","protected":false},"author":3262,"featured_media":0,"parent":0,"menu_order":0,"comment_status":"closed","ping_status":"open","template":"","meta":[],"_links":{"self":[{"href":"https:\/\/promociondeeventos.sld.cu\/micoplasmas2022\/wp-json\/wp\/v2\/pages\/8"}],"collection":[{"href":"https:\/\/promociondeeventos.sld.cu\/micoplasmas2022\/wp-json\/wp\/v2\/pages"}],"about":[{"href":"https:\/\/promociondeeventos.sld.cu\/micoplasmas2022\/wp-json\/wp\/v2\/types\/page"}],"author":[{"embeddable":true,"href":"https:\/\/promociondeeventos.sld.cu\/micoplasmas2022\/wp-json\/wp\/v2\/users\/3262"}],"replies":[{"embeddable":true,"href":"https:\/\/promociondeeventos.sld.cu\/micoplasmas2022\/wp-json\/wp\/v2\/comments?post=8"}],"version-history":[{"count":2,"href":"https:\/\/promociondeeventos.sld.cu\/micoplasmas2022\/wp-json\/wp\/v2\/pages\/8\/revisions"}],"predecessor-version":[{"id":33,"href":"https:\/\/promociondeeventos.sld.cu\/micoplasmas2022\/wp-json\/wp\/v2\/pages\/8\/revisions\/33"}],"wp:attachment":[{"href":"https:\/\/promociondeeventos.sld.cu\/micoplasmas2022\/wp-json\/wp\/v2\/media?parent=8"}],"curies":[{"name":"wp","href":"https:\/\/api.w.org\/{rel}","templated":true}]}}

Temáticas

<ol>
<li style="text-align: justify;">Infecciones de transmisión sexual y respiratorias causadas por micoplasmas. Implicaciones actuales para su diagnóstico, tratamiento y control en la era de la resistencia antimicrobiana.</li>
<li style="text-align: justify;">Nuevos métodos de diagnóstico molecular y de avanzada de micoplasmas. Impactos y retos en su introducción en los laboratorios de Microbiología de la red nacional de salud pública.</li>
<li style="text-align: justify;">Nanotecnologías y su impacto en el estudio de los mecanismos de patogenia y el tratamiento de las infecciones causadas por los micoplasmas de origen humano.</li>
<li style="text-align: justify;">Tratamiento de las infecciones causadas por micoplasmas. Nuevos retos en la era post-COVID-19.</li>
<li style="text-align: justify;">Emergencia de Resistencia antimicrobiana en micoplasmas de origen humano. Métodos de detección de mecanismos de Resistencia.</li>
<li style="text-align: justify;">Experiencia en varias provincias de Cuba en el diagnóstico, tratamiento y control de las infecciones por micoplasmas.</li>
</ol>

<p>Infecciones de transmisión sexual y respiratorias causadas por micoplasmas. Implicaciones actuales para su diagnóstico, tratamiento y control en la era de la resistencia antimicrobiana. Nuevos métodos de diagnóstico molecular y de avanzada de micoplasmas. Impactos y retos en su introducción en los laboratorios de Microbiología de la red nacional de salud pública. Nanotecnologías y su [&hellip;]</p>
