{"id":8,"date":"2023-07-28T15:33:18","date_gmt":"2023-07-28T15:33:18","guid":{"rendered":"https:\/\/promociondeeventos.sld.cu\/micologiamedica2023\/?page_id=8"},"modified":"2023-08-23T16:13:23","modified_gmt":"2023-08-23T16:13:23","slug":"comite-organizador","status":"publish","type":"page","link":"https:\/\/promociondeeventos.sld.cu\/micologiamedica2023\/comite-organizador\/","title":{"rendered":"Comit\u00e9 organizador"},"content":{"rendered":"<ul>\n<li style=\"text-align: justify;\"><span style=\"font-family: times new roman, times, serif; font-size: 14pt;\">Presidente:<\/span><\/li>\n<\/ul>\n<p style=\"text-align: justify;\"><span style=\"font-family: times new roman, times, serif; font-size: 14pt;\">Prof. Mar\u00eda Teresa Illnait Zaragoz\u00ed; IPK (<a href=\"mailto:mtilnait@ipk.sld.cu\" target=\"_blank\" rel=\"noopener\">mtilnait@ipk.sld.cu<\/a>)<\/span><\/p>\n<ul style=\"text-align: justify;\">\n<li><span style=\"font-family: times new roman, times, serif; font-size: 14pt;\">Miembros:<\/span><\/li>\n<\/ul>\n<p style=\"text-align: justify;\"><span style=\"font-family: times new roman, times, serif; font-size: 14pt;\">Prof. Marta Ana Castro Peraza; IPK (<a href=\"mailto:martac@ipk.sld.cu\" target=\"_blank\" rel=\"noopener\">martac@ipk.sld.cu<\/a>)<\/span><\/p>\n<p style=\"text-align: justify;\"><span style=\"font-family: times new roman, times, serif; font-size: 14pt;\">Jorge Ra\u00fal Campo Diaz; IPK (<a href=\"mailto:jcampos@ipk.sld.cu\" target=\"_blank\" rel=\"noopener\">jcampos@ipk.sld.cu<\/a>)<\/span><\/p>\n<p style=\"text-align: justify;\"><span style=\"font-family: times new roman, times, serif; font-size: 14pt;\">Reynier Gonz\u00e1lez Li\u00f3n; IPK (<a href=\"mailto:reynierglion@ipk.sld.cu\" target=\"_blank\" rel=\"noopener\">reynierglion@ipk.sld.cu<\/a>)<\/span><\/p>\n<p style=\"text-align: justify;\"><span style=\"font-family: times new roman, times, serif; font-size: 14pt;\">Dayma Medina Ascencio; IPK (<a href=\"mailto:daymam@ipk.sld.cu\" target=\"_blank\" rel=\"noopener\">daymam@ipk.sld.cu<\/a>)<\/span><\/p>\n<p style=\"text-align: justify;\"><span style=\"font-family: times new roman, times, serif; font-size: 14pt;\">Delmis Alvarez Gainza; IPK (<a href=\"mailto:delmis@ipk.sld.cu\" target=\"_blank\" rel=\"noopener\">delmis@ipk.sld.cu<\/a>)<\/span><\/p>\n","protected":false},"excerpt":{"rendered":"<p>Presidente: Prof. Mar\u00eda Teresa Illnait Zaragoz\u00ed; IPK (mtilnait@ipk.sld.cu) Miembros: Prof. Marta Ana Castro Peraza; IPK (martac@ipk.sld.cu) Jorge Ra\u00fal Campo Diaz; IPK (jcampos@ipk.sld.cu) Reynier Gonz\u00e1lez Li\u00f3n; IPK (reynierglion@ipk.sld.cu) Dayma Medina Ascencio; IPK (daymam@ipk.sld.cu) Delmis Alvarez Gainza; IPK (delmis@ipk.sld.cu)<\/p>\n","protected":false},"author":3262,"featured_media":0,"parent":0,"menu_order":0,"comment_status":"closed","ping_status":"closed","template":"","meta":[],"_links":{"self":[{"href":"https:\/\/promociondeeventos.sld.cu\/micologiamedica2023\/wp-json\/wp\/v2\/pages\/8"}],"collection":[{"href":"https:\/\/promociondeeventos.sld.cu\/micologiamedica2023\/wp-json\/wp\/v2\/pages"}],"about":[{"href":"https:\/\/promociondeeventos.sld.cu\/micologiamedica2023\/wp-json\/wp\/v2\/types\/page"}],"author":[{"embeddable":true,"href":"https:\/\/promociondeeventos.sld.cu\/micologiamedica2023\/wp-json\/wp\/v2\/users\/3262"}],"replies":[{"embeddable":true,"href":"https:\/\/promociondeeventos.sld.cu\/micologiamedica2023\/wp-json\/wp\/v2\/comments?post=8"}],"version-history":[{"count":5,"href":"https:\/\/promociondeeventos.sld.cu\/micologiamedica2023\/wp-json\/wp\/v2\/pages\/8\/revisions"}],"predecessor-version":[{"id":56,"href":"https:\/\/promociondeeventos.sld.cu\/micologiamedica2023\/wp-json\/wp\/v2\/pages\/8\/revisions\/56"}],"wp:attachment":[{"href":"https:\/\/promociondeeventos.sld.cu\/micologiamedica2023\/wp-json\/wp\/v2\/media?parent=8"}],"curies":[{"name":"wp","href":"https:\/\/api.w.org\/{rel}","templated":true}]}}

Comité organizador

<ul>
<li style="text-align: justify;"><span style="font-family: times new roman, times, serif; font-size: 14pt;">Presidente:</span></li>
</ul>
<p style="text-align: justify;"><span style="font-family: times new roman, times, serif; font-size: 14pt;">Prof. María Teresa Illnait Zaragozí; IPK (<a href="mailto:mtilnait@ipk.sld.cu" target="_blank" rel="noopener">mtilnait@ipk.sld.cu</a>)</span></p>
<ul style="text-align: justify;">
<li><span style="font-family: times new roman, times, serif; font-size: 14pt;">Miembros:</span></li>
</ul>
<p style="text-align: justify;"><span style="font-family: times new roman, times, serif; font-size: 14pt;">Prof. Marta Ana Castro Peraza; IPK (<a href="mailto:martac@ipk.sld.cu" target="_blank" rel="noopener">martac@ipk.sld.cu</a>)</span></p>
<p style="text-align: justify;"><span style="font-family: times new roman, times, serif; font-size: 14pt;">Jorge Raúl Campo Diaz; IPK (<a href="mailto:jcampos@ipk.sld.cu" target="_blank" rel="noopener">jcampos@ipk.sld.cu</a>)</span></p>
<p style="text-align: justify;"><span style="font-family: times new roman, times, serif; font-size: 14pt;">Reynier González Lión; IPK (<a href="mailto:reynierglion@ipk.sld.cu" target="_blank" rel="noopener">reynierglion@ipk.sld.cu</a>)</span></p>
<p style="text-align: justify;"><span style="font-family: times new roman, times, serif; font-size: 14pt;">Dayma Medina Ascencio; IPK (<a href="mailto:daymam@ipk.sld.cu" target="_blank" rel="noopener">daymam@ipk.sld.cu</a>)</span></p>
<p style="text-align: justify;"><span style="font-family: times new roman, times, serif; font-size: 14pt;">Delmis Alvarez Gainza; IPK (<a href="mailto:delmis@ipk.sld.cu" target="_blank" rel="noopener">delmis@ipk.sld.cu</a>)</span></p>

<p>Presidente: Prof. María Teresa Illnait Zaragozí; IPK (mtilnait@ipk.sld.cu) Miembros: Prof. Marta Ana Castro Peraza; IPK (martac@ipk.sld.cu) Jorge Raúl Campo Diaz; IPK (jcampos@ipk.sld.cu) Reynier González Lión; IPK (reynierglion@ipk.sld.cu) Dayma Medina Ascencio; IPK (daymam@ipk.sld.cu) Delmis Alvarez Gainza; IPK (delmis@ipk.sld.cu)</p>
