{"id":3,"date":"2023-07-28T15:32:53","date_gmt":"2023-07-28T15:32:53","guid":{"rendered":"https:\/\/promociondeeventos.sld.cu\/micologiamedica2023\/?page_id=3"},"modified":"2023-09-15T17:19:11","modified_gmt":"2023-09-15T17:19:11","slug":"convocatoria","status":"publish","type":"page","link":"https:\/\/promociondeeventos.sld.cu\/micologiamedica2023\/","title":{"rendered":"Convocatoria"},"content":{"rendered":"<p style=\"text-align: justify\"><span style=\"font-size: 14pt;font-family: times new roman, times, serif\">La candidiasis sist\u00e9mica es sin duda la forma m\u00e1s grave de presentaci\u00f3n de esta micosis. Se estima que la tasa de mortalidad atribuible a esta causa oscila entre el 22 y el 33% de los pacientes con infecciones diseminadas y puede llegar al 71% en los inmunodeficientes, pudiendo constituir hasta el 15% de las infecciones nosocomiales. En Cuba, los resultados previos sobre candidemia son aleatorios por lo que se desconoce la verdadera magnitud de este fen\u00f3meno. Con el taller se pretende reforzar las bases te\u00f3ricas y pr\u00e1cticas para la implementaci\u00f3n de la vigilancia microbiol\u00f3gica de candidemias en pacientes hospitalizados en las unidades de salud de Cuba con vistas al dise\u00f1o de estrategias para su prevenci\u00f3n y control.<\/span><\/p>\n<p style=\"text-align: justify\"><a href=\"http:\/\/promociondeeventos.sld.cu\/micologiamedica2023\/files\/2023\/09\/Programa-V-Taller-de-Micologia-2023.10.4-6c.docx\" target=\"_blank\" rel=\"noopener\"><span style=\"font-size: 14pt\"><span style=\"font-family: times new roman, times, serif\">Programa general<\/span><\/span><\/a><\/p>\n","protected":false},"excerpt":{"rendered":"<p>La candidiasis sist\u00e9mica es sin duda la forma m\u00e1s grave de presentaci\u00f3n de esta micosis. Se estima que la tasa de mortalidad atribuible a esta causa oscila entre el 22 y el 33% de los pacientes con infecciones diseminadas y puede llegar al 71% en los inmunodeficientes, pudiendo constituir hasta el 15% de las infecciones [&hellip;]<\/p>\n","protected":false},"author":3262,"featured_media":0,"parent":0,"menu_order":0,"comment_status":"closed","ping_status":"closed","template":"","meta":[],"_links":{"self":[{"href":"https:\/\/promociondeeventos.sld.cu\/micologiamedica2023\/wp-json\/wp\/v2\/pages\/3"}],"collection":[{"href":"https:\/\/promociondeeventos.sld.cu\/micologiamedica2023\/wp-json\/wp\/v2\/pages"}],"about":[{"href":"https:\/\/promociondeeventos.sld.cu\/micologiamedica2023\/wp-json\/wp\/v2\/types\/page"}],"author":[{"embeddable":true,"href":"https:\/\/promociondeeventos.sld.cu\/micologiamedica2023\/wp-json\/wp\/v2\/users\/3262"}],"replies":[{"embeddable":true,"href":"https:\/\/promociondeeventos.sld.cu\/micologiamedica2023\/wp-json\/wp\/v2\/comments?post=3"}],"version-history":[{"count":11,"href":"https:\/\/promociondeeventos.sld.cu\/micologiamedica2023\/wp-json\/wp\/v2\/pages\/3\/revisions"}],"predecessor-version":[{"id":71,"href":"https:\/\/promociondeeventos.sld.cu\/micologiamedica2023\/wp-json\/wp\/v2\/pages\/3\/revisions\/71"}],"wp:attachment":[{"href":"https:\/\/promociondeeventos.sld.cu\/micologiamedica2023\/wp-json\/wp\/v2\/media?parent=3"}],"curies":[{"name":"wp","href":"https:\/\/api.w.org\/{rel}","templated":true}]}}

<p style="text-align: justify"><span style="font-size: 14pt;font-family: times new roman, times, serif">La candidiasis sistémica es sin duda la forma más grave de presentación de esta micosis. Se estima que la tasa de mortalidad atribuible a esta causa oscila entre el 22 y el 33% de los pacientes con infecciones diseminadas y puede llegar al 71% en los inmunodeficientes, pudiendo constituir hasta el 15% de las infecciones nosocomiales. En Cuba, los resultados previos sobre candidemia son aleatorios por lo que se desconoce la verdadera magnitud de este fenómeno. Con el taller se pretende reforzar las bases teóricas y prácticas para la implementación de la vigilancia microbiológica de candidemias en pacientes hospitalizados en las unidades de salud de Cuba con vistas al diseño de estrategias para su prevención y control.</span></p>
<p style="text-align: justify"><a href="http://promociondeeventos.sld.cu/micologiamedica2023/files/2023/09/Programa-V-Taller-de-Micologia-2023.10.4-6c.docx" target="_blank" rel="noopener"><span style="font-size: 14pt"><span style="font-family: times new roman, times, serif">Programa general</span></span></a></p>

<p>La candidiasis sistémica es sin duda la forma más grave de presentación de esta micosis. Se estima que la tasa de mortalidad atribuible a esta causa oscila entre el 22 y el 33% de los pacientes con infecciones diseminadas y puede llegar al 71% en los inmunodeficientes, pudiendo constituir hasta el 15% de las infecciones [&hellip;]</p>
