{"id":5,"date":"2023-03-14T17:49:48","date_gmt":"2023-03-14T17:49:48","guid":{"rendered":"https:\/\/promociondeeventos.sld.cu\/meningitisbacterianas2023\/?page_id=5"},"modified":"2023-03-14T17:53:13","modified_gmt":"2023-03-14T17:53:13","slug":"convocatoria","status":"publish","type":"page","link":"https:\/\/promociondeeventos.sld.cu\/meningitisbacterianas2023\/","title":{"rendered":"Convocatoria"},"content":{"rendered":"<p>El an\u00e1lisis retrospectivo del n\u00famero de casos de MB adquiridas en la comunidad en las que no se precisa el agente etiol\u00f3gico (Informes del Dpto. de Estad\u00edsticas Sanitarias del Minsap 2018-2022), as\u00ed como del n\u00famero de los aislados recibidos en los laboratorios nacionales de referencia en el IPK, de aquellos casos en que si se llega al diagn\u00f3stico, constituyen evidencias de cu\u00e1n deprimida se encuentran en Cuba las actividades de diagn\u00f3stico y vigilancia microbiol\u00f3gicas de estas. Para contribuir a su revitalizaci\u00f3n se propone la presente actividad formativa con la que se pretende un acercamiento al problema desde la perspectiva del laboratorio de Microbiolog\u00eda de la red nacional de salud en sus diferentes niveles.<\/p>\n","protected":false},"excerpt":{"rendered":"<p>El an\u00e1lisis retrospectivo del n\u00famero de casos de MB adquiridas en la comunidad en las que no se precisa el agente etiol\u00f3gico (Informes del Dpto. de Estad\u00edsticas Sanitarias del Minsap 2018-2022), as\u00ed como del n\u00famero de los aislados recibidos en los laboratorios nacionales de referencia en el IPK, de aquellos casos en que si se [&hellip;]<\/p>\n","protected":false},"author":3257,"featured_media":0,"parent":0,"menu_order":0,"comment_status":"closed","ping_status":"closed","template":"","meta":[],"_links":{"self":[{"href":"https:\/\/promociondeeventos.sld.cu\/meningitisbacterianas2023\/wp-json\/wp\/v2\/pages\/5"}],"collection":[{"href":"https:\/\/promociondeeventos.sld.cu\/meningitisbacterianas2023\/wp-json\/wp\/v2\/pages"}],"about":[{"href":"https:\/\/promociondeeventos.sld.cu\/meningitisbacterianas2023\/wp-json\/wp\/v2\/types\/page"}],"author":[{"embeddable":true,"href":"https:\/\/promociondeeventos.sld.cu\/meningitisbacterianas2023\/wp-json\/wp\/v2\/users\/3257"}],"replies":[{"embeddable":true,"href":"https:\/\/promociondeeventos.sld.cu\/meningitisbacterianas2023\/wp-json\/wp\/v2\/comments?post=5"}],"version-history":[{"count":2,"href":"https:\/\/promociondeeventos.sld.cu\/meningitisbacterianas2023\/wp-json\/wp\/v2\/pages\/5\/revisions"}],"predecessor-version":[{"id":20,"href":"https:\/\/promociondeeventos.sld.cu\/meningitisbacterianas2023\/wp-json\/wp\/v2\/pages\/5\/revisions\/20"}],"wp:attachment":[{"href":"https:\/\/promociondeeventos.sld.cu\/meningitisbacterianas2023\/wp-json\/wp\/v2\/media?parent=5"}],"curies":[{"name":"wp","href":"https:\/\/api.w.org\/{rel}","templated":true}]}}

<p>El análisis retrospectivo del número de casos de MB adquiridas en la comunidad en las que no se precisa el agente etiológico (Informes del Dpto. de Estadísticas Sanitarias del Minsap 2018-2022), así como del número de los aislados recibidos en los laboratorios nacionales de referencia en el IPK, de aquellos casos en que si se llega al diagnóstico, constituyen evidencias de cuán deprimida se encuentran en Cuba las actividades de diagnóstico y vigilancia microbiológicas de estas. Para contribuir a su revitalización se propone la presente actividad formativa con la que se pretende un acercamiento al problema desde la perspectiva del laboratorio de Microbiología de la red nacional de salud en sus diferentes niveles.</p>

<p>El análisis retrospectivo del número de casos de MB adquiridas en la comunidad en las que no se precisa el agente etiológico (Informes del Dpto. de Estadísticas Sanitarias del Minsap 2018-2022), así como del número de los aislados recibidos en los laboratorios nacionales de referencia en el IPK, de aquellos casos en que si se [&hellip;]</p>
