{"id":11,"date":"2023-03-14T17:51:34","date_gmt":"2023-03-14T17:51:34","guid":{"rendered":"https:\/\/promociondeeventos.sld.cu\/meningitisbacterianas2023\/?page_id=11"},"modified":"2023-03-20T16:53:18","modified_gmt":"2023-03-20T16:53:18","slug":"comite-organizador","status":"publish","type":"page","link":"https:\/\/promociondeeventos.sld.cu\/meningitisbacterianas2023\/comite-organizador\/","title":{"rendered":"Comit\u00e9 organizador"},"content":{"rendered":"<ul>\n<li>Presidente:<\/li>\n<\/ul>\n<p>Dr. C. \u00a0Gilda Teresa Tora\u00f1o Peraza IPK <a href=\"mailto:gilda@ipk.sld.cu\" target=\"_blank\" rel=\"noopener\">gilda@ipk.sld.cu<\/a><\/p>\n<ul>\n<li>Miembros:<\/li>\n<\/ul>\n<p>Dr. C.\u00a0 Mar\u00eda Teresa Illnait Zaragoz\u00ed IPK\u00a0 <a href=\"mtilnait@ipk.sld.cu\" target=\"_blank\" rel=\"noopener\">mtilnait@ipk.sld.cu<\/a><br \/>\nDr. Rafael Llanes Caballero IPK\u00a0 <a href=\"mailto:llanes@ipk.sld.cu\" target=\"_blank\" rel=\"noopener\">llanes@ipk.sld.cu<\/a><br \/>\nDr. Jos\u00e9 Ra\u00fal de Armas Minsap <a href=\"mailto:jrdearmas@infomed.sld.cu\" target=\"_blank\" rel=\"noopener\">jrdearmas@infomed.sld.cu<\/a><br \/>\nDr. C. Belsy Acosta Herrera Minsap <a href=\"mailto:bacosta@infomed.sld.cu\" target=\"_blank\" rel=\"noopener\">bacosta@infomed.sld.cu<\/a><\/p>\n<p>T\u00e9c. Jorge Ra\u00fal Campos Diaz IPK <a href=\"mailto:jcampos@ipk.sld.cu\" target=\"_blank\" rel=\"noopener\">jcampos@ipk.sld.cu<\/a><br \/>\nLic. Dayma Medina Asencio IPK\u00a0 <a href=\"mailto:daymam@ipk.sld.cu\" target=\"_blank\" rel=\"noopener\">daymam@ipk.sld.cu<\/a><\/p>\n","protected":false},"excerpt":{"rendered":"<p>Presidente: Dr. C. \u00a0Gilda Teresa Tora\u00f1o Peraza IPK gilda@ipk.sld.cu Miembros: Dr. C.\u00a0 Mar\u00eda Teresa Illnait Zaragoz\u00ed IPK\u00a0 mtilnait@ipk.sld.cu Dr. Rafael Llanes Caballero IPK\u00a0 llanes@ipk.sld.cu Dr. Jos\u00e9 Ra\u00fal de Armas Minsap jrdearmas@infomed.sld.cu Dr. C. Belsy Acosta Herrera Minsap bacosta@infomed.sld.cu T\u00e9c. Jorge Ra\u00fal Campos Diaz IPK jcampos@ipk.sld.cu Lic. Dayma Medina Asencio IPK\u00a0 daymam@ipk.sld.cu<\/p>\n","protected":false},"author":3257,"featured_media":0,"parent":0,"menu_order":0,"comment_status":"closed","ping_status":"closed","template":"","meta":[],"_links":{"self":[{"href":"https:\/\/promociondeeventos.sld.cu\/meningitisbacterianas2023\/wp-json\/wp\/v2\/pages\/11"}],"collection":[{"href":"https:\/\/promociondeeventos.sld.cu\/meningitisbacterianas2023\/wp-json\/wp\/v2\/pages"}],"about":[{"href":"https:\/\/promociondeeventos.sld.cu\/meningitisbacterianas2023\/wp-json\/wp\/v2\/types\/page"}],"author":[{"embeddable":true,"href":"https:\/\/promociondeeventos.sld.cu\/meningitisbacterianas2023\/wp-json\/wp\/v2\/users\/3257"}],"replies":[{"embeddable":true,"href":"https:\/\/promociondeeventos.sld.cu\/meningitisbacterianas2023\/wp-json\/wp\/v2\/comments?post=11"}],"version-history":[{"count":2,"href":"https:\/\/promociondeeventos.sld.cu\/meningitisbacterianas2023\/wp-json\/wp\/v2\/pages\/11\/revisions"}],"predecessor-version":[{"id":42,"href":"https:\/\/promociondeeventos.sld.cu\/meningitisbacterianas2023\/wp-json\/wp\/v2\/pages\/11\/revisions\/42"}],"wp:attachment":[{"href":"https:\/\/promociondeeventos.sld.cu\/meningitisbacterianas2023\/wp-json\/wp\/v2\/media?parent=11"}],"curies":[{"name":"wp","href":"https:\/\/api.w.org\/{rel}","templated":true}]}}