{"id":2,"date":"2025-10-22T22:43:09","date_gmt":"2025-10-22T22:43:09","guid":{"rendered":"https:\/\/promociondeeventos.sld.cu\/iisem-saludsexualreprod\/?page_id=2"},"modified":"2025-10-22T23:01:51","modified_gmt":"2025-10-22T23:01:51","slug":"pagina-ejemplo","status":"publish","type":"page","link":"https:\/\/promociondeeventos.sld.cu\/llsem-saludsexualreprod\/","title":{"rendered":"Convocatoria"},"content":{"rendered":"<p>El segundo seminario de Salud Sexual y Reproductiva (SSR) dirigido a los integrantes de los cap\u00edtulos de SOCUDEF y los responsables de reproducci\u00f3n asistida del pa\u00eds. En el encuentro se desarrollar\u00e1 una actualizaci\u00f3n sobre los diferentes temas de la SSR, con experiencias en Cuba y en otros pa\u00edses de la regi\u00f3n.<\/p>\n<p>Los conferencistas son profesores con experiencias en la SSR en Cuba y en los pa\u00edses de la Alianza F\u00d2S Feminista, ONG a la que pertenece SOCUDEF.<\/p>\n","protected":false},"excerpt":{"rendered":"<p>El segundo seminario de Salud Sexual y Reproductiva (SSR) dirigido a los integrantes de los cap\u00edtulos de SOCUDEF y los responsables de reproducci\u00f3n asistida del pa\u00eds. En el encuentro se desarrollar\u00e1 una actualizaci\u00f3n sobre los diferentes temas de la SSR, con experiencias en Cuba y en otros pa\u00edses de la regi\u00f3n. Los conferencistas son profesores [&hellip;]<\/p>\n","protected":false},"author":3315,"featured_media":0,"parent":0,"menu_order":0,"comment_status":"closed","ping_status":"open","template":"","meta":[],"_links":{"self":[{"href":"https:\/\/promociondeeventos.sld.cu\/llsem-saludsexualreprod\/wp-json\/wp\/v2\/pages\/2"}],"collection":[{"href":"https:\/\/promociondeeventos.sld.cu\/llsem-saludsexualreprod\/wp-json\/wp\/v2\/pages"}],"about":[{"href":"https:\/\/promociondeeventos.sld.cu\/llsem-saludsexualreprod\/wp-json\/wp\/v2\/types\/page"}],"author":[{"embeddable":true,"href":"https:\/\/promociondeeventos.sld.cu\/llsem-saludsexualreprod\/wp-json\/wp\/v2\/users\/3315"}],"replies":[{"embeddable":true,"href":"https:\/\/promociondeeventos.sld.cu\/llsem-saludsexualreprod\/wp-json\/wp\/v2\/comments?post=2"}],"version-history":[{"count":2,"href":"https:\/\/promociondeeventos.sld.cu\/llsem-saludsexualreprod\/wp-json\/wp\/v2\/pages\/2\/revisions"}],"predecessor-version":[{"id":5,"href":"https:\/\/promociondeeventos.sld.cu\/llsem-saludsexualreprod\/wp-json\/wp\/v2\/pages\/2\/revisions\/5"}],"wp:attachment":[{"href":"https:\/\/promociondeeventos.sld.cu\/llsem-saludsexualreprod\/wp-json\/wp\/v2\/media?parent=2"}],"curies":[{"name":"wp","href":"https:\/\/api.w.org\/{rel}","templated":true}]}}