{"id":24,"date":"2024-02-03T00:04:56","date_gmt":"2024-02-03T00:04:56","guid":{"rendered":"https:\/\/promociondeeventos.sld.cu\/leptospirosishabana2024\/?page_id=24"},"modified":"2024-05-06T13:17:10","modified_gmt":"2024-05-06T13:17:10","slug":"24-2","status":"publish","type":"page","link":"https:\/\/promociondeeventos.sld.cu\/leptospirosishabana2024\/24-2\/","title":{"rendered":"Inscripci\u00f3n"},"content":{"rendered":"<p><a href=\"http:\/\/promociondeeventos.sld.cu\/leptospirosishabana2024\/files\/2024\/03\/Formulario-de-Inscripcion-LEPTOSPIROSIS2024.doc\" target=\"_blank\" rel=\"noopener\">Descargar formulario de inscripci\u00f3n<\/a><\/p>\n<p>Mayor informaci\u00f3n del curso internacional estar\u00e1 disponible en el sitio web del evento <a href=\"https:\/\/promociondeeventos.sld.cu\/leptospirosishabana2022\/\">https:\/\/promociondeeventos.sld.cu\/leptospirosishabana2024\/<\/a><\/p>\n<p>Idiomas oficiales: los idiomas oficiales ser\u00e1n el Espa\u00f1ol e Ingl\u00e9s<\/p>\n<p>Costo para participantes extranjeros 100.00 USD<\/p>\n<p>Para los participantes cubanos es gratis.<\/p>\n<p>Registro: las personas interesadas pueden aplicar completando los datos que aparecen debajo, antes del 15 de mayo, 2024<\/p>\n<p>Registro, env\u00ede sus datos a:<\/p>\n<p><a href=\"mailto:amobregon@ipk.sld.cu\">amobregon@ipk.sld.cu<\/a><\/p>\n<p><a href=\"mailto:Odisney@ipk.sld.cu\">odisney@ipk.sld.cu<\/a><\/p>\n<table>\n<tbody>\n<tr>\n<td width=\"638\">Apellido \/ Last Name:Nombres \/ First Name:Instituci\u00f3n \/Mailing Address:Ciudad \/ City:<\/p>\n<p>C\u00f3digo postal \/ Postal Code:<\/p>\n<p>Pa\u00eds \/ Country:<\/p>\n<p>Tel\u00e9fono \/ Phone:<\/p>\n<p>E-mail:<\/td>\n<\/tr>\n<\/tbody>\n<\/table>\n","protected":false},"excerpt":{"rendered":"<p>Descargar formulario de inscripci\u00f3n Mayor informaci\u00f3n del curso internacional estar\u00e1 disponible en el sitio web del evento https:\/\/promociondeeventos.sld.cu\/leptospirosishabana2024\/ Idiomas oficiales: los idiomas oficiales ser\u00e1n el Espa\u00f1ol e Ingl\u00e9s Costo para participantes extranjeros 100.00 USD Para los participantes cubanos es gratis. Registro: las personas interesadas pueden aplicar completando los datos que aparecen debajo, antes del 15 [&hellip;]<\/p>\n","protected":false},"author":4,"featured_media":0,"parent":0,"menu_order":0,"comment_status":"closed","ping_status":"closed","template":"","meta":[],"_links":{"self":[{"href":"https:\/\/promociondeeventos.sld.cu\/leptospirosishabana2024\/wp-json\/wp\/v2\/pages\/24"}],"collection":[{"href":"https:\/\/promociondeeventos.sld.cu\/leptospirosishabana2024\/wp-json\/wp\/v2\/pages"}],"about":[{"href":"https:\/\/promociondeeventos.sld.cu\/leptospirosishabana2024\/wp-json\/wp\/v2\/types\/page"}],"author":[{"embeddable":true,"href":"https:\/\/promociondeeventos.sld.cu\/leptospirosishabana2024\/wp-json\/wp\/v2\/users\/4"}],"replies":[{"embeddable":true,"href":"https:\/\/promociondeeventos.sld.cu\/leptospirosishabana2024\/wp-json\/wp\/v2\/comments?post=24"}],"version-history":[{"count":6,"href":"https:\/\/promociondeeventos.sld.cu\/leptospirosishabana2024\/wp-json\/wp\/v2\/pages\/24\/revisions"}],"predecessor-version":[{"id":64,"href":"https:\/\/promociondeeventos.sld.cu\/leptospirosishabana2024\/wp-json\/wp\/v2\/pages\/24\/revisions\/64"}],"wp:attachment":[{"href":"https:\/\/promociondeeventos.sld.cu\/leptospirosishabana2024\/wp-json\/wp\/v2\/media?parent=24"}],"curies":[{"name":"wp","href":"https:\/\/api.w.org\/{rel}","templated":true}]}}